{"id":26062,"date":"2023-10-15T15:19:52","date_gmt":"2023-10-15T16:28:17","guid":{"rendered":"https:\/\/www.finsdesiecles-artdeco.com\/?post_type=product&#038;p=26062"},"modified":"2023-12-01T22:25:14","modified_gmt":"2023-12-01T22:25:14","slug":"table-et-chaises-art-deco-par-de-coene-belgique-1935","status":"publish","type":"product","link":"https:\/\/www.finsdesiecles-artdeco.com\/fr\/product\/table-et-chaises-art-deco-par-de-coene-belgique-1935\/","title":{"rendered":"Table et chaises Art D\u00e9co par De Coene &#8211; Belgique 1935"},"content":{"rendered":"<p>Table et chaises Art D\u00e9co par De Coene &#8211; Belgique 1935<\/p>\n<p><strong>Dimensions<\/strong><\/p>\n<p><strong>1 \u2013 Table<\/strong><\/p>\n<p><strong>cm<\/strong>\u00a070 x 50 x 71<\/p>\n<p><strong>inches<\/strong>\u00a027.56 x 19.68 x 27.95<\/p>\n<p><strong>2 \u2013 Chaise<\/strong><\/p>\n<p><strong>cm<\/strong> 43 x 47 x 81 \u2013 47 (assise)<\/p>\n<p><strong>inches<\/strong> 16.93 x 18.50 x 31.89 \u2013 18.50 (assise)<\/p>\n","protected":false},"excerpt":{"rendered":"<p>Table et deux chaises Art D\u00e9co, laqu\u00e9es ivoire satin\u00e9, tissu Art D\u00e9co d&rsquo;\u00e9poque, design et r\u00e9alisation de De Coene Fr\u00e8res.<\/p>\n<p>Courtrai, Belgique vers 1935<\/p>\n<p>&nbsp;<\/p>\n<p><strong>Dimensions<\/strong><\/p>\n<p><strong>1 \u2013 Table<\/strong><\/p>\n<p><strong>cm<\/strong>\u00a070 x 50 x 71<\/p>\n<p><strong>inches<\/strong>\u00a027.56 x 19.68 x 27.95<\/p>\n<p><strong>2 \u2013 Chaise<\/strong><\/p>\n<p><strong>cm<\/strong> 43 x 47 x 81 \u2013 47 (assise)<\/p>\n<p><strong>inches<\/strong> 16.93 x 18.50 x 31.89 \u2013 18.50 (assise)<\/p>\n<p>&nbsp;<\/p>\n<p>&nbsp;<\/p>\n","protected":false},"featured_media":26021,"template":"","meta":{"_editorskit_title_hidden":false,"_editorskit_reading_time":0,"_editorskit_is_block_options_detached":false,"_editorskit_block_options_position":"{}","inline_featured_image":false},"product_brand":[],"product_cat":[257,279],"product_tag":[],"class_list":{"0":"post-26062","1":"product","2":"type-product","3":"status-publish","4":"has-post-thumbnail","6":"product_cat-gueridons","7":"product_cat-chaises","9":"first","10":"instock","11":"shipping-taxable","12":"purchasable","13":"product-type-simple"},"_links":{"self":[{"href":"https:\/\/www.finsdesiecles-artdeco.com\/fr\/wp-json\/wp\/v2\/product\/26062","targetHints":{"allow":["GET"]}}],"collection":[{"href":"https:\/\/www.finsdesiecles-artdeco.com\/fr\/wp-json\/wp\/v2\/product"}],"about":[{"href":"https:\/\/www.finsdesiecles-artdeco.com\/fr\/wp-json\/wp\/v2\/types\/product"}],"wp:featuredmedia":[{"embeddable":true,"href":"https:\/\/www.finsdesiecles-artdeco.com\/fr\/wp-json\/wp\/v2\/media\/26021"}],"wp:attachment":[{"href":"https:\/\/www.finsdesiecles-artdeco.com\/fr\/wp-json\/wp\/v2\/media?parent=26062"}],"wp:term":[{"taxonomy":"product_brand","embeddable":true,"href":"https:\/\/www.finsdesiecles-artdeco.com\/fr\/wp-json\/wp\/v2\/product_brand?post=26062"},{"taxonomy":"product_cat","embeddable":true,"href":"https:\/\/www.finsdesiecles-artdeco.com\/fr\/wp-json\/wp\/v2\/product_cat?post=26062"},{"taxonomy":"product_tag","embeddable":true,"href":"https:\/\/www.finsdesiecles-artdeco.com\/fr\/wp-json\/wp\/v2\/product_tag?post=26062"}],"curies":[{"name":"wp","href":"https:\/\/api.w.org\/{rel}","templated":true}]}}

Table et chaises Art Déco par De Coene &#8211; Belgique 1935

<p>Table et chaises Art Déco par De Coene &#8211; Belgique 1935</p>
<p><strong>Dimensions</strong></p>
<p><strong>1 – Table</strong></p>
<p><strong>cm</strong> 70 x 50 x 71</p>
<p><strong>inches</strong> 27.56 x 19.68 x 27.95</p>
<p><strong>2 – Chaise</strong></p>
<p><strong>cm</strong> 43 x 47 x 81 – 47 (assise)</p>
<p><strong>inches</strong> 16.93 x 18.50 x 31.89 – 18.50 (assise)</p>

<p>Table et deux chaises Art Déco, laquées ivoire satiné, tissu Art Déco d&rsquo;époque, design et réalisation de De Coene Frères.</p>
<p>Courtrai, Belgique vers 1935</p>
<p>&nbsp;</p>
<p><strong>Dimensions</strong></p>
<p><strong>1 – Table</strong></p>
<p><strong>cm</strong> 70 x 50 x 71</p>
<p><strong>inches</strong> 27.56 x 19.68 x 27.95</p>
<p><strong>2 – Chaise</strong></p>
<p><strong>cm</strong> 43 x 47 x 81 – 47 (assise)</p>
<p><strong>inches</strong> 16.93 x 18.50 x 31.89 – 18.50 (assise)</p>
<p>&nbsp;</p>
<p>&nbsp;</p>
