{"id":26451,"date":"2023-11-06T13:02:13","date_gmt":"2023-11-06T13:09:09","guid":{"rendered":"https:\/\/www.finsdesiecles-artdeco.com\/?post_type=product&#038;p=26451"},"modified":"2023-11-06T13:09:09","modified_gmt":"2023-11-06T13:09:09","slug":"meuble-haut-art-deco-france-1930","status":"publish","type":"product","link":"https:\/\/www.finsdesiecles-artdeco.com\/fr\/product\/meuble-haut-art-deco-france-1930\/","title":{"rendered":"Meuble haut Art D\u00e9co &#8211; France 1930"},"content":{"rendered":"<p>Meuble haut Art D\u00e9co &#8211; France 1930<\/p>\n<p><strong>Dimensions<\/strong><\/p>\n<p><strong>cm<\/strong>\u00a070 x 46 x 170<\/p>\n<p><strong>inches<\/strong>\u00a027.56 x 18.11 x 66.93<\/p>\n","protected":false},"excerpt":{"rendered":"<p>Meuble haut Art D\u00e9co en acajou massif et ronce d&rsquo;acajou ouvrant par 4 portes sur 2 compartiments de rangement, poign\u00e9es en m\u00e9tal nickel\u00e9 patin\u00e9es. Vernis au tampon.<\/p>\n<p>France vers 1930.<\/p>\n<p>&nbsp;<\/p>\n<p><strong>Dimensions<\/strong><\/p>\n<p><strong>cm<\/strong>\u00a070 x 46 x 170<\/p>\n<p><strong>inches<\/strong>\u00a027.56 x 18.11 x 66.93<\/p>\n<p>&nbsp;<\/p>\n<p>&nbsp;<\/p>\n","protected":false},"featured_media":26433,"template":"","meta":{"_editorskit_title_hidden":false,"_editorskit_reading_time":0,"_editorskit_is_block_options_detached":false,"_editorskit_block_options_position":"{}","inline_featured_image":false},"product_brand":[],"product_cat":[415,691,309],"product_tag":[],"class_list":{"0":"post-26451","1":"product","2":"type-product","3":"status-publish","4":"has-post-thumbnail","6":"product_cat-meubles-de-rangement","7":"product_cat-cabinets-2-fr","8":"product_cat-armoires","10":"first","11":"instock","12":"shipping-taxable","13":"purchasable","14":"product-type-simple"},"_links":{"self":[{"href":"https:\/\/www.finsdesiecles-artdeco.com\/fr\/wp-json\/wp\/v2\/product\/26451","targetHints":{"allow":["GET"]}}],"collection":[{"href":"https:\/\/www.finsdesiecles-artdeco.com\/fr\/wp-json\/wp\/v2\/product"}],"about":[{"href":"https:\/\/www.finsdesiecles-artdeco.com\/fr\/wp-json\/wp\/v2\/types\/product"}],"wp:featuredmedia":[{"embeddable":true,"href":"https:\/\/www.finsdesiecles-artdeco.com\/fr\/wp-json\/wp\/v2\/media\/26433"}],"wp:attachment":[{"href":"https:\/\/www.finsdesiecles-artdeco.com\/fr\/wp-json\/wp\/v2\/media?parent=26451"}],"wp:term":[{"taxonomy":"product_brand","embeddable":true,"href":"https:\/\/www.finsdesiecles-artdeco.com\/fr\/wp-json\/wp\/v2\/product_brand?post=26451"},{"taxonomy":"product_cat","embeddable":true,"href":"https:\/\/www.finsdesiecles-artdeco.com\/fr\/wp-json\/wp\/v2\/product_cat?post=26451"},{"taxonomy":"product_tag","embeddable":true,"href":"https:\/\/www.finsdesiecles-artdeco.com\/fr\/wp-json\/wp\/v2\/product_tag?post=26451"}],"curies":[{"name":"wp","href":"https:\/\/api.w.org\/{rel}","templated":true}]}}

Meuble haut Art Déco &#8211; France 1930

<p>Meuble haut Art Déco &#8211; France 1930</p>
<p><strong>Dimensions</strong></p>
<p><strong>cm</strong> 70 x 46 x 170</p>
<p><strong>inches</strong> 27.56 x 18.11 x 66.93</p>

<p>Meuble haut Art Déco en acajou massif et ronce d&rsquo;acajou ouvrant par 4 portes sur 2 compartiments de rangement, poignées en métal nickelé patinées. Vernis au tampon.</p>
<p>France vers 1930.</p>
<p>&nbsp;</p>
<p><strong>Dimensions</strong></p>
<p><strong>cm</strong> 70 x 46 x 170</p>
<p><strong>inches</strong> 27.56 x 18.11 x 66.93</p>
<p>&nbsp;</p>
<p>&nbsp;</p>
