{"id":26950,"date":"2023-12-14T12:58:35","date_gmt":"2023-12-14T13:03:27","guid":{"rendered":"https:\/\/www.finsdesiecles-artdeco.com\/?post_type=product&#038;p=26950"},"modified":"2023-12-14T13:03:27","modified_gmt":"2023-12-14T13:03:27","slug":"paire-de-petits-fauteuils-bas-italie-1940","status":"publish","type":"product","link":"https:\/\/www.finsdesiecles-artdeco.com\/fr\/product\/paire-de-petits-fauteuils-bas-italie-1940\/","title":{"rendered":"\u200bPaire de petits fauteuils bas &#8211; Italie 1940"},"content":{"rendered":"<p>\u200bPaire de petits fauteuils bas &#8211; Italie 1940<\/p>\n<p><strong>Dimensions<\/strong><\/p>\n<p><strong>cm<\/strong> 62 x 71,5 x 75\/42 (assise)<\/p>\n<p><strong>inches<\/strong> 24.41 x 28.15 x 29.53\/16.53 (assise)<\/p>\n","protected":false},"excerpt":{"rendered":"<p>\u200bPaire de petits fauteuils bas, pieds en acajou massif, garnissage et tapisserie refaits enti\u00e8rement \u00e0 neuf, tissu bouclette blanc cass\u00e9.<\/p>\n<p>Italie vers 1940.<\/p>\n<p>&nbsp;<\/p>\n<p><strong>Dimensions<\/strong><\/p>\n<p><strong>cm<\/strong> 62 x 71,5 x 75\/42 (assise)<\/p>\n<p><strong>inches<\/strong> 24.41 x 28.15 x 29.53\/16.53 (assise)<\/p>\n<p>&nbsp;<\/p>\n<p>&nbsp;<\/p>\n","protected":false},"featured_media":26924,"template":"","meta":{"_editorskit_title_hidden":false,"_editorskit_reading_time":0,"_editorskit_is_block_options_detached":false,"_editorskit_block_options_position":"{}","inline_featured_image":false},"product_brand":[],"product_cat":[250,251],"product_tag":[],"class_list":{"0":"post-26950","1":"product","2":"type-product","3":"status-publish","4":"has-post-thumbnail","6":"product_cat-sieges","7":"product_cat-fauteuils","9":"first","10":"instock","11":"shipping-taxable","12":"purchasable","13":"product-type-simple"},"_links":{"self":[{"href":"https:\/\/www.finsdesiecles-artdeco.com\/fr\/wp-json\/wp\/v2\/product\/26950","targetHints":{"allow":["GET"]}}],"collection":[{"href":"https:\/\/www.finsdesiecles-artdeco.com\/fr\/wp-json\/wp\/v2\/product"}],"about":[{"href":"https:\/\/www.finsdesiecles-artdeco.com\/fr\/wp-json\/wp\/v2\/types\/product"}],"wp:featuredmedia":[{"embeddable":true,"href":"https:\/\/www.finsdesiecles-artdeco.com\/fr\/wp-json\/wp\/v2\/media\/26924"}],"wp:attachment":[{"href":"https:\/\/www.finsdesiecles-artdeco.com\/fr\/wp-json\/wp\/v2\/media?parent=26950"}],"wp:term":[{"taxonomy":"product_brand","embeddable":true,"href":"https:\/\/www.finsdesiecles-artdeco.com\/fr\/wp-json\/wp\/v2\/product_brand?post=26950"},{"taxonomy":"product_cat","embeddable":true,"href":"https:\/\/www.finsdesiecles-artdeco.com\/fr\/wp-json\/wp\/v2\/product_cat?post=26950"},{"taxonomy":"product_tag","embeddable":true,"href":"https:\/\/www.finsdesiecles-artdeco.com\/fr\/wp-json\/wp\/v2\/product_tag?post=26950"}],"curies":[{"name":"wp","href":"https:\/\/api.w.org\/{rel}","templated":true}]}}

<p>​Paire de petits fauteuils bas, pieds en acajou massif, garnissage et tapisserie refaits entièrement à neuf, tissu bouclette blanc cassé.</p>
<p>Italie vers 1940.</p>
<p>&nbsp;</p>
<p><strong>Dimensions</strong></p>
<p><strong>cm</strong> 62 x 71,5 x 75/42 (assise)</p>
<p><strong>inches</strong> 24.41 x 28.15 x 29.53/16.53 (assise)</p>
<p>&nbsp;</p>
<p>&nbsp;</p>
