{"id":27736,"date":"2024-02-01T16:43:22","date_gmt":"2024-02-01T16:51:43","guid":{"rendered":"https:\/\/www.finsdesiecles-artdeco.com\/?post_type=product&#038;p=27736"},"modified":"2024-02-01T17:00:48","modified_gmt":"2024-02-01T17:00:48","slug":"miroir-par-cattelan-pour-cidue-italie-1970","status":"publish","type":"product","link":"https:\/\/www.finsdesiecles-artdeco.com\/fr\/product\/miroir-par-cattelan-pour-cidue-italie-1970\/","title":{"rendered":"Miroir par Cattelan pour Cidue &#8211; Italie 1970"},"content":{"rendered":"<p>Miroir par Cattelan pour Cidue &#8211; Italie 1970<\/p>\n<p><strong>Dimensions<\/strong><\/p>\n<p><strong>cm<\/strong>\u00a070 x 2 x 70<\/p>\n<p><strong>inches<\/strong>\u00a027.56 x 0.79 x 27.56<\/p>\n","protected":false},"excerpt":{"rendered":"<p>Miroir \u00e0 encadrement en m\u00e9tal chrom\u00e9. Tr\u00e8s belle qualit\u00e9.<br \/>\nDesign Giorgio Cattelan pour Cidue.<br \/>\nItalie vers 1970<\/p>\n<p>&nbsp;<\/p>\n<p><strong>Dimensions<\/strong><\/p>\n<p><strong>cm<\/strong>\u00a070 x 2 x 70<\/p>\n<p><strong>inches<\/strong>\u00a027.56 x 0.79 x 27.56<\/p>\n","protected":false},"featured_media":27716,"template":"","meta":{"_editorskit_title_hidden":false,"_editorskit_reading_time":0,"_editorskit_is_block_options_detached":false,"_editorskit_block_options_position":"{}","inline_featured_image":false},"product_brand":[],"product_cat":[454,342],"product_tag":[],"class_list":{"0":"post-27736","1":"product","2":"type-product","3":"status-publish","4":"has-post-thumbnail","6":"product_cat-miroirs-fr","7":"product_cat-miroirs","9":"first","10":"instock","11":"shipping-taxable","12":"purchasable","13":"product-type-simple"},"_links":{"self":[{"href":"https:\/\/www.finsdesiecles-artdeco.com\/fr\/wp-json\/wp\/v2\/product\/27736","targetHints":{"allow":["GET"]}}],"collection":[{"href":"https:\/\/www.finsdesiecles-artdeco.com\/fr\/wp-json\/wp\/v2\/product"}],"about":[{"href":"https:\/\/www.finsdesiecles-artdeco.com\/fr\/wp-json\/wp\/v2\/types\/product"}],"wp:featuredmedia":[{"embeddable":true,"href":"https:\/\/www.finsdesiecles-artdeco.com\/fr\/wp-json\/wp\/v2\/media\/27716"}],"wp:attachment":[{"href":"https:\/\/www.finsdesiecles-artdeco.com\/fr\/wp-json\/wp\/v2\/media?parent=27736"}],"wp:term":[{"taxonomy":"product_brand","embeddable":true,"href":"https:\/\/www.finsdesiecles-artdeco.com\/fr\/wp-json\/wp\/v2\/product_brand?post=27736"},{"taxonomy":"product_cat","embeddable":true,"href":"https:\/\/www.finsdesiecles-artdeco.com\/fr\/wp-json\/wp\/v2\/product_cat?post=27736"},{"taxonomy":"product_tag","embeddable":true,"href":"https:\/\/www.finsdesiecles-artdeco.com\/fr\/wp-json\/wp\/v2\/product_tag?post=27736"}],"curies":[{"name":"wp","href":"https:\/\/api.w.org\/{rel}","templated":true}]}}

<p>Miroir à encadrement en métal chromé. Très belle qualité.<br />
Design Giorgio Cattelan pour Cidue.<br />
Italie vers 1970</p>
<p>&nbsp;</p>
<p><strong>Dimensions</strong></p>
<p><strong>cm</strong> 70 x 2 x 70</p>
<p><strong>inches</strong> 27.56 x 0.79 x 27.56</p>
