{"id":28232,"date":"2024-02-27T17:42:08","date_gmt":"2024-02-27T17:59:38","guid":{"rendered":"https:\/\/www.finsdesiecles-artdeco.com\/?post_type=product&#038;p=28232"},"modified":"2024-02-27T17:59:39","modified_gmt":"2024-02-27T17:59:39","slug":"chariot-desserte-france-1950","status":"publish","type":"product","link":"https:\/\/www.finsdesiecles-artdeco.com\/fr\/product\/chariot-desserte-france-1950\/","title":{"rendered":"Chariot-desserte &#8211; France 1950"},"content":{"rendered":"<p>Chariot-desserte &#8211; France 1950<\/p>\n<p><strong>Dimensions<\/strong><\/p>\n<p><strong>Total\u00a0<\/strong><\/p>\n<p><strong>cm<\/strong>\u00a081 x 41,5 x 76,5<\/p>\n<p><strong>inches<\/strong>\u00a031.89 x 16.34 x 30.12<\/p>\n<p><strong>Plateau<\/strong><\/p>\n<p><strong>cm<\/strong>\u00a060 x 35,5 x 10<\/p>\n<p><strong>inches<\/strong>\u00a023.62 x 13.98 x 3.93<\/p>\n","protected":false},"excerpt":{"rendered":"<p>Chariot-desserte en m\u00e9tal nickel\u00e9, base en opaline noire, plateau sup\u00e9rieur amovible recouvert d&rsquo;une glace.<\/p>\n<p>France vers 1950<\/p>\n<p>&nbsp;<\/p>\n<p><strong>Dimensions<\/strong><\/p>\n<p><strong>Total\u00a0<\/strong><\/p>\n<p><strong>cm<\/strong>\u00a081 x 41,5 x 76,5<\/p>\n<p><strong>inches<\/strong>\u00a031.89 x 16.34 x 30.12<\/p>\n<p><strong>Plateau<\/strong><\/p>\n<p><strong>cm<\/strong>\u00a060 x 35,5 x 10<\/p>\n<p><strong>inches<\/strong>\u00a023.62 x 13.98 x 3.93<\/p>\n<p>&nbsp;<\/p>\n<p>&nbsp;<\/p>\n","protected":false},"featured_media":28203,"template":"","meta":{"_editorskit_title_hidden":false,"_editorskit_reading_time":0,"_editorskit_is_block_options_detached":false,"_editorskit_block_options_position":"{}","inline_featured_image":false},"product_brand":[],"product_cat":[276,321],"product_tag":[],"class_list":{"0":"post-28232","1":"product","2":"type-product","3":"status-publish","4":"has-post-thumbnail","6":"product_cat-auxiliaires","7":"product_cat-dessertes","9":"first","10":"outofstock","11":"shipping-taxable","12":"product-type-simple"},"_links":{"self":[{"href":"https:\/\/www.finsdesiecles-artdeco.com\/fr\/wp-json\/wp\/v2\/product\/28232","targetHints":{"allow":["GET"]}}],"collection":[{"href":"https:\/\/www.finsdesiecles-artdeco.com\/fr\/wp-json\/wp\/v2\/product"}],"about":[{"href":"https:\/\/www.finsdesiecles-artdeco.com\/fr\/wp-json\/wp\/v2\/types\/product"}],"wp:featuredmedia":[{"embeddable":true,"href":"https:\/\/www.finsdesiecles-artdeco.com\/fr\/wp-json\/wp\/v2\/media\/28203"}],"wp:attachment":[{"href":"https:\/\/www.finsdesiecles-artdeco.com\/fr\/wp-json\/wp\/v2\/media?parent=28232"}],"wp:term":[{"taxonomy":"product_brand","embeddable":true,"href":"https:\/\/www.finsdesiecles-artdeco.com\/fr\/wp-json\/wp\/v2\/product_brand?post=28232"},{"taxonomy":"product_cat","embeddable":true,"href":"https:\/\/www.finsdesiecles-artdeco.com\/fr\/wp-json\/wp\/v2\/product_cat?post=28232"},{"taxonomy":"product_tag","embeddable":true,"href":"https:\/\/www.finsdesiecles-artdeco.com\/fr\/wp-json\/wp\/v2\/product_tag?post=28232"}],"curies":[{"name":"wp","href":"https:\/\/api.w.org\/{rel}","templated":true}]}}

<p>Chariot-desserte en métal nickelé, base en opaline noire, plateau supérieur amovible recouvert d&rsquo;une glace.</p>
<p>France vers 1950</p>
<p>&nbsp;</p>
<p><strong>Dimensions</strong></p>
<p><strong>Total </strong></p>
<p><strong>cm</strong> 81 x 41,5 x 76,5</p>
<p><strong>inches</strong> 31.89 x 16.34 x 30.12</p>
<p><strong>Plateau</strong></p>
<p><strong>cm</strong> 60 x 35,5 x 10</p>
<p><strong>inches</strong> 23.62 x 13.98 x 3.93</p>
<p>&nbsp;</p>
<p>&nbsp;</p>
