{"id":28520,"date":"2024-03-13T17:52:38","date_gmt":"2024-03-13T17:59:07","guid":{"rendered":"https:\/\/www.finsdesiecles-artdeco.com\/?post_type=product&#038;p=28520"},"modified":"2024-03-13T17:59:07","modified_gmt":"2024-03-13T17:59:07","slug":"meuble-bar-italie-1940","status":"publish","type":"product","link":"https:\/\/www.finsdesiecles-artdeco.com\/fr\/product\/meuble-bar-italie-1940\/","title":{"rendered":"Meuble bar &#8211; Italie 1940"},"content":{"rendered":"<p>Meuble bar &#8211; Italie 1940<\/p>\n<p><strong>Dimensions<\/strong><\/p>\n<p><strong>cm<\/strong>\u00a064,5 x 40 x 151<\/p>\n<p><strong>inches<\/strong>\u00a025.39 x 15.75 x 59.45<\/p>\n","protected":false},"excerpt":{"rendered":"<p>Meuble-bar en bois plaqu\u00e9 d&rsquo;acajou et d\u00e9cor\u00e9 d&rsquo;un liser\u00e9 de marqueterie d&rsquo;\u00e9rable et d&rsquo;\u00e9b\u00e8ne ouvrant sur deux compartiments en \u00e9rable. Poign\u00e9es et sabots en laiton poli.<\/p>\n<p>Italie vers 1940<\/p>\n<p>&nbsp;<\/p>\n<p><strong>Dimensions<\/strong><\/p>\n<p><strong>cm<\/strong>\u00a064,5 x 40 x 151<\/p>\n<p><strong>inches<\/strong>\u00a025.39 x 15.75 x 59.45<\/p>\n","protected":false},"featured_media":28487,"template":"","meta":{"_editorskit_title_hidden":false,"_editorskit_reading_time":0,"_editorskit_is_block_options_detached":false,"_editorskit_block_options_position":"{}","inline_featured_image":false},"product_brand":[],"product_cat":[276,318],"product_tag":[],"class_list":{"0":"post-28520","1":"product","2":"type-product","3":"status-publish","4":"has-post-thumbnail","6":"product_cat-auxiliaires","7":"product_cat-meubles-bar","9":"first","10":"instock","11":"shipping-taxable","12":"purchasable","13":"product-type-simple"},"_links":{"self":[{"href":"https:\/\/www.finsdesiecles-artdeco.com\/fr\/wp-json\/wp\/v2\/product\/28520","targetHints":{"allow":["GET"]}}],"collection":[{"href":"https:\/\/www.finsdesiecles-artdeco.com\/fr\/wp-json\/wp\/v2\/product"}],"about":[{"href":"https:\/\/www.finsdesiecles-artdeco.com\/fr\/wp-json\/wp\/v2\/types\/product"}],"wp:featuredmedia":[{"embeddable":true,"href":"https:\/\/www.finsdesiecles-artdeco.com\/fr\/wp-json\/wp\/v2\/media\/28487"}],"wp:attachment":[{"href":"https:\/\/www.finsdesiecles-artdeco.com\/fr\/wp-json\/wp\/v2\/media?parent=28520"}],"wp:term":[{"taxonomy":"product_brand","embeddable":true,"href":"https:\/\/www.finsdesiecles-artdeco.com\/fr\/wp-json\/wp\/v2\/product_brand?post=28520"},{"taxonomy":"product_cat","embeddable":true,"href":"https:\/\/www.finsdesiecles-artdeco.com\/fr\/wp-json\/wp\/v2\/product_cat?post=28520"},{"taxonomy":"product_tag","embeddable":true,"href":"https:\/\/www.finsdesiecles-artdeco.com\/fr\/wp-json\/wp\/v2\/product_tag?post=28520"}],"curies":[{"name":"wp","href":"https:\/\/api.w.org\/{rel}","templated":true}]}}

<p>Meuble-bar en bois plaqué d&rsquo;acajou et décoré d&rsquo;un liseré de marqueterie d&rsquo;érable et d&rsquo;ébène ouvrant sur deux compartiments en érable. Poignées et sabots en laiton poli.</p>
<p>Italie vers 1940</p>
<p>&nbsp;</p>
<p><strong>Dimensions</strong></p>
<p><strong>cm</strong> 64,5 x 40 x 151</p>
<p><strong>inches</strong> 25.39 x 15.75 x 59.45</p>
