{"id":28540,"date":"2024-03-13T18:17:01","date_gmt":"2024-03-13T18:22:43","guid":{"rendered":"https:\/\/www.finsdesiecles-artdeco.com\/?post_type=product&#038;p=28540"},"modified":"2024-03-13T18:22:43","modified_gmt":"2024-03-13T18:22:43","slug":"centre-de-table-ou-miroir-art-deco-france-1930","status":"publish","type":"product","link":"https:\/\/www.finsdesiecles-artdeco.com\/fr\/product\/centre-de-table-ou-miroir-art-deco-france-1930\/","title":{"rendered":"Centre de table ou miroir Art D\u00e9co &#8211; France 1930"},"content":{"rendered":"<p>Centre de table ou miroir Art D\u00e9co &#8211; France 1930<\/p>\n<p><strong>Dimensions<\/strong><\/p>\n<p><strong>cm<\/strong>\u00a061,5 x 51 x 4,5<\/p>\n<p><strong>inches<\/strong>\u00a024.21 x 20.08 x 1.77<\/p>\n","protected":false},"excerpt":{"rendered":"<p>Centre de table ovale ou miroir Art d\u00e9co \u00e0 encadrement en bois plaqu\u00e9 de noyer et d&rsquo;\u00e9b\u00e8ne de Macassar verni au tampon et d\u00b4\u00e9l\u00e9ments d\u00e9coratifs en m\u00e9tal chrom\u00e9.<\/p>\n<p>France vers 1930<\/p>\n<p>&nbsp;<\/p>\n<p><strong>Dimensions<\/strong><\/p>\n<p><strong>cm<\/strong>\u00a061,5 x 51 x 4,5<\/p>\n<p><strong>inches<\/strong>\u00a024.21 x 20.08 x 1.77<\/p>\n","protected":false},"featured_media":28526,"template":"","meta":{"_editorskit_title_hidden":false,"_editorskit_reading_time":0,"_editorskit_is_block_options_detached":false,"_editorskit_block_options_position":"{}","inline_featured_image":false},"product_brand":[],"product_cat":[454,464,342,267],"product_tag":[],"class_list":{"0":"post-28540","1":"product","2":"type-product","3":"status-publish","4":"has-post-thumbnail","6":"product_cat-miroirs-fr","7":"product_cat-objets-decoratifs","8":"product_cat-miroirs","9":"product_cat-objets-et-accessoires","11":"first","12":"instock","13":"shipping-taxable","14":"purchasable","15":"product-type-simple"},"_links":{"self":[{"href":"https:\/\/www.finsdesiecles-artdeco.com\/fr\/wp-json\/wp\/v2\/product\/28540","targetHints":{"allow":["GET"]}}],"collection":[{"href":"https:\/\/www.finsdesiecles-artdeco.com\/fr\/wp-json\/wp\/v2\/product"}],"about":[{"href":"https:\/\/www.finsdesiecles-artdeco.com\/fr\/wp-json\/wp\/v2\/types\/product"}],"wp:featuredmedia":[{"embeddable":true,"href":"https:\/\/www.finsdesiecles-artdeco.com\/fr\/wp-json\/wp\/v2\/media\/28526"}],"wp:attachment":[{"href":"https:\/\/www.finsdesiecles-artdeco.com\/fr\/wp-json\/wp\/v2\/media?parent=28540"}],"wp:term":[{"taxonomy":"product_brand","embeddable":true,"href":"https:\/\/www.finsdesiecles-artdeco.com\/fr\/wp-json\/wp\/v2\/product_brand?post=28540"},{"taxonomy":"product_cat","embeddable":true,"href":"https:\/\/www.finsdesiecles-artdeco.com\/fr\/wp-json\/wp\/v2\/product_cat?post=28540"},{"taxonomy":"product_tag","embeddable":true,"href":"https:\/\/www.finsdesiecles-artdeco.com\/fr\/wp-json\/wp\/v2\/product_tag?post=28540"}],"curies":[{"name":"wp","href":"https:\/\/api.w.org\/{rel}","templated":true}]}}

Centre de table ou miroir Art Déco &#8211; France 1930

<p>Centre de table ou miroir Art Déco &#8211; France 1930</p>
<p><strong>Dimensions</strong></p>
<p><strong>cm</strong> 61,5 x 51 x 4,5</p>
<p><strong>inches</strong> 24.21 x 20.08 x 1.77</p>

<p>Centre de table ovale ou miroir Art déco à encadrement en bois plaqué de noyer et d&rsquo;ébène de Macassar verni au tampon et d´éléments décoratifs en métal chromé.</p>
<p>France vers 1930</p>
<p>&nbsp;</p>
<p><strong>Dimensions</strong></p>
<p><strong>cm</strong> 61,5 x 51 x 4,5</p>
<p><strong>inches</strong> 24.21 x 20.08 x 1.77</p>
