{"id":28634,"date":"2024-03-23T13:02:10","date_gmt":"2024-03-23T13:09:58","guid":{"rendered":"https:\/\/www.finsdesiecles-artdeco.com\/?post_type=product&#038;p=28634"},"modified":"2024-03-23T13:09:58","modified_gmt":"2024-03-23T13:09:58","slug":"panneau-decoratif-art-deco-par-rosenau-france-1920-30","status":"publish","type":"product","link":"https:\/\/www.finsdesiecles-artdeco.com\/fr\/product\/panneau-decoratif-art-deco-par-rosenau-france-1920-30\/","title":{"rendered":"Panneau d\u00e9coratif Art D\u00e9co par Rosenau &#8211; France 1920-30"},"content":{"rendered":"<p>Panneau d\u00e9coratif Art D\u00e9co par Rosenau &#8211; France 1920-30<\/p>\n<p><strong>Dimensions<\/strong><\/p>\n<p><strong>cm<\/strong>\u00a0153,5 x 3,5 x 76,5<\/p>\n<p><strong>inches<\/strong>\u00a060.43 x 1.38 x 30.12<\/p>\n","protected":false},"excerpt":{"rendered":"<p>Panneau d\u00e9coratif en bois plaqu\u00e9 de nombreuses vari\u00e9t\u00e9s d&rsquo;essences, repr\u00e9sentant un paysage de lac de montagne. Vernis au tampon.<\/p>\n<p>Sign\u00e9 Pierre Rosenau en bas \u00e0 droite.<\/p>\n<p>France vers 1920-30<\/p>\n<p>&nbsp;<\/p>\n<p><strong>Dimensions<\/strong><\/p>\n<p><strong>cm<\/strong>\u00a0153,5 x 3,5 x 76,5<\/p>\n<p><strong>inches<\/strong>\u00a060.43 x 1.38 x 30.12<\/p>\n","protected":false},"featured_media":28615,"template":"","meta":{"_editorskit_title_hidden":false,"_editorskit_reading_time":0,"_editorskit_is_block_options_detached":false,"_editorskit_block_options_position":"{}","inline_featured_image":false},"product_brand":[],"product_cat":[464,267],"product_tag":[],"class_list":{"0":"post-28634","1":"product","2":"type-product","3":"status-publish","4":"has-post-thumbnail","6":"product_cat-objets-decoratifs","7":"product_cat-objets-et-accessoires","9":"first","10":"instock","11":"shipping-taxable","12":"purchasable","13":"product-type-simple"},"_links":{"self":[{"href":"https:\/\/www.finsdesiecles-artdeco.com\/fr\/wp-json\/wp\/v2\/product\/28634","targetHints":{"allow":["GET"]}}],"collection":[{"href":"https:\/\/www.finsdesiecles-artdeco.com\/fr\/wp-json\/wp\/v2\/product"}],"about":[{"href":"https:\/\/www.finsdesiecles-artdeco.com\/fr\/wp-json\/wp\/v2\/types\/product"}],"wp:featuredmedia":[{"embeddable":true,"href":"https:\/\/www.finsdesiecles-artdeco.com\/fr\/wp-json\/wp\/v2\/media\/28615"}],"wp:attachment":[{"href":"https:\/\/www.finsdesiecles-artdeco.com\/fr\/wp-json\/wp\/v2\/media?parent=28634"}],"wp:term":[{"taxonomy":"product_brand","embeddable":true,"href":"https:\/\/www.finsdesiecles-artdeco.com\/fr\/wp-json\/wp\/v2\/product_brand?post=28634"},{"taxonomy":"product_cat","embeddable":true,"href":"https:\/\/www.finsdesiecles-artdeco.com\/fr\/wp-json\/wp\/v2\/product_cat?post=28634"},{"taxonomy":"product_tag","embeddable":true,"href":"https:\/\/www.finsdesiecles-artdeco.com\/fr\/wp-json\/wp\/v2\/product_tag?post=28634"}],"curies":[{"name":"wp","href":"https:\/\/api.w.org\/{rel}","templated":true}]}}

Panneau décoratif Art Déco par Rosenau &#8211; France 1920-30

<p>Panneau décoratif Art Déco par Rosenau &#8211; France 1920-30</p>
<p><strong>Dimensions</strong></p>
<p><strong>cm</strong> 153,5 x 3,5 x 76,5</p>
<p><strong>inches</strong> 60.43 x 1.38 x 30.12</p>

<p>Panneau décoratif en bois plaqué de nombreuses variétés d&rsquo;essences, représentant un paysage de lac de montagne. Vernis au tampon.</p>
<p>Signé Pierre Rosenau en bas à droite.</p>
<p>France vers 1920-30</p>
<p>&nbsp;</p>
<p><strong>Dimensions</strong></p>
<p><strong>cm</strong> 153,5 x 3,5 x 76,5</p>
<p><strong>inches</strong> 60.43 x 1.38 x 30.12</p>
