{"id":29812,"date":"2024-06-19T09:57:48","date_gmt":"2024-06-19T10:02:41","guid":{"rendered":"https:\/\/www.finsdesiecles-artdeco.com\/?post_type=product&#038;p=29812"},"modified":"2024-06-19T10:02:42","modified_gmt":"2024-06-19T10:02:42","slug":"commode-cubiste-espagne-1960","status":"publish","type":"product","link":"https:\/\/www.finsdesiecles-artdeco.com\/fr\/product\/commode-cubiste-espagne-1960\/","title":{"rendered":"Commode cubiste &#8211; Espagne 1960"},"content":{"rendered":"<p>Commode cubiste &#8211; Espagne 1960<\/p>\n<p><strong>Dimensions<\/strong><\/p>\n<p><strong>cm<\/strong>\u00a0110 x 43,5 x 73,5<\/p>\n<p><strong>inches<\/strong>\u00a043.31 x 17.13 x 28.94<\/p>\n","protected":false},"excerpt":{"rendered":"<p>Commode cubiste en acajou massif plaqu\u00e9 de Zebrano, 8 tiroirs ouvrants par des poign\u00e9es en mat\u00e9riau composite et aluminium. Vernis au tampon.<\/p>\n<p>Espagne vers 1960<\/p>\n<p>&nbsp;<\/p>\n<p><strong>Dimensions<\/strong><\/p>\n<p><strong>cm<\/strong>\u00a0110 x 43,5 x 73,5<\/p>\n<p><strong>inches<\/strong>\u00a043.31 x 17.13 x 28.94<\/p>\n","protected":false},"featured_media":29788,"template":"","meta":{"_editorskit_title_hidden":false,"_editorskit_reading_time":0,"_editorskit_is_block_options_detached":false,"_editorskit_block_options_position":"{}","inline_featured_image":false},"product_brand":[],"product_cat":[415,306],"product_tag":[],"class_list":{"0":"post-29812","1":"product","2":"type-product","3":"status-publish","4":"has-post-thumbnail","6":"product_cat-meubles-de-rangement","7":"product_cat-commodes","9":"first","10":"outofstock","11":"shipping-taxable","12":"product-type-simple"},"_links":{"self":[{"href":"https:\/\/www.finsdesiecles-artdeco.com\/fr\/wp-json\/wp\/v2\/product\/29812","targetHints":{"allow":["GET"]}}],"collection":[{"href":"https:\/\/www.finsdesiecles-artdeco.com\/fr\/wp-json\/wp\/v2\/product"}],"about":[{"href":"https:\/\/www.finsdesiecles-artdeco.com\/fr\/wp-json\/wp\/v2\/types\/product"}],"wp:featuredmedia":[{"embeddable":true,"href":"https:\/\/www.finsdesiecles-artdeco.com\/fr\/wp-json\/wp\/v2\/media\/29788"}],"wp:attachment":[{"href":"https:\/\/www.finsdesiecles-artdeco.com\/fr\/wp-json\/wp\/v2\/media?parent=29812"}],"wp:term":[{"taxonomy":"product_brand","embeddable":true,"href":"https:\/\/www.finsdesiecles-artdeco.com\/fr\/wp-json\/wp\/v2\/product_brand?post=29812"},{"taxonomy":"product_cat","embeddable":true,"href":"https:\/\/www.finsdesiecles-artdeco.com\/fr\/wp-json\/wp\/v2\/product_cat?post=29812"},{"taxonomy":"product_tag","embeddable":true,"href":"https:\/\/www.finsdesiecles-artdeco.com\/fr\/wp-json\/wp\/v2\/product_tag?post=29812"}],"curies":[{"name":"wp","href":"https:\/\/api.w.org\/{rel}","templated":true}]}}

<p>Commode cubiste en acajou massif plaqué de Zebrano, 8 tiroirs ouvrants par des poignées en matériau composite et aluminium. Vernis au tampon.</p>
<p>Espagne vers 1960</p>
<p>&nbsp;</p>
<p><strong>Dimensions</strong></p>
<p><strong>cm</strong> 110 x 43,5 x 73,5</p>
<p><strong>inches</strong> 43.31 x 17.13 x 28.94</p>
