{"id":30361,"date":"2024-07-18T12:07:49","date_gmt":"2024-07-18T12:16:43","guid":{"rendered":"https:\/\/www.finsdesiecles-artdeco.com\/?post_type=product&#038;p=30361"},"modified":"2024-07-18T12:16:44","modified_gmt":"2024-07-18T12:16:44","slug":"lampe-de-table-tres-originale-espagne-1960","status":"publish","type":"product","link":"https:\/\/www.finsdesiecles-artdeco.com\/fr\/product\/lampe-de-table-tres-originale-espagne-1960\/","title":{"rendered":"Lampe de table tr\u00e8s originale &#8211; Espagne 1960"},"content":{"rendered":"<p>Lampe de table tr\u00e8s originale &#8211; Espagne 1960<\/p>\n<p><strong>Dimensions\u00a0<\/strong><\/p>\n<p><strong>cm<\/strong>\u00a023 x 23 x 57<\/p>\n<p><strong>inches<\/strong>\u00a09.05 x 9.05 x 22.44<\/p>\n","protected":false},"excerpt":{"rendered":"<p>Lampe de table tr\u00e8s originale enti\u00e8rement faite en aluminium et fonte d&rsquo;aluminium, \u00e9mail rouge \u00ab\u00a0chinois\u00a0\u00bb original (d\u00e9fauts), cordelette servant d&rsquo;interrupteur.<\/p>\n<p>Espagne vers 1960<\/p>\n<p>&nbsp;<\/p>\n<p><strong>Dimensions\u00a0<\/strong><\/p>\n<p><strong>cm<\/strong>\u00a023 x 23 x 57<\/p>\n<p><strong>inches<\/strong>\u00a09.05 x 9.05 x 22.44<\/p>\n","protected":false},"featured_media":30344,"template":"","meta":{"_editorskit_title_hidden":false,"_editorskit_reading_time":0,"_editorskit_is_block_options_detached":false,"_editorskit_block_options_position":"{}","inline_featured_image":false},"product_brand":[],"product_cat":[333,264],"product_tag":[],"class_list":{"0":"post-30361","1":"product","2":"type-product","3":"status-publish","4":"has-post-thumbnail","6":"product_cat-lampes-de-table","7":"product_cat-luminaires","9":"first","10":"instock","11":"shipping-taxable","12":"purchasable","13":"product-type-simple"},"_links":{"self":[{"href":"https:\/\/www.finsdesiecles-artdeco.com\/fr\/wp-json\/wp\/v2\/product\/30361","targetHints":{"allow":["GET"]}}],"collection":[{"href":"https:\/\/www.finsdesiecles-artdeco.com\/fr\/wp-json\/wp\/v2\/product"}],"about":[{"href":"https:\/\/www.finsdesiecles-artdeco.com\/fr\/wp-json\/wp\/v2\/types\/product"}],"wp:featuredmedia":[{"embeddable":true,"href":"https:\/\/www.finsdesiecles-artdeco.com\/fr\/wp-json\/wp\/v2\/media\/30344"}],"wp:attachment":[{"href":"https:\/\/www.finsdesiecles-artdeco.com\/fr\/wp-json\/wp\/v2\/media?parent=30361"}],"wp:term":[{"taxonomy":"product_brand","embeddable":true,"href":"https:\/\/www.finsdesiecles-artdeco.com\/fr\/wp-json\/wp\/v2\/product_brand?post=30361"},{"taxonomy":"product_cat","embeddable":true,"href":"https:\/\/www.finsdesiecles-artdeco.com\/fr\/wp-json\/wp\/v2\/product_cat?post=30361"},{"taxonomy":"product_tag","embeddable":true,"href":"https:\/\/www.finsdesiecles-artdeco.com\/fr\/wp-json\/wp\/v2\/product_tag?post=30361"}],"curies":[{"name":"wp","href":"https:\/\/api.w.org\/{rel}","templated":true}]}}

Lampe de table très originale &#8211; Espagne 1960

<p>Lampe de table très originale &#8211; Espagne 1960</p>
<p><strong>Dimensions </strong></p>
<p><strong>cm</strong> 23 x 23 x 57</p>
<p><strong>inches</strong> 9.05 x 9.05 x 22.44</p>

<p>Lampe de table très originale entièrement faite en aluminium et fonte d&rsquo;aluminium, émail rouge « chinois » original (défauts), cordelette servant d&rsquo;interrupteur.</p>
<p>Espagne vers 1960</p>
<p>&nbsp;</p>
<p><strong>Dimensions </strong></p>
<p><strong>cm</strong> 23 x 23 x 57</p>
<p><strong>inches</strong> 9.05 x 9.05 x 22.44</p>
