{"id":3110,"date":"2014-03-27T19:01:38","date_gmt":"2014-03-27T19:01:38","guid":{"rendered":"https:\/\/www.finsdesiecles-artdeco.com\/?product=plafonniers"},"modified":"2022-10-27T16:07:50","modified_gmt":"2022-10-27T16:07:50","slug":"serie-de-3-plafonniers-ou-appliques","status":"publish","type":"product","link":"https:\/\/www.finsdesiecles-artdeco.com\/fr\/product\/serie-de-3-plafonniers-ou-appliques\/","title":{"rendered":"S\u00e9rie de 3 plafonniers ou appliques"},"content":{"rendered":"<p>S\u00e9rie de 3 plafonniers ou appliques<\/p>\n<hr \/>\n<p><b>Dimensions<\/b><\/p>\n<ul>\n<li><b>cm:<\/b> Diam 42 x 16<\/li>\n<li><b>inches:<\/b> Diam 16.54 x 6.3<\/li>\n<\/ul>\n","protected":false},"excerpt":{"rendered":"<p>S\u00e9rie de 3 plafonniers ou appliques murales en t\u00f4le laqu\u00e9e blanc et verre grav\u00e9 (taches sur un verre),\u00a0finition en laiton chrom\u00e9.<\/p>\n<p>Italie c. 1960.<\/p>\n<p><b>Dimensions<\/b><\/p>\n<ul>\n<li><b>cm:<\/b> Diam 42 x 16<\/li>\n<li><b>inches:<\/b> Diam 16.54 x 6.3<\/li>\n<\/ul>\n","protected":false},"featured_media":3106,"template":"","meta":{"_editorskit_title_hidden":false,"_editorskit_reading_time":0,"_editorskit_is_block_options_detached":false,"_editorskit_block_options_position":"{}","inline_featured_image":false},"product_brand":[],"product_cat":[264,327,354],"product_tag":[],"class_list":{"0":"post-3110","1":"product","2":"type-product","3":"status-publish","4":"has-post-thumbnail","6":"product_cat-luminaires","7":"product_cat-lustres","8":"product_cat-appliques","10":"first","11":"instock","12":"purchasable","13":"product-type-simple"},"_links":{"self":[{"href":"https:\/\/www.finsdesiecles-artdeco.com\/fr\/wp-json\/wp\/v2\/product\/3110","targetHints":{"allow":["GET"]}}],"collection":[{"href":"https:\/\/www.finsdesiecles-artdeco.com\/fr\/wp-json\/wp\/v2\/product"}],"about":[{"href":"https:\/\/www.finsdesiecles-artdeco.com\/fr\/wp-json\/wp\/v2\/types\/product"}],"wp:featuredmedia":[{"embeddable":true,"href":"https:\/\/www.finsdesiecles-artdeco.com\/fr\/wp-json\/wp\/v2\/media\/3106"}],"wp:attachment":[{"href":"https:\/\/www.finsdesiecles-artdeco.com\/fr\/wp-json\/wp\/v2\/media?parent=3110"}],"wp:term":[{"taxonomy":"product_brand","embeddable":true,"href":"https:\/\/www.finsdesiecles-artdeco.com\/fr\/wp-json\/wp\/v2\/product_brand?post=3110"},{"taxonomy":"product_cat","embeddable":true,"href":"https:\/\/www.finsdesiecles-artdeco.com\/fr\/wp-json\/wp\/v2\/product_cat?post=3110"},{"taxonomy":"product_tag","embeddable":true,"href":"https:\/\/www.finsdesiecles-artdeco.com\/fr\/wp-json\/wp\/v2\/product_tag?post=3110"}],"curies":[{"name":"wp","href":"https:\/\/api.w.org\/{rel}","templated":true}]}}

Série de 3 plafonniers ou appliques

<p>Série de 3 plafonniers ou appliques</p>
<hr />
<p><b>Dimensions</b></p>
<ul>
<li><b>cm:</b> Diam 42 x 16</li>
<li><b>inches:</b> Diam 16.54 x 6.3</li>
</ul>

<p>Série de 3 plafonniers ou appliques murales en tôle laquée blanc et verre gravé (taches sur un verre), finition en laiton chromé.</p>
<p>Italie c. 1960.</p>
<p><b>Dimensions</b></p>
<ul>
<li><b>cm:</b> Diam 42 x 16</li>
<li><b>inches:</b> Diam 16.54 x 6.3</li>
</ul>
