{"id":3117,"date":"2014-03-27T19:31:24","date_gmt":"2014-03-27T19:31:24","guid":{"rendered":"https:\/\/www.finsdesiecles-artdeco.com\/?product=miroirs"},"modified":"2022-08-24T10:39:46","modified_gmt":"2022-08-24T10:39:46","slug":"miroir-art-deco","status":"publish","type":"product","link":"https:\/\/www.finsdesiecles-artdeco.com\/fr\/product\/miroir-art-deco\/","title":{"rendered":"Miroir Art D\u00e9co"},"content":{"rendered":"<p>Miroir Art D\u00e9co<\/p>\n<hr \/>\n<p><b>Dimensions<\/b><\/p>\n<ul>\n<li><b>cm:<\/b> 86 x 83<\/li>\n<li><b>inches:<\/b> 33.86 x 32.68<\/li>\n<\/ul>\n","protected":false},"excerpt":{"rendered":"<p>Miroir Art D\u00e9co \u00e0 encadrement et attache en bronze nickel\u00e9, glace d\u2019\u00e9poque biseaut\u00e9e.<\/p>\n<p>France c. 1930.<\/p>\n<p><b>Dimensions<\/b><\/p>\n<ul>\n<li><b>cm:<\/b> 86 x 83<\/li>\n<li><b>inches:<\/b> 33.86 x 32.68<\/li>\n<\/ul>\n","protected":false},"featured_media":3113,"template":"","meta":{"_editorskit_title_hidden":false,"_editorskit_reading_time":0,"_editorskit_is_block_options_detached":false,"_editorskit_block_options_position":"{}","inline_featured_image":false},"product_brand":[],"product_cat":[342,454],"product_tag":[],"class_list":{"0":"post-3117","1":"product","2":"type-product","3":"status-publish","4":"has-post-thumbnail","6":"product_cat-miroirs","7":"product_cat-miroirs-fr","9":"first","10":"instock","11":"purchasable","12":"product-type-simple"},"_links":{"self":[{"href":"https:\/\/www.finsdesiecles-artdeco.com\/fr\/wp-json\/wp\/v2\/product\/3117","targetHints":{"allow":["GET"]}}],"collection":[{"href":"https:\/\/www.finsdesiecles-artdeco.com\/fr\/wp-json\/wp\/v2\/product"}],"about":[{"href":"https:\/\/www.finsdesiecles-artdeco.com\/fr\/wp-json\/wp\/v2\/types\/product"}],"wp:featuredmedia":[{"embeddable":true,"href":"https:\/\/www.finsdesiecles-artdeco.com\/fr\/wp-json\/wp\/v2\/media\/3113"}],"wp:attachment":[{"href":"https:\/\/www.finsdesiecles-artdeco.com\/fr\/wp-json\/wp\/v2\/media?parent=3117"}],"wp:term":[{"taxonomy":"product_brand","embeddable":true,"href":"https:\/\/www.finsdesiecles-artdeco.com\/fr\/wp-json\/wp\/v2\/product_brand?post=3117"},{"taxonomy":"product_cat","embeddable":true,"href":"https:\/\/www.finsdesiecles-artdeco.com\/fr\/wp-json\/wp\/v2\/product_cat?post=3117"},{"taxonomy":"product_tag","embeddable":true,"href":"https:\/\/www.finsdesiecles-artdeco.com\/fr\/wp-json\/wp\/v2\/product_tag?post=3117"}],"curies":[{"name":"wp","href":"https:\/\/api.w.org\/{rel}","templated":true}]}}

Miroir Art Déco

<p>Miroir Art Déco</p>
<hr />
<p><b>Dimensions</b></p>
<ul>
<li><b>cm:</b> 86 x 83</li>
<li><b>inches:</b> 33.86 x 32.68</li>
</ul>

<p>Miroir Art Déco à encadrement et attache en bronze nickelé, glace d’époque biseautée.</p>
<p>France c. 1930.</p>
<p><b>Dimensions</b></p>
<ul>
<li><b>cm:</b> 86 x 83</li>
<li><b>inches:</b> 33.86 x 32.68</li>
</ul>
