{"id":31632,"date":"2024-10-06T16:38:39","date_gmt":"2024-10-06T16:47:38","guid":{"rendered":"https:\/\/www.finsdesiecles-artdeco.com\/?post_type=product&#038;p=31632"},"modified":"2024-10-06T16:47:38","modified_gmt":"2024-10-06T16:47:38","slug":"miroir-rond-par-veca-italie-1960","status":"publish","type":"product","link":"https:\/\/www.finsdesiecles-artdeco.com\/fr\/product\/miroir-rond-par-veca-italie-1960\/","title":{"rendered":"Miroir rond par VECA &#8211; Italie 1960"},"content":{"rendered":"<p>Miroir rond par VECA &#8211; Italie 1960<\/p>\n<p><strong>Dimensions<\/strong><\/p>\n<p><strong>cm<\/strong>\u00a0Diam 69,5 x 6,5<\/p>\n<p><strong>inches<\/strong>\u00a027.36 x 2.56<\/p>\n","protected":false},"excerpt":{"rendered":"<p>Miroir rond, glace centrale l\u00e9g\u00e8rement oxyd\u00e9e mont\u00e9e sur un support m\u00e9tallique et entour\u00e9e d&rsquo;un verre de couleur ambr\u00e9e retenu par des pi\u00e8ces en m\u00e9tal nickel\u00e9. Etiquettes originales de la marque VECA.<\/p>\n<p>Italie vers 1960<\/p>\n<p>&nbsp;<\/p>\n<p><strong>Dimensions<\/strong><\/p>\n<p><strong>cm<\/strong>\u00a0Diam 69,5 x 6,5<\/p>\n<p><strong>inches<\/strong>\u00a027.36 x 2.56<\/p>\n<p>&nbsp;<\/p>\n<p>&nbsp;<\/p>\n","protected":false},"featured_media":31611,"template":"","meta":{"_editorskit_title_hidden":false,"_editorskit_reading_time":0,"_editorskit_is_block_options_detached":false,"_editorskit_block_options_position":"{}","inline_featured_image":false},"product_brand":[],"product_cat":[454,342],"product_tag":[],"class_list":{"0":"post-31632","1":"product","2":"type-product","3":"status-publish","4":"has-post-thumbnail","6":"product_cat-miroirs-fr","7":"product_cat-miroirs","9":"first","10":"outofstock","11":"shipping-taxable","12":"product-type-simple"},"_links":{"self":[{"href":"https:\/\/www.finsdesiecles-artdeco.com\/fr\/wp-json\/wp\/v2\/product\/31632","targetHints":{"allow":["GET"]}}],"collection":[{"href":"https:\/\/www.finsdesiecles-artdeco.com\/fr\/wp-json\/wp\/v2\/product"}],"about":[{"href":"https:\/\/www.finsdesiecles-artdeco.com\/fr\/wp-json\/wp\/v2\/types\/product"}],"wp:featuredmedia":[{"embeddable":true,"href":"https:\/\/www.finsdesiecles-artdeco.com\/fr\/wp-json\/wp\/v2\/media\/31611"}],"wp:attachment":[{"href":"https:\/\/www.finsdesiecles-artdeco.com\/fr\/wp-json\/wp\/v2\/media?parent=31632"}],"wp:term":[{"taxonomy":"product_brand","embeddable":true,"href":"https:\/\/www.finsdesiecles-artdeco.com\/fr\/wp-json\/wp\/v2\/product_brand?post=31632"},{"taxonomy":"product_cat","embeddable":true,"href":"https:\/\/www.finsdesiecles-artdeco.com\/fr\/wp-json\/wp\/v2\/product_cat?post=31632"},{"taxonomy":"product_tag","embeddable":true,"href":"https:\/\/www.finsdesiecles-artdeco.com\/fr\/wp-json\/wp\/v2\/product_tag?post=31632"}],"curies":[{"name":"wp","href":"https:\/\/api.w.org\/{rel}","templated":true}]}}

<p>Miroir rond, glace centrale légèrement oxydée montée sur un support métallique et entourée d&rsquo;un verre de couleur ambrée retenu par des pièces en métal nickelé. Etiquettes originales de la marque VECA.</p>
<p>Italie vers 1960</p>
<p>&nbsp;</p>
<p><strong>Dimensions</strong></p>
<p><strong>cm</strong> Diam 69,5 x 6,5</p>
<p><strong>inches</strong> 27.36 x 2.56</p>
<p>&nbsp;</p>
<p>&nbsp;</p>
