{"id":3173,"date":"2015-01-05T17:59:33","date_gmt":"2015-01-05T17:59:33","guid":{"rendered":"https:\/\/www.finsdesiecles-artdeco.com\/?product=miroirs"},"modified":"2023-03-04T12:35:44","modified_gmt":"2023-03-04T12:35:44","slug":"miroir-de-table-de-sergio-mazza","status":"publish","type":"product","link":"https:\/\/www.finsdesiecles-artdeco.com\/fr\/product\/miroir-de-table-de-sergio-mazza\/","title":{"rendered":"Miroir de table de Sergio Mazza"},"content":{"rendered":"<p><strong>Sergio Mazza<\/strong>\u00a0(Milan, Italie, 1931)<\/p>\n<p>Designer et \u00e9diteur milanais, Mazza \u00e9tudie l&rsquo;architecture \u00e0 Lausanne. Apr\u00e8s avoir obtenu son dipl\u00f4me en 1954, il ouvre son propre studio. En 1960, il co-fonde Artemide avec l&rsquo;ing\u00e9nieur et designer Ernesto Gismondi. Leur objectif est de produire des produits intemporels et techniquement innovants. Mazza con\u00e7oit le premier produit \u00e0 succ\u00e8s de l&rsquo;entreprise, la lampe Alfa (1959), qui incorpore des \u00e9l\u00e9ments naturels et artificiels en verre, marbre et m\u00e9tal.<\/p>\n<p>D&rsquo;autres conceptions notables incluent la lampe Delta (1963), le fauteuil Mida (1966), le bar Bacco (1967) et la chaise empilable Toga (1968) faite d&rsquo;une seule pi\u00e8ce de fibre de verre et pr\u00e9sent\u00e9e pour la premi\u00e8re fois \u00e0 l&rsquo;exposition internationale du meuble \u00e0 Milan en 1969.<\/p>\n<p>En 1961, Mazza se s\u00e9pare de Gismondi et, avec l&rsquo;architecte Giuliana Gramigna, ouvre son studio milanais\u00a0Studio Smc. Ensemble, ils con\u00e7oivent des meubles et d&rsquo;autres produits pour Arflex, Artemide, Cinova, Formica, Krupp, Poltrona Frau, Quattrifolio, Saporiti et Valenti. De 1966 \u00e0 1988, Mazza est co-directeur d&rsquo;Ottagono, un magazine qui joue un r\u00f4le important dans le soutien de la culture du design italien contemporain. En 1967, Mazza commence \u00e0 concevoir pour l&rsquo;entreprise industrielle italienne Olivari.<\/p>\n<p>Au cours de son illustre carri\u00e8re, Mazza re\u00e7oit de nombreux prix, parmi lesquels la\u00a0m\u00e9daille d&rsquo;argent pour son\u00a0<em>Appartamento Italiano<\/em>\u00a0\u00e0 la 10e Triennale de Milan en 1954, et un\u00a0<em>Compasso d&rsquo;Oro\u00a0<\/em>pour la lampe Delta en 1960. Un mod\u00e8le de sa chaise Toga est conserv\u00e9 au V&amp;A Museum de Londres.<\/p>\n","protected":false},"excerpt":{"rendered":"<p>Miroir de table pivotant, encadrement et base nickel\u00e9 et bross\u00e9 avec patine d\u00b4origine.<\/p>\n<p>Design: Sergio Mazza<\/p>\n<p>Italie, fin des ann\u00e9es 60<\/p>\n<p><b>Dimensions<\/b><\/p>\n<ul>\n<li><b>cm:<\/b> 47 x 16 x 56<\/li>\n<li><b>inches:<\/b> 18.5 x 6.3 x 22.05<\/li>\n<\/ul>\n","protected":false},"featured_media":3164,"template":"","meta":{"_editorskit_title_hidden":false,"_editorskit_reading_time":0,"_editorskit_is_block_options_detached":false,"_editorskit_block_options_position":"{}","inline_featured_image":false},"product_brand":[],"product_cat":[458,342],"product_tag":[],"class_list":{"0":"post-3173","1":"product","2":"type-product","3":"status-publish","4":"has-post-thumbnail","6":"product_cat-miroirs-de-table","7":"product_cat-miroirs","9":"first","10":"outofstock","11":"purchasable","12":"product-type-simple"},"_links":{"self":[{"href":"https:\/\/www.finsdesiecles-artdeco.com\/fr\/wp-json\/wp\/v2\/product\/3173","targetHints":{"allow":["GET"]}}],"collection":[{"href":"https:\/\/www.finsdesiecles-artdeco.com\/fr\/wp-json\/wp\/v2\/product"}],"about":[{"href":"https:\/\/www.finsdesiecles-artdeco.com\/fr\/wp-json\/wp\/v2\/types\/product"}],"wp:featuredmedia":[{"embeddable":true,"href":"https:\/\/www.finsdesiecles-artdeco.com\/fr\/wp-json\/wp\/v2\/media\/3164"}],"wp:attachment":[{"href":"https:\/\/www.finsdesiecles-artdeco.com\/fr\/wp-json\/wp\/v2\/media?parent=3173"}],"wp:term":[{"taxonomy":"product_brand","embeddable":true,"href":"https:\/\/www.finsdesiecles-artdeco.com\/fr\/wp-json\/wp\/v2\/product_brand?post=3173"},{"taxonomy":"product_cat","embeddable":true,"href":"https:\/\/www.finsdesiecles-artdeco.com\/fr\/wp-json\/wp\/v2\/product_cat?post=3173"},{"taxonomy":"product_tag","embeddable":true,"href":"https:\/\/www.finsdesiecles-artdeco.com\/fr\/wp-json\/wp\/v2\/product_tag?post=3173"}],"curies":[{"name":"wp","href":"https:\/\/api.w.org\/{rel}","templated":true}]}}

<p><strong>Sergio Mazza</strong> (Milan, Italie, 1931)</p>
<p>Designer et éditeur milanais, Mazza étudie l&rsquo;architecture à Lausanne. Après avoir obtenu son diplôme en 1954, il ouvre son propre studio. En 1960, il co-fonde Artemide avec l&rsquo;ingénieur et designer Ernesto Gismondi. Leur objectif est de produire des produits intemporels et techniquement innovants. Mazza conçoit le premier produit à succès de l&rsquo;entreprise, la lampe Alfa (1959), qui incorpore des éléments naturels et artificiels en verre, marbre et métal.</p>
<p>D&rsquo;autres conceptions notables incluent la lampe Delta (1963), le fauteuil Mida (1966), le bar Bacco (1967) et la chaise empilable Toga (1968) faite d&rsquo;une seule pièce de fibre de verre et présentée pour la première fois à l&rsquo;exposition internationale du meuble à Milan en 1969.</p>
<p>En 1961, Mazza se sépare de Gismondi et, avec l&rsquo;architecte Giuliana Gramigna, ouvre son studio milanais Studio Smc. Ensemble, ils conçoivent des meubles et d&rsquo;autres produits pour Arflex, Artemide, Cinova, Formica, Krupp, Poltrona Frau, Quattrifolio, Saporiti et Valenti. De 1966 à 1988, Mazza est co-directeur d&rsquo;Ottagono, un magazine qui joue un rôle important dans le soutien de la culture du design italien contemporain. En 1967, Mazza commence à concevoir pour l&rsquo;entreprise industrielle italienne Olivari.</p>
<p>Au cours de son illustre carrière, Mazza reçoit de nombreux prix, parmi lesquels la médaille d&rsquo;argent pour son <em>Appartamento Italiano</em> à la 10e Triennale de Milan en 1954, et un <em>Compasso d&rsquo;Oro </em>pour la lampe Delta en 1960. Un modèle de sa chaise Toga est conservé au V&amp;A Museum de Londres.</p>

<p>Miroir de table pivotant, encadrement et base nickelé et brossé avec patine d´origine.</p>
<p>Design: Sergio Mazza</p>
<p>Italie, fin des années 60</p>
<p><b>Dimensions</b></p>
<ul>
<li><b>cm:</b> 47 x 16 x 56</li>
<li><b>inches:</b> 18.5 x 6.3 x 22.05</li>
</ul>
