{"id":3196,"date":"2015-03-31T17:21:58","date_gmt":"2015-03-31T17:21:58","guid":{"rendered":"https:\/\/www.finsdesiecles-artdeco.com\/?product=fauteuils"},"modified":"2022-10-28T11:22:24","modified_gmt":"2022-10-28T11:22:24","slug":"serie-de-6-petits-fauteuils-bridges-art-deco","status":"publish","type":"product","link":"https:\/\/www.finsdesiecles-artdeco.com\/fr\/product\/serie-de-6-petits-fauteuils-bridges-art-deco\/","title":{"rendered":"S\u00e9rie de 6 petits fauteuils bridges Art D\u00e9co"},"content":{"rendered":"<p>S\u00e9rie de 6 petits fauteuils bridges Art D\u00e9co<\/p>\n<hr \/>\n<p><b>Dimensions<\/b><\/p>\n<ul>\n<li><b>cm:<\/b> 53 x 48 x 85 Assise 48<\/li>\n<li><b>inches:<\/b> 20.87 x 18.9 x 33.46 Assise 18.9<\/li>\n<\/ul>\n","protected":false},"excerpt":{"rendered":"<p>S\u00e9rie de 6 petits fauteuils bridges Art D\u00e9co en ch\u00eane massif, vernis au tampon, assises en paille originales.<\/p>\n<p>France 1935-40<\/p>\n<p><b>Dimensions<\/b><\/p>\n<ul>\n<li><b>cm:<\/b> 53 x 48 x 85 Assise 48<\/li>\n<li><b>inches:<\/b> 20.87 x 18.9 x 33.46 Assise 18.9<\/li>\n<\/ul>\n","protected":false},"featured_media":3186,"template":"","meta":{"_editorskit_title_hidden":false,"_editorskit_reading_time":0,"_editorskit_is_block_options_detached":false,"_editorskit_block_options_position":"{}","inline_featured_image":false},"product_brand":[],"product_cat":[250,251],"product_tag":[],"class_list":{"0":"post-3196","1":"product","2":"type-product","3":"status-publish","4":"has-post-thumbnail","6":"product_cat-sieges","7":"product_cat-fauteuils","9":"first","10":"instock","11":"purchasable","12":"product-type-simple"},"_links":{"self":[{"href":"https:\/\/www.finsdesiecles-artdeco.com\/fr\/wp-json\/wp\/v2\/product\/3196","targetHints":{"allow":["GET"]}}],"collection":[{"href":"https:\/\/www.finsdesiecles-artdeco.com\/fr\/wp-json\/wp\/v2\/product"}],"about":[{"href":"https:\/\/www.finsdesiecles-artdeco.com\/fr\/wp-json\/wp\/v2\/types\/product"}],"wp:featuredmedia":[{"embeddable":true,"href":"https:\/\/www.finsdesiecles-artdeco.com\/fr\/wp-json\/wp\/v2\/media\/3186"}],"wp:attachment":[{"href":"https:\/\/www.finsdesiecles-artdeco.com\/fr\/wp-json\/wp\/v2\/media?parent=3196"}],"wp:term":[{"taxonomy":"product_brand","embeddable":true,"href":"https:\/\/www.finsdesiecles-artdeco.com\/fr\/wp-json\/wp\/v2\/product_brand?post=3196"},{"taxonomy":"product_cat","embeddable":true,"href":"https:\/\/www.finsdesiecles-artdeco.com\/fr\/wp-json\/wp\/v2\/product_cat?post=3196"},{"taxonomy":"product_tag","embeddable":true,"href":"https:\/\/www.finsdesiecles-artdeco.com\/fr\/wp-json\/wp\/v2\/product_tag?post=3196"}],"curies":[{"name":"wp","href":"https:\/\/api.w.org\/{rel}","templated":true}]}}

Série de 6 petits fauteuils bridges Art Déco

<p>Série de 6 petits fauteuils bridges Art Déco</p>
<hr />
<p><b>Dimensions</b></p>
<ul>
<li><b>cm:</b> 53 x 48 x 85 Assise 48</li>
<li><b>inches:</b> 20.87 x 18.9 x 33.46 Assise 18.9</li>
</ul>

<p>Série de 6 petits fauteuils bridges Art Déco en chêne massif, vernis au tampon, assises en paille originales.</p>
<p>France 1935-40</p>
<p><b>Dimensions</b></p>
<ul>
<li><b>cm:</b> 53 x 48 x 85 Assise 48</li>
<li><b>inches:</b> 20.87 x 18.9 x 33.46 Assise 18.9</li>
</ul>
