{"id":3207,"date":"2015-04-27T13:26:16","date_gmt":"2015-04-27T13:26:16","guid":{"rendered":"https:\/\/www.finsdesiecles-artdeco.com\/?product=fauteuils"},"modified":"2022-10-28T11:09:18","modified_gmt":"2022-10-28T11:09:18","slug":"paire-de-gros-fauteuils-clubs-art-deco","status":"publish","type":"product","link":"https:\/\/www.finsdesiecles-artdeco.com\/fr\/product\/paire-de-gros-fauteuils-clubs-art-deco\/","title":{"rendered":"Paire de gros fauteuils clubs Art D\u00e9co"},"content":{"rendered":"<p>Paire de gros fauteuils clubs Art D\u00e9co<\/p>\n<hr \/>\n<p><b>Dimensions<\/b><\/p>\n<ul>\n<li><b>cm:<\/b> 115 x 86 x 80<\/li>\n<li><b>inches:<\/b> 45.28 x 33.86 x 31.5<\/li>\n<\/ul>\n","protected":false},"excerpt":{"rendered":"<p>Exceptionnelle paire de gros fauteuils clubs Art D\u00e9co enti\u00e9rement restaur\u00e9s et retapiss\u00e9s de cuir blanc-ivoire.<\/p>\n<p>Belgique c. 1930.<\/p>\n<p><b>Dimensions<\/b><\/p>\n<ul>\n<li><b>cm:<\/b> 115 x 86 x 80<\/li>\n<li><b>inches:<\/b> 45.28 x 33.86 x 31.5<\/li>\n<\/ul>\n","protected":false},"featured_media":3199,"template":"","meta":{"_editorskit_title_hidden":false,"_editorskit_reading_time":0,"_editorskit_is_block_options_detached":false,"_editorskit_block_options_position":"{}","inline_featured_image":false},"product_brand":[],"product_cat":[250,251],"product_tag":[],"class_list":{"0":"post-3207","1":"product","2":"type-product","3":"status-publish","4":"has-post-thumbnail","6":"product_cat-sieges","7":"product_cat-fauteuils","9":"first","10":"instock","11":"purchasable","12":"product-type-simple"},"_links":{"self":[{"href":"https:\/\/www.finsdesiecles-artdeco.com\/fr\/wp-json\/wp\/v2\/product\/3207","targetHints":{"allow":["GET"]}}],"collection":[{"href":"https:\/\/www.finsdesiecles-artdeco.com\/fr\/wp-json\/wp\/v2\/product"}],"about":[{"href":"https:\/\/www.finsdesiecles-artdeco.com\/fr\/wp-json\/wp\/v2\/types\/product"}],"wp:featuredmedia":[{"embeddable":true,"href":"https:\/\/www.finsdesiecles-artdeco.com\/fr\/wp-json\/wp\/v2\/media\/3199"}],"wp:attachment":[{"href":"https:\/\/www.finsdesiecles-artdeco.com\/fr\/wp-json\/wp\/v2\/media?parent=3207"}],"wp:term":[{"taxonomy":"product_brand","embeddable":true,"href":"https:\/\/www.finsdesiecles-artdeco.com\/fr\/wp-json\/wp\/v2\/product_brand?post=3207"},{"taxonomy":"product_cat","embeddable":true,"href":"https:\/\/www.finsdesiecles-artdeco.com\/fr\/wp-json\/wp\/v2\/product_cat?post=3207"},{"taxonomy":"product_tag","embeddable":true,"href":"https:\/\/www.finsdesiecles-artdeco.com\/fr\/wp-json\/wp\/v2\/product_tag?post=3207"}],"curies":[{"name":"wp","href":"https:\/\/api.w.org\/{rel}","templated":true}]}}

Paire de gros fauteuils clubs Art Déco

<p>Paire de gros fauteuils clubs Art Déco</p>
<hr />
<p><b>Dimensions</b></p>
<ul>
<li><b>cm:</b> 115 x 86 x 80</li>
<li><b>inches:</b> 45.28 x 33.86 x 31.5</li>
</ul>

<p>Exceptionnelle paire de gros fauteuils clubs Art Déco entiérement restaurés et retapissés de cuir blanc-ivoire.</p>
<p>Belgique c. 1930.</p>
<p><b>Dimensions</b></p>
<ul>
<li><b>cm:</b> 115 x 86 x 80</li>
<li><b>inches:</b> 45.28 x 33.86 x 31.5</li>
</ul>
