{"id":3218,"date":"2015-04-28T17:42:00","date_gmt":"2015-04-28T17:42:00","guid":{"rendered":"https:\/\/www.finsdesiecles-artdeco.com\/?product=console-et-miroir"},"modified":"2023-06-23T09:44:52","modified_gmt":"2023-06-23T09:44:52","slug":"ensemble-console-porte-journaux-et-miroir","status":"publish","type":"product","link":"https:\/\/www.finsdesiecles-artdeco.com\/fr\/product\/ensemble-console-porte-journaux-et-miroir\/","title":{"rendered":"Ensemble console porte-journaux et miroir\u00a0"},"content":{"rendered":"<p>Ensemble console porte-journaux et miroir<\/p>\n<hr \/>\n<p><b>Dimensions<\/b><\/p>\n<ul>\n<li><b>cm:<\/b> Console 80 x 40 x 69 Miroir 89 x 3 x 145<\/li>\n<li><b>inches:<\/b> Console 31.5 x 15.75 x 27.17 Miroir 35.04 x 1.18 x 57.09<\/li>\n<\/ul>\n","protected":false},"excerpt":{"rendered":"<p>Ensemble console porte-journaux et miroir en m\u00e9tal \u00e0 patine dor\u00e9e, marbre vert poli.<\/p>\n<p>Espagne vers 1950.<\/p>\n<p><b>Dimensions<\/b><\/p>\n<ul>\n<li><b>cm:<\/b> Console 80 x 40 x 69 Miroir 89 x 3 x 145<\/li>\n<li><b>inches:<\/b> Console 31.5 x 15.75 x 27.17 Miroir 35.04 x 1.18 x 57.09<\/li>\n<\/ul>\n","protected":false},"featured_media":3210,"template":"","meta":{"_editorskit_title_hidden":false,"_editorskit_reading_time":0,"_editorskit_is_block_options_detached":false,"_editorskit_block_options_position":"{}","inline_featured_image":false},"product_brand":[],"product_cat":[342,456,686],"product_tag":[],"class_list":{"0":"post-3218","1":"product","2":"type-product","3":"status-publish","4":"has-post-thumbnail","6":"product_cat-miroirs","7":"product_cat-console-miroir","8":"product_cat-divers","10":"first","11":"instock","12":"purchasable","13":"product-type-simple"},"_links":{"self":[{"href":"https:\/\/www.finsdesiecles-artdeco.com\/fr\/wp-json\/wp\/v2\/product\/3218","targetHints":{"allow":["GET"]}}],"collection":[{"href":"https:\/\/www.finsdesiecles-artdeco.com\/fr\/wp-json\/wp\/v2\/product"}],"about":[{"href":"https:\/\/www.finsdesiecles-artdeco.com\/fr\/wp-json\/wp\/v2\/types\/product"}],"wp:featuredmedia":[{"embeddable":true,"href":"https:\/\/www.finsdesiecles-artdeco.com\/fr\/wp-json\/wp\/v2\/media\/3210"}],"wp:attachment":[{"href":"https:\/\/www.finsdesiecles-artdeco.com\/fr\/wp-json\/wp\/v2\/media?parent=3218"}],"wp:term":[{"taxonomy":"product_brand","embeddable":true,"href":"https:\/\/www.finsdesiecles-artdeco.com\/fr\/wp-json\/wp\/v2\/product_brand?post=3218"},{"taxonomy":"product_cat","embeddable":true,"href":"https:\/\/www.finsdesiecles-artdeco.com\/fr\/wp-json\/wp\/v2\/product_cat?post=3218"},{"taxonomy":"product_tag","embeddable":true,"href":"https:\/\/www.finsdesiecles-artdeco.com\/fr\/wp-json\/wp\/v2\/product_tag?post=3218"}],"curies":[{"name":"wp","href":"https:\/\/api.w.org\/{rel}","templated":true}]}}

<p>Ensemble console porte-journaux et miroir en métal à patine dorée, marbre vert poli.</p>
<p>Espagne vers 1950.</p>
<p><b>Dimensions</b></p>
<ul>
<li><b>cm:</b> Console 80 x 40 x 69 Miroir 89 x 3 x 145</li>
<li><b>inches:</b> Console 31.5 x 15.75 x 27.17 Miroir 35.04 x 1.18 x 57.09</li>
</ul>
