{"id":32460,"date":"2024-10-29T15:38:39","date_gmt":"2024-10-29T15:53:35","guid":{"rendered":"https:\/\/www.finsdesiecles-artdeco.com\/?post_type=product&#038;p=32460"},"modified":"2024-10-30T12:20:13","modified_gmt":"2024-10-30T12:20:13","slug":"bureau-cubiste-et-son-fauteuil-art-deco-france-1930","status":"publish","type":"product","link":"https:\/\/www.finsdesiecles-artdeco.com\/fr\/product\/bureau-cubiste-et-son-fauteuil-art-deco-france-1930\/","title":{"rendered":"Bureau cubiste et son fauteuil Art D\u00e9co &#8211; France 1930"},"content":{"rendered":"<p>Bureau cubiste et son fauteuil Art D\u00e9co &#8211; France 1930<\/p>\n<p><strong>Dimensions<\/strong><\/p>\n<p><strong>Bureau<\/strong><\/p>\n<p><strong>cm<\/strong>\u00a0157,5 x 74 x 74<\/p>\n<p><strong>inches<\/strong>\u00a062 x 29.13 x 29.13<\/p>\n<p><strong>Fauteuil<\/strong><\/p>\n<p><strong>cm<\/strong> 61 x 58 x 85,5 \/ 48.5 (assise)<\/p>\n<p><strong>inches<\/strong> 24.01 x 22.83 x 33.66 \/ 19.09 (assise)<\/p>\n","protected":false},"excerpt":{"rendered":"<p>Bureau cubiste et son fauteuil Art D\u00e9co en bois massif plaqu\u00e9 d&rsquo;\u00e9rable mouchet\u00e9 et filets de buis reposant sur un socle en bois massif noir. Spectaculaire bureau \u00e0 4 portes ouvrant sur des compartiments dot\u00e9s pour deux d&rsquo;entre eux d&rsquo;\u00e9tag\u00e8res, de 4 tiroirs pour le troisi\u00e8me et d&rsquo;un compartiment vide. Trois \u00e9tag\u00e8res a vue c\u00f4t\u00e9 visiteur. Sous-main en cuir marron original comme le cuir du fauteuil, enti\u00e8rement restaur\u00e9 .Cet ensemble est d&rsquo;une qualit\u00e9 extraordinaire. Vernis au tampon. Clefs en laiton nickel\u00e9. Bureau d\u00e9montable.<\/p>\n<p>France vers 1930<\/p>\n<p>&nbsp;<\/p>\n<p><strong>Dimensions<\/strong><\/p>\n<p><strong>Bureau<\/strong><\/p>\n<p><strong>cm<\/strong>\u00a0157,5 x 74 x 74<\/p>\n<p><strong>inches<\/strong>\u00a062 x 29.13 x 29.13<\/p>\n<p><strong>Fauteuil<\/strong><\/p>\n<p><strong>cm<\/strong> 61 x 58 x 85,5 \/ 48.5 (assise)<\/p>\n<p><strong>inches<\/strong> 24.01 x 22.83 x 33.66 \/ 19.09 (assise)<\/p>\n","protected":false},"featured_media":32417,"template":"","meta":{"_editorskit_title_hidden":false,"_editorskit_reading_time":0,"_editorskit_is_block_options_detached":false,"_editorskit_block_options_position":"{}","inline_featured_image":false},"product_brand":[],"product_cat":[256,261],"product_tag":[],"class_list":{"0":"post-32460","1":"product","2":"type-product","3":"status-publish","4":"has-post-thumbnail","6":"product_cat-tables","7":"product_cat-bureaux","9":"first","10":"instock","11":"shipping-taxable","12":"purchasable","13":"product-type-simple"},"_links":{"self":[{"href":"https:\/\/www.finsdesiecles-artdeco.com\/fr\/wp-json\/wp\/v2\/product\/32460","targetHints":{"allow":["GET"]}}],"collection":[{"href":"https:\/\/www.finsdesiecles-artdeco.com\/fr\/wp-json\/wp\/v2\/product"}],"about":[{"href":"https:\/\/www.finsdesiecles-artdeco.com\/fr\/wp-json\/wp\/v2\/types\/product"}],"wp:featuredmedia":[{"embeddable":true,"href":"https:\/\/www.finsdesiecles-artdeco.com\/fr\/wp-json\/wp\/v2\/media\/32417"}],"wp:attachment":[{"href":"https:\/\/www.finsdesiecles-artdeco.com\/fr\/wp-json\/wp\/v2\/media?parent=32460"}],"wp:term":[{"taxonomy":"product_brand","embeddable":true,"href":"https:\/\/www.finsdesiecles-artdeco.com\/fr\/wp-json\/wp\/v2\/product_brand?post=32460"},{"taxonomy":"product_cat","embeddable":true,"href":"https:\/\/www.finsdesiecles-artdeco.com\/fr\/wp-json\/wp\/v2\/product_cat?post=32460"},{"taxonomy":"product_tag","embeddable":true,"href":"https:\/\/www.finsdesiecles-artdeco.com\/fr\/wp-json\/wp\/v2\/product_tag?post=32460"}],"curies":[{"name":"wp","href":"https:\/\/api.w.org\/{rel}","templated":true}]}}

Bureau cubiste et son fauteuil Art Déco &#8211; France 1930

<p>Bureau cubiste et son fauteuil Art Déco &#8211; France 1930</p>
<p><strong>Dimensions</strong></p>
<p><strong>Bureau</strong></p>
<p><strong>cm</strong> 157,5 x 74 x 74</p>
<p><strong>inches</strong> 62 x 29.13 x 29.13</p>
<p><strong>Fauteuil</strong></p>
<p><strong>cm</strong> 61 x 58 x 85,5 / 48.5 (assise)</p>
<p><strong>inches</strong> 24.01 x 22.83 x 33.66 / 19.09 (assise)</p>

<p>Bureau cubiste et son fauteuil Art Déco en bois massif plaqué d&rsquo;érable moucheté et filets de buis reposant sur un socle en bois massif noir. Spectaculaire bureau à 4 portes ouvrant sur des compartiments dotés pour deux d&rsquo;entre eux d&rsquo;étagères, de 4 tiroirs pour le troisième et d&rsquo;un compartiment vide. Trois étagères a vue côté visiteur. Sous-main en cuir marron original comme le cuir du fauteuil, entièrement restauré .Cet ensemble est d&rsquo;une qualité extraordinaire. Vernis au tampon. Clefs en laiton nickelé. Bureau démontable.</p>
<p>France vers 1930</p>
<p>&nbsp;</p>
<p><strong>Dimensions</strong></p>
<p><strong>Bureau</strong></p>
<p><strong>cm</strong> 157,5 x 74 x 74</p>
<p><strong>inches</strong> 62 x 29.13 x 29.13</p>
<p><strong>Fauteuil</strong></p>
<p><strong>cm</strong> 61 x 58 x 85,5 / 48.5 (assise)</p>
<p><strong>inches</strong> 24.01 x 22.83 x 33.66 / 19.09 (assise)</p>
