{"id":32556,"date":"2024-11-05T10:33:41","date_gmt":"2024-11-05T10:38:42","guid":{"rendered":"https:\/\/www.finsdesiecles-artdeco.com\/?post_type=product&#038;p=32556"},"modified":"2024-11-05T10:38:42","modified_gmt":"2024-11-05T10:38:42","slug":"gueridon-haut-art-deco-france-1930-2","status":"publish","type":"product","link":"https:\/\/www.finsdesiecles-artdeco.com\/fr\/product\/gueridon-haut-art-deco-france-1930-2\/","title":{"rendered":"Gu\u00e9ridon haut Art D\u00e9co &#8211; France 1930"},"content":{"rendered":"<p>Gu\u00e9ridon haut Art D\u00e9co &#8211; France 1930<\/p>\n<p><strong>Dimensions<\/strong><\/p>\n<p><strong>cm<\/strong>\u00a0Diam 64,5 x 63<\/p>\n<p><strong>inches<\/strong>\u00a0Diam 25.40 x 24.80<\/p>\n","protected":false},"excerpt":{"rendered":"<p>Gu\u00e9ridon haut Art D\u00e9co \u00e0 4 pieds en acier nickel\u00e9 soutenant 3 plateaux en paissandre vernis au tampon. Enti\u00e8rement d\u00e9montable.<\/p>\n<p>France vers 1930.<\/p>\n<p>&nbsp;<\/p>\n<p><strong>Dimensions<\/strong><\/p>\n<p><strong>cm<\/strong>\u00a0Diam 64,5 x 63<\/p>\n<p><strong>inches<\/strong>\u00a0Diam 25.40 x 24.80<\/p>\n","protected":false},"featured_media":32539,"template":"","meta":{"_editorskit_title_hidden":false,"_editorskit_reading_time":0,"_editorskit_is_block_options_detached":false,"_editorskit_block_options_position":"{}","inline_featured_image":false},"product_brand":[],"product_cat":[256,257],"product_tag":[],"class_list":{"0":"post-32556","1":"product","2":"type-product","3":"status-publish","4":"has-post-thumbnail","6":"product_cat-tables","7":"product_cat-gueridons","9":"first","10":"outofstock","11":"shipping-taxable","12":"product-type-simple"},"_links":{"self":[{"href":"https:\/\/www.finsdesiecles-artdeco.com\/fr\/wp-json\/wp\/v2\/product\/32556","targetHints":{"allow":["GET"]}}],"collection":[{"href":"https:\/\/www.finsdesiecles-artdeco.com\/fr\/wp-json\/wp\/v2\/product"}],"about":[{"href":"https:\/\/www.finsdesiecles-artdeco.com\/fr\/wp-json\/wp\/v2\/types\/product"}],"wp:featuredmedia":[{"embeddable":true,"href":"https:\/\/www.finsdesiecles-artdeco.com\/fr\/wp-json\/wp\/v2\/media\/32539"}],"wp:attachment":[{"href":"https:\/\/www.finsdesiecles-artdeco.com\/fr\/wp-json\/wp\/v2\/media?parent=32556"}],"wp:term":[{"taxonomy":"product_brand","embeddable":true,"href":"https:\/\/www.finsdesiecles-artdeco.com\/fr\/wp-json\/wp\/v2\/product_brand?post=32556"},{"taxonomy":"product_cat","embeddable":true,"href":"https:\/\/www.finsdesiecles-artdeco.com\/fr\/wp-json\/wp\/v2\/product_cat?post=32556"},{"taxonomy":"product_tag","embeddable":true,"href":"https:\/\/www.finsdesiecles-artdeco.com\/fr\/wp-json\/wp\/v2\/product_tag?post=32556"}],"curies":[{"name":"wp","href":"https:\/\/api.w.org\/{rel}","templated":true}]}}

Guéridon haut Art Déco &#8211; France 1930

<p>Guéridon haut Art Déco &#8211; France 1930</p>
<p><strong>Dimensions</strong></p>
<p><strong>cm</strong> Diam 64,5 x 63</p>
<p><strong>inches</strong> Diam 25.40 x 24.80</p>

<p>Guéridon haut Art Déco à 4 pieds en acier nickelé soutenant 3 plateaux en paissandre vernis au tampon. Entièrement démontable.</p>
<p>France vers 1930.</p>
<p>&nbsp;</p>
<p><strong>Dimensions</strong></p>
<p><strong>cm</strong> Diam 64,5 x 63</p>
<p><strong>inches</strong> Diam 25.40 x 24.80</p>
