{"id":32684,"date":"2024-11-17T11:35:31","date_gmt":"2024-11-17T12:08:50","guid":{"rendered":"https:\/\/www.finsdesiecles-artdeco.com\/?post_type=product&#038;p=32684"},"modified":"2024-11-17T12:08:50","modified_gmt":"2024-11-17T12:08:50","slug":"grande-table-a-manger-italie-1940","status":"publish","type":"product","link":"https:\/\/www.finsdesiecles-artdeco.com\/fr\/product\/grande-table-a-manger-italie-1940\/","title":{"rendered":"Grande table \u00e0 manger &#8211; Italie 1940"},"content":{"rendered":"<p>Grande table \u00e0 manger &#8211; Italie 1940<\/p>\n<p><strong>Dimensions<\/strong><\/p>\n<p><strong>cm<\/strong>\u00a0199 x 94 x 80<\/p>\n<p><strong>inches<\/strong>\u00a078.35 x 37.00 x 31.50<\/p>\n","protected":false},"excerpt":{"rendered":"<p>Grande table de salle \u00e0 manger en placage d&rsquo;\u00e9b\u00e8ne de Macassar, bords du plateau et filets sur la ceinture en \u00e9rable. Vernis au tampon.<\/p>\n<p>Italie vers 1940<\/p>\n<p>&nbsp;<\/p>\n<p><strong>Dimensions<\/strong><\/p>\n<p><strong>cm<\/strong>\u00a0199 x 94 x 80<\/p>\n<p><strong>inches<\/strong>\u00a078.35 x 37.00 x 31.50<\/p>\n","protected":false},"featured_media":32667,"template":"","meta":{"_editorskit_title_hidden":false,"_editorskit_reading_time":0,"_editorskit_is_block_options_detached":false,"_editorskit_block_options_position":"{}","inline_featured_image":false},"product_brand":[],"product_cat":[256,288],"product_tag":[],"class_list":{"0":"post-32684","1":"product","2":"type-product","3":"status-publish","4":"has-post-thumbnail","6":"product_cat-tables","7":"product_cat-tables-de-salle-a-manger","9":"first","10":"instock","11":"shipping-taxable","12":"purchasable","13":"product-type-simple"},"_links":{"self":[{"href":"https:\/\/www.finsdesiecles-artdeco.com\/fr\/wp-json\/wp\/v2\/product\/32684","targetHints":{"allow":["GET"]}}],"collection":[{"href":"https:\/\/www.finsdesiecles-artdeco.com\/fr\/wp-json\/wp\/v2\/product"}],"about":[{"href":"https:\/\/www.finsdesiecles-artdeco.com\/fr\/wp-json\/wp\/v2\/types\/product"}],"wp:featuredmedia":[{"embeddable":true,"href":"https:\/\/www.finsdesiecles-artdeco.com\/fr\/wp-json\/wp\/v2\/media\/32667"}],"wp:attachment":[{"href":"https:\/\/www.finsdesiecles-artdeco.com\/fr\/wp-json\/wp\/v2\/media?parent=32684"}],"wp:term":[{"taxonomy":"product_brand","embeddable":true,"href":"https:\/\/www.finsdesiecles-artdeco.com\/fr\/wp-json\/wp\/v2\/product_brand?post=32684"},{"taxonomy":"product_cat","embeddable":true,"href":"https:\/\/www.finsdesiecles-artdeco.com\/fr\/wp-json\/wp\/v2\/product_cat?post=32684"},{"taxonomy":"product_tag","embeddable":true,"href":"https:\/\/www.finsdesiecles-artdeco.com\/fr\/wp-json\/wp\/v2\/product_tag?post=32684"}],"curies":[{"name":"wp","href":"https:\/\/api.w.org\/{rel}","templated":true}]}}

Grande table à manger &#8211; Italie 1940

<p>Grande table à manger &#8211; Italie 1940</p>
<p><strong>Dimensions</strong></p>
<p><strong>cm</strong> 199 x 94 x 80</p>
<p><strong>inches</strong> 78.35 x 37.00 x 31.50</p>

<p>Grande table de salle à manger en placage d&rsquo;ébène de Macassar, bords du plateau et filets sur la ceinture en érable. Vernis au tampon.</p>
<p>Italie vers 1940</p>
<p>&nbsp;</p>
<p><strong>Dimensions</strong></p>
<p><strong>cm</strong> 199 x 94 x 80</p>
<p><strong>inches</strong> 78.35 x 37.00 x 31.50</p>
