{"id":33547,"date":"2025-01-21T19:09:40","date_gmt":"2025-01-21T19:19:58","guid":{"rendered":"https:\/\/www.finsdesiecles-artdeco.com\/?post_type=product&#038;p=33547"},"modified":"2025-01-21T19:19:58","modified_gmt":"2025-01-21T19:19:58","slug":"paire-de-lampes-de-bureau-par-christian-dell-allemagne-1930","status":"publish","type":"product","link":"https:\/\/www.finsdesiecles-artdeco.com\/fr\/product\/paire-de-lampes-de-bureau-par-christian-dell-allemagne-1930\/","title":{"rendered":"Paire de lampes de bureau par Christian Dell &#8211; Allemagne 1930"},"content":{"rendered":"<p>Paire de lampes de bureau par Christian Dell &#8211; Allemagne 1930<\/p>\n<p><strong>Dimensions\u00a0<\/strong><\/p>\n<p><strong>cm<\/strong>\u00a038 x 28 x 45<\/p>\n<p><strong>inches<\/strong>\u00a014.96 x 11.02 x 17.72<\/p>\n","protected":false},"excerpt":{"rendered":"<p>Paire de lampes de bureau en acier nickel\u00e9 et t\u00f4le laqu\u00e9e noir, r\u00e9glages d&rsquo;inclinaison sur la base et l&rsquo;abat-jour. Traces d&rsquo;oxydation et manque de peinture.<\/p>\n<p>Mod\u00e8le President 6631<\/p>\n<p>Design de Christian Dell<\/p>\n<p>Fabricant Kaiser Idell<\/p>\n<p>&nbsp;<\/p>\n<p><strong>Dimensions\u00a0<\/strong><\/p>\n<p><strong>cm<\/strong>\u00a038 x 28 x 45<\/p>\n<p><strong>inches<\/strong>\u00a014.96 x 11.02 x 17.72<\/p>\n<p>&nbsp;<\/p>\n","protected":false},"featured_media":33512,"template":"","meta":{"_editorskit_title_hidden":false,"_editorskit_reading_time":0,"_editorskit_is_block_options_detached":false,"_editorskit_block_options_position":"{}","inline_featured_image":false},"product_brand":[],"product_cat":[333,264],"product_tag":[],"class_list":{"0":"post-33547","1":"product","2":"type-product","3":"status-publish","4":"has-post-thumbnail","6":"product_cat-lampes-de-table","7":"product_cat-luminaires","9":"first","10":"instock","11":"shipping-taxable","12":"purchasable","13":"product-type-simple"},"_links":{"self":[{"href":"https:\/\/www.finsdesiecles-artdeco.com\/fr\/wp-json\/wp\/v2\/product\/33547","targetHints":{"allow":["GET"]}}],"collection":[{"href":"https:\/\/www.finsdesiecles-artdeco.com\/fr\/wp-json\/wp\/v2\/product"}],"about":[{"href":"https:\/\/www.finsdesiecles-artdeco.com\/fr\/wp-json\/wp\/v2\/types\/product"}],"wp:featuredmedia":[{"embeddable":true,"href":"https:\/\/www.finsdesiecles-artdeco.com\/fr\/wp-json\/wp\/v2\/media\/33512"}],"wp:attachment":[{"href":"https:\/\/www.finsdesiecles-artdeco.com\/fr\/wp-json\/wp\/v2\/media?parent=33547"}],"wp:term":[{"taxonomy":"product_brand","embeddable":true,"href":"https:\/\/www.finsdesiecles-artdeco.com\/fr\/wp-json\/wp\/v2\/product_brand?post=33547"},{"taxonomy":"product_cat","embeddable":true,"href":"https:\/\/www.finsdesiecles-artdeco.com\/fr\/wp-json\/wp\/v2\/product_cat?post=33547"},{"taxonomy":"product_tag","embeddable":true,"href":"https:\/\/www.finsdesiecles-artdeco.com\/fr\/wp-json\/wp\/v2\/product_tag?post=33547"}],"curies":[{"name":"wp","href":"https:\/\/api.w.org\/{rel}","templated":true}]}}

<p>Paire de lampes de bureau en acier nickelé et tôle laquée noir, réglages d&rsquo;inclinaison sur la base et l&rsquo;abat-jour. Traces d&rsquo;oxydation et manque de peinture.</p>
<p>Modèle President 6631</p>
<p>Design de Christian Dell</p>
<p>Fabricant Kaiser Idell</p>
<p>&nbsp;</p>
<p><strong>Dimensions </strong></p>
<p><strong>cm</strong> 38 x 28 x 45</p>
<p><strong>inches</strong> 14.96 x 11.02 x 17.72</p>
<p>&nbsp;</p>
