{"id":33817,"date":"2025-02-13T10:38:44","date_gmt":"2025-02-13T10:54:20","guid":{"rendered":"https:\/\/www.finsdesiecles-artdeco.com\/?post_type=product&#038;p=33817"},"modified":"2025-02-13T10:54:21","modified_gmt":"2025-02-13T10:54:21","slug":"grand-miroir-grave-a-lacide-france-1940","status":"publish","type":"product","link":"https:\/\/www.finsdesiecles-artdeco.com\/fr\/product\/grand-miroir-grave-a-lacide-france-1940\/","title":{"rendered":"Grand miroir grav\u00e9 \u00e0 l&rsquo;acide &#8211; France 1940"},"content":{"rendered":"<p>Grand miroir grav\u00e9 \u00e0 l&rsquo;acide &#8211; France 1940<\/p>\n<p><strong>Dimensions<\/strong><\/p>\n<p><strong>cm<\/strong>\u00a0150,5 x 2,5 x 90<\/p>\n<p><strong>inches<\/strong>\u00a059.25 x 0.98 x 35.43<\/p>\n","protected":false},"excerpt":{"rendered":"<p>Grand miroir grav\u00e9 \u00e0 l&rsquo;acide mont\u00e9 sur bois (glace centrale r\u00e9cente).<\/p>\n<p>France vers 1940<\/p>\n<p>&nbsp;<\/p>\n<p><strong>Dimensions<\/strong><\/p>\n<p><strong>cm<\/strong>\u00a0150,5 x 2,5 x 90<\/p>\n<p><strong>inches<\/strong>\u00a059.25 x 0.98 x 35.43<\/p>\n","protected":false},"featured_media":33803,"template":"","meta":{"_editorskit_title_hidden":false,"_editorskit_reading_time":0,"_editorskit_is_block_options_detached":false,"_editorskit_block_options_position":"{}","inline_featured_image":false},"product_brand":[],"product_cat":[454,342],"product_tag":[],"class_list":{"0":"post-33817","1":"product","2":"type-product","3":"status-publish","4":"has-post-thumbnail","6":"product_cat-miroirs-fr","7":"product_cat-miroirs","9":"first","10":"instock","11":"shipping-taxable","12":"purchasable","13":"product-type-simple"},"_links":{"self":[{"href":"https:\/\/www.finsdesiecles-artdeco.com\/fr\/wp-json\/wp\/v2\/product\/33817","targetHints":{"allow":["GET"]}}],"collection":[{"href":"https:\/\/www.finsdesiecles-artdeco.com\/fr\/wp-json\/wp\/v2\/product"}],"about":[{"href":"https:\/\/www.finsdesiecles-artdeco.com\/fr\/wp-json\/wp\/v2\/types\/product"}],"wp:featuredmedia":[{"embeddable":true,"href":"https:\/\/www.finsdesiecles-artdeco.com\/fr\/wp-json\/wp\/v2\/media\/33803"}],"wp:attachment":[{"href":"https:\/\/www.finsdesiecles-artdeco.com\/fr\/wp-json\/wp\/v2\/media?parent=33817"}],"wp:term":[{"taxonomy":"product_brand","embeddable":true,"href":"https:\/\/www.finsdesiecles-artdeco.com\/fr\/wp-json\/wp\/v2\/product_brand?post=33817"},{"taxonomy":"product_cat","embeddable":true,"href":"https:\/\/www.finsdesiecles-artdeco.com\/fr\/wp-json\/wp\/v2\/product_cat?post=33817"},{"taxonomy":"product_tag","embeddable":true,"href":"https:\/\/www.finsdesiecles-artdeco.com\/fr\/wp-json\/wp\/v2\/product_tag?post=33817"}],"curies":[{"name":"wp","href":"https:\/\/api.w.org\/{rel}","templated":true}]}}

Grand miroir gravé à l&rsquo;acide &#8211; France 1940

<p>Grand miroir gravé à l&rsquo;acide &#8211; France 1940</p>
<p><strong>Dimensions</strong></p>
<p><strong>cm</strong> 150,5 x 2,5 x 90</p>
<p><strong>inches</strong> 59.25 x 0.98 x 35.43</p>

<p>Grand miroir gravé à l&rsquo;acide monté sur bois (glace centrale récente).</p>
<p>France vers 1940</p>
<p>&nbsp;</p>
<p><strong>Dimensions</strong></p>
<p><strong>cm</strong> 150,5 x 2,5 x 90</p>
<p><strong>inches</strong> 59.25 x 0.98 x 35.43</p>
