{"id":3387,"date":"2015-12-14T19:41:07","date_gmt":"2015-12-14T19:41:07","guid":{"rendered":"https:\/\/www.finsdesiecles-artdeco.com\/?product=appliques"},"modified":"2022-10-29T11:12:21","modified_gmt":"2022-10-29T11:12:21","slug":"applique-attribuee-a-mathieu-mategot","status":"publish","type":"product","link":"https:\/\/www.finsdesiecles-artdeco.com\/fr\/product\/applique-attribuee-a-mathieu-mategot\/","title":{"rendered":"Applique\u00a0attribu\u00e9e \u00e0 Mathieu\u00a0Mat\u00e9got"},"content":{"rendered":"<p>Applique\u00a0attribu\u00e9e \u00e0 Mathieu\u00a0Mat\u00e9got<\/p>\n<hr \/>\n<p><b>Dimensions<\/b><\/p>\n<ul>\n<li><b>cm:<\/b> 50 x 28 x 50<\/li>\n<li><b>inches:<\/b> 19.69 x 11.02 x 19.69<\/li>\n<\/ul>\n","protected":false},"excerpt":{"rendered":"<p>Applique \u00e0 trois branches en laiton et abats-jour en t\u00f4le perfor\u00e9e, peinture des abats-jour d&rsquo;origine.<\/p>\n<p>Attribu\u00e9e \u00e0 Mathieu\u00a0<span class=\"il\">Mat\u00e9got<\/span>.<\/p>\n<p>France c. 1960.<\/p>\n<p><b>Dimensions<\/b><\/p>\n<ul>\n<li><b>cm:<\/b> 50 x 28 x 50<\/li>\n<li><b>inches:<\/b> 19.69 x 11.02 x 19.69<\/li>\n<\/ul>\n","protected":false},"featured_media":3383,"template":"","meta":{"_editorskit_title_hidden":false,"_editorskit_reading_time":0,"_editorskit_is_block_options_detached":false,"_editorskit_block_options_position":"{}","inline_featured_image":false},"product_brand":[],"product_cat":[264,354],"product_tag":[],"class_list":{"0":"post-3387","1":"product","2":"type-product","3":"status-publish","4":"has-post-thumbnail","6":"product_cat-luminaires","7":"product_cat-appliques","9":"first","10":"instock","11":"purchasable","12":"product-type-simple"},"_links":{"self":[{"href":"https:\/\/www.finsdesiecles-artdeco.com\/fr\/wp-json\/wp\/v2\/product\/3387","targetHints":{"allow":["GET"]}}],"collection":[{"href":"https:\/\/www.finsdesiecles-artdeco.com\/fr\/wp-json\/wp\/v2\/product"}],"about":[{"href":"https:\/\/www.finsdesiecles-artdeco.com\/fr\/wp-json\/wp\/v2\/types\/product"}],"wp:featuredmedia":[{"embeddable":true,"href":"https:\/\/www.finsdesiecles-artdeco.com\/fr\/wp-json\/wp\/v2\/media\/3383"}],"wp:attachment":[{"href":"https:\/\/www.finsdesiecles-artdeco.com\/fr\/wp-json\/wp\/v2\/media?parent=3387"}],"wp:term":[{"taxonomy":"product_brand","embeddable":true,"href":"https:\/\/www.finsdesiecles-artdeco.com\/fr\/wp-json\/wp\/v2\/product_brand?post=3387"},{"taxonomy":"product_cat","embeddable":true,"href":"https:\/\/www.finsdesiecles-artdeco.com\/fr\/wp-json\/wp\/v2\/product_cat?post=3387"},{"taxonomy":"product_tag","embeddable":true,"href":"https:\/\/www.finsdesiecles-artdeco.com\/fr\/wp-json\/wp\/v2\/product_tag?post=3387"}],"curies":[{"name":"wp","href":"https:\/\/api.w.org\/{rel}","templated":true}]}}

Applique attribuée à Mathieu Matégot

<p>Applique attribuée à Mathieu Matégot</p>
<hr />
<p><b>Dimensions</b></p>
<ul>
<li><b>cm:</b> 50 x 28 x 50</li>
<li><b>inches:</b> 19.69 x 11.02 x 19.69</li>
</ul>

<p>Applique à trois branches en laiton et abats-jour en tôle perforée, peinture des abats-jour d&rsquo;origine.</p>
<p>Attribuée à Mathieu <span class="il">Matégot</span>.</p>
<p>France c. 1960.</p>
<p><b>Dimensions</b></p>
<ul>
<li><b>cm:</b> 50 x 28 x 50</li>
<li><b>inches:</b> 19.69 x 11.02 x 19.69</li>
</ul>
