{"id":33882,"date":"2025-02-13T12:47:20","date_gmt":"2025-02-13T13:02:01","guid":{"rendered":"https:\/\/www.finsdesiecles-artdeco.com\/?post_type=product&#038;p=33882"},"modified":"2025-02-13T13:02:01","modified_gmt":"2025-02-13T13:02:01","slug":"grande-table-par-sergio-mazza-pour-arflex-italie-1962","status":"publish","type":"product","link":"https:\/\/www.finsdesiecles-artdeco.com\/fr\/product\/grande-table-par-sergio-mazza-pour-arflex-italie-1962\/","title":{"rendered":"Grande table par Sergio Mazza pour Arflex &#8211; Italie 1962"},"content":{"rendered":"<p>Grande table par Sergio Mazza pour Arflex &#8211; Italie 1962<\/p>\n<p><strong>Dimensions<\/strong><\/p>\n<p><strong>cm<\/strong>\u00a0175 x 112 x 73<\/p>\n<p><strong>inches<\/strong>\u00a068.90 x 44.09 x 28.74<\/p>\n","protected":false},"excerpt":{"rendered":"<p>Grande table \u00e0 pi\u00e8tement en acier nickel\u00e9 bross\u00e9 finissant par des boulons de r\u00e9glage en laiton. Plateau en bois massif plaqu\u00e9 de noyer, finition satin\u00e9e.<\/p>\n<p>Design: Sergio Mazza pour Arflex.<\/p>\n<p>Italie 1962.<\/p>\n<p>&nbsp;<\/p>\n<p><strong>Dimensions<\/strong><\/p>\n<p><strong>cm<\/strong>\u00a0175 x 112 x 73<\/p>\n<p><strong>inches<\/strong>\u00a068.90 x 44.09 x 28.74<\/p>\n","protected":false},"featured_media":33865,"template":"","meta":{"_editorskit_title_hidden":false,"_editorskit_reading_time":0,"_editorskit_is_block_options_detached":false,"_editorskit_block_options_position":"{}","inline_featured_image":false},"product_brand":[],"product_cat":[256,288],"product_tag":[],"class_list":{"0":"post-33882","1":"product","2":"type-product","3":"status-publish","4":"has-post-thumbnail","6":"product_cat-tables","7":"product_cat-tables-de-salle-a-manger","9":"first","10":"instock","11":"shipping-taxable","12":"purchasable","13":"product-type-simple"},"_links":{"self":[{"href":"https:\/\/www.finsdesiecles-artdeco.com\/fr\/wp-json\/wp\/v2\/product\/33882","targetHints":{"allow":["GET"]}}],"collection":[{"href":"https:\/\/www.finsdesiecles-artdeco.com\/fr\/wp-json\/wp\/v2\/product"}],"about":[{"href":"https:\/\/www.finsdesiecles-artdeco.com\/fr\/wp-json\/wp\/v2\/types\/product"}],"wp:featuredmedia":[{"embeddable":true,"href":"https:\/\/www.finsdesiecles-artdeco.com\/fr\/wp-json\/wp\/v2\/media\/33865"}],"wp:attachment":[{"href":"https:\/\/www.finsdesiecles-artdeco.com\/fr\/wp-json\/wp\/v2\/media?parent=33882"}],"wp:term":[{"taxonomy":"product_brand","embeddable":true,"href":"https:\/\/www.finsdesiecles-artdeco.com\/fr\/wp-json\/wp\/v2\/product_brand?post=33882"},{"taxonomy":"product_cat","embeddable":true,"href":"https:\/\/www.finsdesiecles-artdeco.com\/fr\/wp-json\/wp\/v2\/product_cat?post=33882"},{"taxonomy":"product_tag","embeddable":true,"href":"https:\/\/www.finsdesiecles-artdeco.com\/fr\/wp-json\/wp\/v2\/product_tag?post=33882"}],"curies":[{"name":"wp","href":"https:\/\/api.w.org\/{rel}","templated":true}]}}

<p>Grande table à piètement en acier nickelé brossé finissant par des boulons de réglage en laiton. Plateau en bois massif plaqué de noyer, finition satinée.</p>
<p>Design: Sergio Mazza pour Arflex.</p>
<p>Italie 1962.</p>
<p>&nbsp;</p>
<p><strong>Dimensions</strong></p>
<p><strong>cm</strong> 175 x 112 x 73</p>
<p><strong>inches</strong> 68.90 x 44.09 x 28.74</p>
