{"id":33943,"date":"2025-02-14T15:48:11","date_gmt":"2025-02-14T15:53:11","guid":{"rendered":"https:\/\/www.finsdesiecles-artdeco.com\/?post_type=product&#038;p=33943"},"modified":"2025-02-14T15:53:12","modified_gmt":"2025-02-14T15:53:12","slug":"petit-meuble-bar-art-deco-barcelone-1930","status":"publish","type":"product","link":"https:\/\/www.finsdesiecles-artdeco.com\/fr\/product\/petit-meuble-bar-art-deco-barcelone-1930\/","title":{"rendered":"Petit meuble-bar Art D\u00e9co &#8211; Barcelone 1930"},"content":{"rendered":"<p>Petit meuble-bar Art D\u00e9co &#8211; Barcelone 1930<\/p>\n<p><strong>Dimensions<\/strong><\/p>\n<p><strong>cm<\/strong>\u00a089 x 40 x 80<\/p>\n<p><strong>inches<\/strong>\u00a035.04 x 15.75 x 31.50<\/p>\n","protected":false},"excerpt":{"rendered":"<p>Petit meuble-bar en bois plaqu\u00e9 de noyer en partie marquet\u00e9 et d&rsquo;\u00e9rable en son centre, filets de bois clair sur le socle et le plateau, deux portes ouvrant sur le bar \u00e9quip\u00e9 d&rsquo;une glace sur le fond, de porte-verres, d&rsquo;une \u00e9paisse plaque en opaline noire et d&rsquo;un syst\u00e8me d&rsquo;\u00e9clairage automatique. Poign\u00e9es et quincaillerie en laiton nickel\u00e9. Vernis au tampon.<\/p>\n<p>Espagne, Barcelone vers 1930<\/p>\n<p>&nbsp;<\/p>\n<p><strong>Dimensions<\/strong><\/p>\n<p><strong>cm<\/strong>\u00a089 x 40 x 80<\/p>\n<p><strong>inches<\/strong>\u00a035.04 x 15.75 x 31.50<\/p>\n","protected":false},"featured_media":33923,"template":"","meta":{"_editorskit_title_hidden":false,"_editorskit_reading_time":0,"_editorskit_is_block_options_detached":false,"_editorskit_block_options_position":"{}","inline_featured_image":false},"product_brand":[],"product_cat":[276,318],"product_tag":[],"class_list":{"0":"post-33943","1":"product","2":"type-product","3":"status-publish","4":"has-post-thumbnail","6":"product_cat-auxiliaires","7":"product_cat-meubles-bar","9":"first","10":"instock","11":"shipping-taxable","12":"purchasable","13":"product-type-simple"},"_links":{"self":[{"href":"https:\/\/www.finsdesiecles-artdeco.com\/fr\/wp-json\/wp\/v2\/product\/33943","targetHints":{"allow":["GET"]}}],"collection":[{"href":"https:\/\/www.finsdesiecles-artdeco.com\/fr\/wp-json\/wp\/v2\/product"}],"about":[{"href":"https:\/\/www.finsdesiecles-artdeco.com\/fr\/wp-json\/wp\/v2\/types\/product"}],"wp:featuredmedia":[{"embeddable":true,"href":"https:\/\/www.finsdesiecles-artdeco.com\/fr\/wp-json\/wp\/v2\/media\/33923"}],"wp:attachment":[{"href":"https:\/\/www.finsdesiecles-artdeco.com\/fr\/wp-json\/wp\/v2\/media?parent=33943"}],"wp:term":[{"taxonomy":"product_brand","embeddable":true,"href":"https:\/\/www.finsdesiecles-artdeco.com\/fr\/wp-json\/wp\/v2\/product_brand?post=33943"},{"taxonomy":"product_cat","embeddable":true,"href":"https:\/\/www.finsdesiecles-artdeco.com\/fr\/wp-json\/wp\/v2\/product_cat?post=33943"},{"taxonomy":"product_tag","embeddable":true,"href":"https:\/\/www.finsdesiecles-artdeco.com\/fr\/wp-json\/wp\/v2\/product_tag?post=33943"}],"curies":[{"name":"wp","href":"https:\/\/api.w.org\/{rel}","templated":true}]}}

Petit meuble-bar Art Déco &#8211; Barcelone 1930

<p>Petit meuble-bar Art Déco &#8211; Barcelone 1930</p>
<p><strong>Dimensions</strong></p>
<p><strong>cm</strong> 89 x 40 x 80</p>
<p><strong>inches</strong> 35.04 x 15.75 x 31.50</p>

<p>Petit meuble-bar en bois plaqué de noyer en partie marqueté et d&rsquo;érable en son centre, filets de bois clair sur le socle et le plateau, deux portes ouvrant sur le bar équipé d&rsquo;une glace sur le fond, de porte-verres, d&rsquo;une épaisse plaque en opaline noire et d&rsquo;un système d&rsquo;éclairage automatique. Poignées et quincaillerie en laiton nickelé. Vernis au tampon.</p>
<p>Espagne, Barcelone vers 1930</p>
<p>&nbsp;</p>
<p><strong>Dimensions</strong></p>
<p><strong>cm</strong> 89 x 40 x 80</p>
<p><strong>inches</strong> 35.04 x 15.75 x 31.50</p>
