{"id":33994,"date":"2025-02-16T12:08:22","date_gmt":"2025-02-16T12:15:30","guid":{"rendered":"https:\/\/www.finsdesiecles-artdeco.com\/?post_type=product&#038;p=33994"},"modified":"2025-02-16T12:15:31","modified_gmt":"2025-02-16T12:15:31","slug":"grande-lampe-saturne-par-vit-kellj-italie-1970","status":"publish","type":"product","link":"https:\/\/www.finsdesiecles-artdeco.com\/fr\/product\/grande-lampe-saturne-par-vit-kellj-italie-1970\/","title":{"rendered":"Grande lampe Saturne par Vit Kellj &#8211; Italie 1970"},"content":{"rendered":"<p>Grande lampe Saturne par Vit Kellj &#8211; Italie 1970<\/p>\n<p><strong>Dimensions\u00a0<\/strong><\/p>\n<p><strong>cm<\/strong>\u00a0Diam 40,5 x 67,5<\/p>\n<p><strong>inches<\/strong>\u00a0Diam 15.94 x 26.57<\/p>\n","protected":false},"excerpt":{"rendered":"<p>Grande lampe de table \u00ab\u00a0Saturne\u00a0\u00bb en m\u00e9tal nickel\u00e9 oxyd\u00e9 et abat-jour en plexiglass tr\u00e8s \u00e9pais (les cerclages de l&rsquo;abat-jour sont en m\u00e9tal argent\u00e9 poin\u00e7onn\u00e9s).<\/p>\n<p>Design de: Vit Kellj<\/p>\n<p>Italie 1970<\/p>\n<p>&nbsp;<\/p>\n<p><strong>Dimensions\u00a0<\/strong><\/p>\n<p><strong>cm<\/strong>\u00a0Diam 40,5 x 67,5<\/p>\n<p><strong>inches<\/strong>\u00a0Diam 15.94 x 26.57<\/p>\n","protected":false},"featured_media":33968,"template":"","meta":{"_editorskit_title_hidden":false,"_editorskit_reading_time":0,"_editorskit_is_block_options_detached":false,"_editorskit_block_options_position":"{}","inline_featured_image":false},"product_brand":[],"product_cat":[333,264],"product_tag":[],"class_list":{"0":"post-33994","1":"product","2":"type-product","3":"status-publish","4":"has-post-thumbnail","6":"product_cat-lampes-de-table","7":"product_cat-luminaires","9":"first","10":"instock","11":"shipping-taxable","12":"purchasable","13":"product-type-simple"},"_links":{"self":[{"href":"https:\/\/www.finsdesiecles-artdeco.com\/fr\/wp-json\/wp\/v2\/product\/33994","targetHints":{"allow":["GET"]}}],"collection":[{"href":"https:\/\/www.finsdesiecles-artdeco.com\/fr\/wp-json\/wp\/v2\/product"}],"about":[{"href":"https:\/\/www.finsdesiecles-artdeco.com\/fr\/wp-json\/wp\/v2\/types\/product"}],"wp:featuredmedia":[{"embeddable":true,"href":"https:\/\/www.finsdesiecles-artdeco.com\/fr\/wp-json\/wp\/v2\/media\/33968"}],"wp:attachment":[{"href":"https:\/\/www.finsdesiecles-artdeco.com\/fr\/wp-json\/wp\/v2\/media?parent=33994"}],"wp:term":[{"taxonomy":"product_brand","embeddable":true,"href":"https:\/\/www.finsdesiecles-artdeco.com\/fr\/wp-json\/wp\/v2\/product_brand?post=33994"},{"taxonomy":"product_cat","embeddable":true,"href":"https:\/\/www.finsdesiecles-artdeco.com\/fr\/wp-json\/wp\/v2\/product_cat?post=33994"},{"taxonomy":"product_tag","embeddable":true,"href":"https:\/\/www.finsdesiecles-artdeco.com\/fr\/wp-json\/wp\/v2\/product_tag?post=33994"}],"curies":[{"name":"wp","href":"https:\/\/api.w.org\/{rel}","templated":true}]}}

<p>Grande lampe de table « Saturne » en métal nickelé oxydé et abat-jour en plexiglass très épais (les cerclages de l&rsquo;abat-jour sont en métal argenté poinçonnés).</p>
<p>Design de: Vit Kellj</p>
<p>Italie 1970</p>
<p>&nbsp;</p>
<p><strong>Dimensions </strong></p>
<p><strong>cm</strong> Diam 40,5 x 67,5</p>
<p><strong>inches</strong> Diam 15.94 x 26.57</p>
