{"id":34183,"date":"2025-02-27T11:40:03","date_gmt":"2025-03-01T10:48:41","guid":{"rendered":"https:\/\/www.finsdesiecles-artdeco.com\/?post_type=product&#038;p=34183"},"modified":"2025-03-01T10:48:41","modified_gmt":"2025-03-01T10:48:41","slug":"divan-deux-places-espagne-1970","status":"publish","type":"product","link":"https:\/\/www.finsdesiecles-artdeco.com\/fr\/product\/divan-deux-places-espagne-1970\/","title":{"rendered":"Divan deux places &#8211; Espagne 1970"},"content":{"rendered":"<p>Divan deux places &#8211; Espagne 1970<\/p>\n<p><strong>Dimensions<\/strong><\/p>\n<p><strong>cm<\/strong> 141 x 81 x 80,5 \/ 41 (assise)<\/p>\n<p><strong>inches<\/strong> 55.12 x 31.89 x 31.69 \/ 16.14 (assise)<\/p>\n","protected":false},"excerpt":{"rendered":"<p>Divan deux places en pin massif d\u00e9cap\u00e9 et cir\u00e9, syst\u00e8me de dossier en toile original, cousins refaits \u00e0 neuf en laine \u00ab\u00a0Astrakhan\u00a0\u00bb.<\/p>\n<p>Espagne vers 1970<\/p>\n<p>&nbsp;<\/p>\n<p><strong>Dimensions<\/strong><\/p>\n<p><strong>cm<\/strong> 141 x 81 x 80,5 \/ 41 (assise)<\/p>\n<p><strong>inches<\/strong> 55.12 x 31.89 x 31.69 \/ 16.14 (assise)<\/p>\n","protected":false},"featured_media":34178,"template":"","meta":{"_editorskit_title_hidden":false,"_editorskit_reading_time":0,"_editorskit_is_block_options_detached":false,"_editorskit_block_options_position":"{}","inline_featured_image":false},"product_brand":[],"product_cat":[250,282],"product_tag":[],"class_list":{"0":"post-34183","1":"product","2":"type-product","3":"status-publish","4":"has-post-thumbnail","6":"product_cat-sieges","7":"product_cat-sofas","9":"first","10":"instock","11":"shipping-taxable","12":"purchasable","13":"product-type-simple"},"_links":{"self":[{"href":"https:\/\/www.finsdesiecles-artdeco.com\/fr\/wp-json\/wp\/v2\/product\/34183","targetHints":{"allow":["GET"]}}],"collection":[{"href":"https:\/\/www.finsdesiecles-artdeco.com\/fr\/wp-json\/wp\/v2\/product"}],"about":[{"href":"https:\/\/www.finsdesiecles-artdeco.com\/fr\/wp-json\/wp\/v2\/types\/product"}],"wp:featuredmedia":[{"embeddable":true,"href":"https:\/\/www.finsdesiecles-artdeco.com\/fr\/wp-json\/wp\/v2\/media\/34178"}],"wp:attachment":[{"href":"https:\/\/www.finsdesiecles-artdeco.com\/fr\/wp-json\/wp\/v2\/media?parent=34183"}],"wp:term":[{"taxonomy":"product_brand","embeddable":true,"href":"https:\/\/www.finsdesiecles-artdeco.com\/fr\/wp-json\/wp\/v2\/product_brand?post=34183"},{"taxonomy":"product_cat","embeddable":true,"href":"https:\/\/www.finsdesiecles-artdeco.com\/fr\/wp-json\/wp\/v2\/product_cat?post=34183"},{"taxonomy":"product_tag","embeddable":true,"href":"https:\/\/www.finsdesiecles-artdeco.com\/fr\/wp-json\/wp\/v2\/product_tag?post=34183"}],"curies":[{"name":"wp","href":"https:\/\/api.w.org\/{rel}","templated":true}]}}

<p>Divan deux places en pin massif décapé et ciré, système de dossier en toile original, cousins refaits à neuf en laine « Astrakhan ».</p>
<p>Espagne vers 1970</p>
<p>&nbsp;</p>
<p><strong>Dimensions</strong></p>
<p><strong>cm</strong> 141 x 81 x 80,5 / 41 (assise)</p>
<p><strong>inches</strong> 55.12 x 31.89 x 31.69 / 16.14 (assise)</p>
