{"id":3448,"date":"2016-03-14T13:46:19","date_gmt":"2016-03-14T13:46:19","guid":{"rendered":"https:\/\/www.finsdesiecles-artdeco.com\/?product=chaises"},"modified":"2022-10-29T10:40:54","modified_gmt":"2022-10-29T10:40:54","slug":"serie-de-8-chaises-bistrot-numero-639-par-thonet","status":"publish","type":"product","link":"https:\/\/www.finsdesiecles-artdeco.com\/fr\/product\/serie-de-8-chaises-bistrot-numero-639-par-thonet\/","title":{"rendered":"S\u00e9rie de 8 chaises bistrot num\u00e9ro 639 par Thonet"},"content":{"rendered":"<p>S\u00e9rie de 8 chaises bistrot num\u00e9ro 639 par Thonet<\/p>\n<hr \/>\n<p><b>Dimensions<\/b><\/p>\n<ul>\n<li><b>cm:<\/b> 41 x 45 x 90 Assise 48<\/li>\n<li><b>inches:<\/b> 16.14 x 17.72 x 35.43 Assise 18.9<\/li>\n<\/ul>\n","protected":false},"excerpt":{"rendered":"<p>S\u00e9rie de 8 chaises bistrot num\u00e9ro 639, enti\u00e8rement restaur\u00e9es, revernies au tampon et tapiss\u00e9es d&rsquo;un coton greige mouchet\u00e9.<\/p>\n<p>Attribu\u00e9es \u00e0 Josef Hoffmann<\/p>\n<p>\u00c9dit\u00e9es par Thonet (\u00e9tiquettes originales \u00ab\u00a0Thonet fabriqu\u00e9 en Tchecoslovaquie\u00a0\u00bb)<\/p>\n<p>Tchecoslovaquie, 1918-20<\/p>\n<p><b>Dimensions<\/b><\/p>\n<ul>\n<li><b>cm:<\/b> 41 x 45 x 90 Assise 48<\/li>\n<li><b>inches:<\/b> 16.14 x 17.72 x 35.43 Assise 18.9<\/li>\n<\/ul>\n","protected":false},"featured_media":3438,"template":"","meta":{"_editorskit_title_hidden":false,"_editorskit_reading_time":0,"_editorskit_is_block_options_detached":false,"_editorskit_block_options_position":"{}","inline_featured_image":false},"product_brand":[],"product_cat":[250,279],"product_tag":[],"class_list":{"0":"post-3448","1":"product","2":"type-product","3":"status-publish","4":"has-post-thumbnail","6":"product_cat-sieges","7":"product_cat-chaises","9":"first","10":"instock","11":"purchasable","12":"product-type-simple"},"_links":{"self":[{"href":"https:\/\/www.finsdesiecles-artdeco.com\/fr\/wp-json\/wp\/v2\/product\/3448","targetHints":{"allow":["GET"]}}],"collection":[{"href":"https:\/\/www.finsdesiecles-artdeco.com\/fr\/wp-json\/wp\/v2\/product"}],"about":[{"href":"https:\/\/www.finsdesiecles-artdeco.com\/fr\/wp-json\/wp\/v2\/types\/product"}],"wp:featuredmedia":[{"embeddable":true,"href":"https:\/\/www.finsdesiecles-artdeco.com\/fr\/wp-json\/wp\/v2\/media\/3438"}],"wp:attachment":[{"href":"https:\/\/www.finsdesiecles-artdeco.com\/fr\/wp-json\/wp\/v2\/media?parent=3448"}],"wp:term":[{"taxonomy":"product_brand","embeddable":true,"href":"https:\/\/www.finsdesiecles-artdeco.com\/fr\/wp-json\/wp\/v2\/product_brand?post=3448"},{"taxonomy":"product_cat","embeddable":true,"href":"https:\/\/www.finsdesiecles-artdeco.com\/fr\/wp-json\/wp\/v2\/product_cat?post=3448"},{"taxonomy":"product_tag","embeddable":true,"href":"https:\/\/www.finsdesiecles-artdeco.com\/fr\/wp-json\/wp\/v2\/product_tag?post=3448"}],"curies":[{"name":"wp","href":"https:\/\/api.w.org\/{rel}","templated":true}]}}

Série de 8 chaises bistrot numéro 639 par Thonet

<p>Série de 8 chaises bistrot numéro 639 par Thonet</p>
<hr />
<p><b>Dimensions</b></p>
<ul>
<li><b>cm:</b> 41 x 45 x 90 Assise 48</li>
<li><b>inches:</b> 16.14 x 17.72 x 35.43 Assise 18.9</li>
</ul>

<p>Série de 8 chaises bistrot numéro 639, entièrement restaurées, revernies au tampon et tapissées d&rsquo;un coton greige moucheté.</p>
<p>Attribuées à Josef Hoffmann</p>
<p>Éditées par Thonet (étiquettes originales « Thonet fabriqué en Tchecoslovaquie »)</p>
<p>Tchecoslovaquie, 1918-20</p>
<p><b>Dimensions</b></p>
<ul>
<li><b>cm:</b> 41 x 45 x 90 Assise 48</li>
<li><b>inches:</b> 16.14 x 17.72 x 35.43 Assise 18.9</li>
</ul>
