{"id":34640,"date":"2025-03-26T17:19:42","date_gmt":"2025-03-26T17:26:19","guid":{"rendered":"https:\/\/www.finsdesiecles-artdeco.com\/?post_type=product&#038;p=34640"},"modified":"2025-03-26T17:26:19","modified_gmt":"2025-03-26T17:26:19","slug":"grand-bureau-plat-par-a-g-barcelona-1970","status":"publish","type":"product","link":"https:\/\/www.finsdesiecles-artdeco.com\/fr\/product\/grand-bureau-plat-par-a-g-barcelona-1970\/","title":{"rendered":"Grand bureau plat par A.G. Barcelona &#8211; 1970"},"content":{"rendered":"<p>Grand bureau plat par A.G. Barcelona &#8211; 1970<\/p>\n<p><strong>Dimensions<\/strong><\/p>\n<p><strong>cm<\/strong>\u00a0180 x 95 x 74<\/p>\n<p><strong>inches<\/strong>\u00a070.86 x 37.40 x 29.13<\/p>\n","protected":false},"excerpt":{"rendered":"<p>Grand bureau plat en placage de palissandre de Rio et h\u00eatre clair, 4 tiroirs en facade, pieds et plateau d\u00e9montables. Finition cir\u00e9e.<\/p>\n<p>Design et fabrication de A.G. Barcelona<\/p>\n<p>Espagne, Barcelone vers 1970<\/p>\n<p>&nbsp;<\/p>\n<p><strong>Dimensions<\/strong><\/p>\n<p><strong>cm<\/strong>\u00a0180 x 95 x 74<\/p>\n<p><strong>inches<\/strong>\u00a070.86 x 37.40 x 29.13<\/p>\n","protected":false},"featured_media":35110,"template":"","meta":{"_editorskit_title_hidden":false,"_editorskit_reading_time":0,"_editorskit_is_block_options_detached":false,"_editorskit_block_options_position":"{}","inline_featured_image":false},"product_brand":[],"product_cat":[256,261],"product_tag":[],"class_list":{"0":"post-34640","1":"product","2":"type-product","3":"status-publish","4":"has-post-thumbnail","6":"product_cat-tables","7":"product_cat-bureaux","9":"first","10":"instock","11":"shipping-taxable","12":"purchasable","13":"product-type-simple"},"_links":{"self":[{"href":"https:\/\/www.finsdesiecles-artdeco.com\/fr\/wp-json\/wp\/v2\/product\/34640","targetHints":{"allow":["GET"]}}],"collection":[{"href":"https:\/\/www.finsdesiecles-artdeco.com\/fr\/wp-json\/wp\/v2\/product"}],"about":[{"href":"https:\/\/www.finsdesiecles-artdeco.com\/fr\/wp-json\/wp\/v2\/types\/product"}],"wp:featuredmedia":[{"embeddable":true,"href":"https:\/\/www.finsdesiecles-artdeco.com\/fr\/wp-json\/wp\/v2\/media\/35110"}],"wp:attachment":[{"href":"https:\/\/www.finsdesiecles-artdeco.com\/fr\/wp-json\/wp\/v2\/media?parent=34640"}],"wp:term":[{"taxonomy":"product_brand","embeddable":true,"href":"https:\/\/www.finsdesiecles-artdeco.com\/fr\/wp-json\/wp\/v2\/product_brand?post=34640"},{"taxonomy":"product_cat","embeddable":true,"href":"https:\/\/www.finsdesiecles-artdeco.com\/fr\/wp-json\/wp\/v2\/product_cat?post=34640"},{"taxonomy":"product_tag","embeddable":true,"href":"https:\/\/www.finsdesiecles-artdeco.com\/fr\/wp-json\/wp\/v2\/product_tag?post=34640"}],"curies":[{"name":"wp","href":"https:\/\/api.w.org\/{rel}","templated":true}]}}

<p>Grand bureau plat en placage de palissandre de Rio et hêtre clair, 4 tiroirs en facade, pieds et plateau démontables. Finition cirée.</p>
<p>Design et fabrication de A.G. Barcelona</p>
<p>Espagne, Barcelone vers 1970</p>
<p>&nbsp;</p>
<p><strong>Dimensions</strong></p>
<p><strong>cm</strong> 180 x 95 x 74</p>
<p><strong>inches</strong> 70.86 x 37.40 x 29.13</p>
