{"id":3572,"date":"2016-05-21T16:44:24","date_gmt":"2016-05-21T16:44:24","guid":{"rendered":"https:\/\/www.finsdesiecles-artdeco.com\/?product=vases"},"modified":"2023-03-11T11:46:26","modified_gmt":"2023-03-11T11:46:26","slug":"serie-de-trois-bouteilles-de-murano-par-angelo-brotto","status":"publish","type":"product","link":"https:\/\/www.finsdesiecles-artdeco.com\/fr\/product\/serie-de-trois-bouteilles-de-murano-par-angelo-brotto\/","title":{"rendered":"S\u00e9rie de trois bouteilles de Murano par Angelo Brotto"},"content":{"rendered":"<p><strong>Angelo Brotto<\/strong> (Venise, Italie 1914 -2002)<\/p>\n<p>Designer et artiste v\u00e9nitien plus connu pour son travail du verre. Imm\u00e9diatement apr\u00e8s d\u2019avoir obtenu son dipl\u00f4me de l&rsquo;Acad\u00e9mie des Beaux-Arts de Venise en 1941, le Minist\u00e8re Italien des Affaires \u00c9trang\u00e8res lui commande de peindre des fresques au Mont\u00e9n\u00e9gro. Au cours de sa carri\u00e8re, il a remport\u00e9 de nombreux prix de design et artistiques, comme ceux de Bergame, Cr\u00e9mone, Suzzara et V\u00e9rone. Sa premi\u00e8re exposition de gravures est \u00e0 Rome. Brotto a travaill\u00e9 avec le verrier de Murano Esperia dans les ann\u00e9es 1960-70, et au cours de cette collaboration, il est devenu un concepteur d&rsquo;\u00e9clairage prolifique. Ses lampes sont rapidement acclam\u00e9es pour capter la sensibilit\u00e9 de l&rsquo;\u00e9poque, cr\u00e9er des formes modernes ludiques et artistiques, et rompre avec les modes traditionnels de fabrication du verre \u00e0 Murano.<\/p>\n","protected":false},"excerpt":{"rendered":"<p>S\u00e9rie de trois bouteilles en verre de Murano teint\u00e9 jaune, enserr\u00e9 dans une pi\u00e8ce de bronze d\u00e9corative avec signature.<\/p>\n<p>Design: Angelo Brotto<\/p>\n<p>Italie, Murano vers 1970<\/p>\n<p>&nbsp;<\/p>\n<p><strong>Dimensions<\/strong><\/p>\n<p>Grande: <strong>cm<\/strong> Diam 18 x 44\u00a0 <strong>inches <\/strong>Diam. 7.09 x 17.32<\/p>\n<p>Moyenne: <strong>cm<\/strong> Diam 15 x 34 <strong>inches<\/strong> Diam 5.9 x 13.38<\/p>\n<p>Petite:<strong> cm<\/strong> Diam 12 x 22\u00a0 <strong>inches<\/strong> Diam 4.7 x 8.6<\/p>\n","protected":false},"featured_media":29302,"template":"","meta":{"_editorskit_title_hidden":false,"_editorskit_reading_time":0,"_editorskit_is_block_options_detached":false,"_editorskit_block_options_position":"{}","inline_featured_image":false},"product_brand":[],"product_cat":[267,680],"product_tag":[],"class_list":{"0":"post-3572","1":"product","2":"type-product","3":"status-publish","4":"has-post-thumbnail","6":"product_cat-objets-et-accessoires","7":"product_cat-verre","9":"first","10":"instock","11":"purchasable","12":"product-type-simple"},"_links":{"self":[{"href":"https:\/\/www.finsdesiecles-artdeco.com\/fr\/wp-json\/wp\/v2\/product\/3572","targetHints":{"allow":["GET"]}}],"collection":[{"href":"https:\/\/www.finsdesiecles-artdeco.com\/fr\/wp-json\/wp\/v2\/product"}],"about":[{"href":"https:\/\/www.finsdesiecles-artdeco.com\/fr\/wp-json\/wp\/v2\/types\/product"}],"wp:featuredmedia":[{"embeddable":true,"href":"https:\/\/www.finsdesiecles-artdeco.com\/fr\/wp-json\/wp\/v2\/media\/29302"}],"wp:attachment":[{"href":"https:\/\/www.finsdesiecles-artdeco.com\/fr\/wp-json\/wp\/v2\/media?parent=3572"}],"wp:term":[{"taxonomy":"product_brand","embeddable":true,"href":"https:\/\/www.finsdesiecles-artdeco.com\/fr\/wp-json\/wp\/v2\/product_brand?post=3572"},{"taxonomy":"product_cat","embeddable":true,"href":"https:\/\/www.finsdesiecles-artdeco.com\/fr\/wp-json\/wp\/v2\/product_cat?post=3572"},{"taxonomy":"product_tag","embeddable":true,"href":"https:\/\/www.finsdesiecles-artdeco.com\/fr\/wp-json\/wp\/v2\/product_tag?post=3572"}],"curies":[{"name":"wp","href":"https:\/\/api.w.org\/{rel}","templated":true}]}}

Série de trois bouteilles de Murano par Angelo Brotto

<p><strong>Angelo Brotto</strong> (Venise, Italie 1914 -2002)</p>
<p>Designer et artiste vénitien plus connu pour son travail du verre. Immédiatement après d’avoir obtenu son diplôme de l&rsquo;Académie des Beaux-Arts de Venise en 1941, le Ministère Italien des Affaires Étrangères lui commande de peindre des fresques au Monténégro. Au cours de sa carrière, il a remporté de nombreux prix de design et artistiques, comme ceux de Bergame, Crémone, Suzzara et Vérone. Sa première exposition de gravures est à Rome. Brotto a travaillé avec le verrier de Murano Esperia dans les années 1960-70, et au cours de cette collaboration, il est devenu un concepteur d&rsquo;éclairage prolifique. Ses lampes sont rapidement acclamées pour capter la sensibilité de l&rsquo;époque, créer des formes modernes ludiques et artistiques, et rompre avec les modes traditionnels de fabrication du verre à Murano.</p>

<p>Série de trois bouteilles en verre de Murano teinté jaune, enserré dans une pièce de bronze décorative avec signature.</p>
<p>Design: Angelo Brotto</p>
<p>Italie, Murano vers 1970</p>
<p>&nbsp;</p>
<p><strong>Dimensions</strong></p>
<p>Grande: <strong>cm</strong> Diam 18 x 44  <strong>inches </strong>Diam. 7.09 x 17.32</p>
<p>Moyenne: <strong>cm</strong> Diam 15 x 34 <strong>inches</strong> Diam 5.9 x 13.38</p>
<p>Petite:<strong> cm</strong> Diam 12 x 22  <strong>inches</strong> Diam 4.7 x 8.6</p>
