{"id":35970,"date":"2025-06-19T11:31:27","date_gmt":"2025-06-19T12:06:14","guid":{"rendered":"https:\/\/www.finsdesiecles-artdeco.com\/?post_type=product&#038;p=35970"},"modified":"2025-06-19T12:06:14","modified_gmt":"2025-06-19T12:06:14","slug":"grande-etagere-bibliotheque-par-pierre-cruege-france-1950","status":"publish","type":"product","link":"https:\/\/www.finsdesiecles-artdeco.com\/fr\/product\/grande-etagere-bibliotheque-par-pierre-cruege-france-1950\/","title":{"rendered":"Grande \u00e9tag\u00e8re-biblioth\u00e8que par Pierre Cru\u00e8ge &#8211; France 1950"},"content":{"rendered":"<p>Grande \u00e9tag\u00e8re-biblioth\u00e8que par Pierre Cru\u00e8ge &#8211; France 1950<\/p>\n<p><strong>Dimensions\u00a0<\/strong><\/p>\n<p><strong>cm<\/strong>\u00a091 x 25\/50 x 205<\/p>\n<p><strong>inches<\/strong>\u00a035.83 x 9.84\/19.68 x 80.71<\/p>\n","protected":false},"excerpt":{"rendered":"<p>Grande \u00e9tag\u00e8re-biblioth\u00e8que en ch\u00eane massif et placage de ch\u00eane d\u00e9cap\u00e9 et ponc\u00e9.<\/p>\n<p>Mod\u00e8le de Pierre Cru\u00e8ge (1913-2003) pour les \u00e9ditions Formes.<\/p>\n<p>France 1950<\/p>\n<p>&nbsp;<\/p>\n<p><strong>Dimensions\u00a0<\/strong><\/p>\n<p><strong>cm<\/strong>\u00a091 x 25\/50 x 205<\/p>\n<p><strong>inches<\/strong>\u00a035.83 x 9.84\/19.68 x 80.71<\/p>\n","protected":false},"featured_media":35952,"template":"","meta":{"_editorskit_title_hidden":false,"_editorskit_reading_time":0,"_editorskit_is_block_options_detached":false,"_editorskit_block_options_position":"{}","inline_featured_image":false},"product_brand":[],"product_cat":[415,300],"product_tag":[],"class_list":{"0":"post-35970","1":"product","2":"type-product","3":"status-publish","4":"has-post-thumbnail","6":"product_cat-meubles-de-rangement","7":"product_cat-bibliotheques","9":"first","10":"instock","11":"shipping-taxable","12":"purchasable","13":"product-type-simple"},"_links":{"self":[{"href":"https:\/\/www.finsdesiecles-artdeco.com\/fr\/wp-json\/wp\/v2\/product\/35970","targetHints":{"allow":["GET"]}}],"collection":[{"href":"https:\/\/www.finsdesiecles-artdeco.com\/fr\/wp-json\/wp\/v2\/product"}],"about":[{"href":"https:\/\/www.finsdesiecles-artdeco.com\/fr\/wp-json\/wp\/v2\/types\/product"}],"wp:featuredmedia":[{"embeddable":true,"href":"https:\/\/www.finsdesiecles-artdeco.com\/fr\/wp-json\/wp\/v2\/media\/35952"}],"wp:attachment":[{"href":"https:\/\/www.finsdesiecles-artdeco.com\/fr\/wp-json\/wp\/v2\/media?parent=35970"}],"wp:term":[{"taxonomy":"product_brand","embeddable":true,"href":"https:\/\/www.finsdesiecles-artdeco.com\/fr\/wp-json\/wp\/v2\/product_brand?post=35970"},{"taxonomy":"product_cat","embeddable":true,"href":"https:\/\/www.finsdesiecles-artdeco.com\/fr\/wp-json\/wp\/v2\/product_cat?post=35970"},{"taxonomy":"product_tag","embeddable":true,"href":"https:\/\/www.finsdesiecles-artdeco.com\/fr\/wp-json\/wp\/v2\/product_tag?post=35970"}],"curies":[{"name":"wp","href":"https:\/\/api.w.org\/{rel}","templated":true}]}}

Grande étagère-bibliothèque par Pierre Cruège &#8211; France 1950

<p>Grande étagère-bibliothèque par Pierre Cruège &#8211; France 1950</p>
<p><strong>Dimensions </strong></p>
<p><strong>cm</strong> 91 x 25/50 x 205</p>
<p><strong>inches</strong> 35.83 x 9.84/19.68 x 80.71</p>

<p>Grande étagère-bibliothèque en chêne massif et placage de chêne décapé et poncé.</p>
<p>Modèle de Pierre Cruège (1913-2003) pour les éditions Formes.</p>
<p>France 1950</p>
<p>&nbsp;</p>
<p><strong>Dimensions </strong></p>
<p><strong>cm</strong> 91 x 25/50 x 205</p>
<p><strong>inches</strong> 35.83 x 9.84/19.68 x 80.71</p>
