{"id":36019,"date":"2025-06-19T14:42:13","date_gmt":"2025-06-19T14:47:54","guid":{"rendered":"https:\/\/www.finsdesiecles-artdeco.com\/?post_type=product&#038;p=36019"},"modified":"2025-06-19T14:47:54","modified_gmt":"2025-06-19T14:47:54","slug":"lampe-de-table-par-chauvy-france-1970","status":"publish","type":"product","link":"https:\/\/www.finsdesiecles-artdeco.com\/fr\/product\/lampe-de-table-par-chauvy-france-1970\/","title":{"rendered":"Lampe de table par Chauvy &#8211; France 1970"},"content":{"rendered":"<p>Lampe de table par Chauvy &#8211; France 1970<\/p>\n<p><strong>Dimensions\u00a0<\/strong><\/p>\n<p><strong>cm<\/strong> Diam 35 x 68,5 \u2013 Abat-jour Diam 35 x 35,5<\/p>\n<p><strong>inches<\/strong> Diam 13.78 x 26.97 \u2013 Abat-jour Diam 13.78 x 13.98<\/p>\n","protected":false},"excerpt":{"rendered":"<p>Lampe de table \u00e0 grand pied tourn\u00e9 en noyer massif surmont\u00e9 d&rsquo;un abat-jour en laines naturelles de couleurs diff\u00e9rentes .<\/p>\n<p>Sign\u00e9 C. Chauvy.<\/p>\n<p>France vers 1970.<\/p>\n<p>&nbsp;<\/p>\n<p><strong>Dimensions\u00a0<\/strong><\/p>\n<p><strong>cm<\/strong> Diam 35 x 68,5 \u2013 Abat-jour Diam 35 x 35,5<\/p>\n<p><strong>inches<\/strong> Diam 13.78 x 26.97 \u2013 Abat-jour Diam 13.78 x 13.98<\/p>\n","protected":false},"featured_media":36004,"template":"","meta":{"_editorskit_title_hidden":false,"_editorskit_reading_time":0,"_editorskit_is_block_options_detached":false,"_editorskit_block_options_position":"{}","inline_featured_image":false},"product_brand":[],"product_cat":[333,264],"product_tag":[],"class_list":{"0":"post-36019","1":"product","2":"type-product","3":"status-publish","4":"has-post-thumbnail","6":"product_cat-lampes-de-table","7":"product_cat-luminaires","9":"first","10":"outofstock","11":"shipping-taxable","12":"product-type-simple"},"_links":{"self":[{"href":"https:\/\/www.finsdesiecles-artdeco.com\/fr\/wp-json\/wp\/v2\/product\/36019","targetHints":{"allow":["GET"]}}],"collection":[{"href":"https:\/\/www.finsdesiecles-artdeco.com\/fr\/wp-json\/wp\/v2\/product"}],"about":[{"href":"https:\/\/www.finsdesiecles-artdeco.com\/fr\/wp-json\/wp\/v2\/types\/product"}],"wp:featuredmedia":[{"embeddable":true,"href":"https:\/\/www.finsdesiecles-artdeco.com\/fr\/wp-json\/wp\/v2\/media\/36004"}],"wp:attachment":[{"href":"https:\/\/www.finsdesiecles-artdeco.com\/fr\/wp-json\/wp\/v2\/media?parent=36019"}],"wp:term":[{"taxonomy":"product_brand","embeddable":true,"href":"https:\/\/www.finsdesiecles-artdeco.com\/fr\/wp-json\/wp\/v2\/product_brand?post=36019"},{"taxonomy":"product_cat","embeddable":true,"href":"https:\/\/www.finsdesiecles-artdeco.com\/fr\/wp-json\/wp\/v2\/product_cat?post=36019"},{"taxonomy":"product_tag","embeddable":true,"href":"https:\/\/www.finsdesiecles-artdeco.com\/fr\/wp-json\/wp\/v2\/product_tag?post=36019"}],"curies":[{"name":"wp","href":"https:\/\/api.w.org\/{rel}","templated":true}]}}

<p>Lampe de table à grand pied tourné en noyer massif surmonté d&rsquo;un abat-jour en laines naturelles de couleurs différentes .</p>
<p>Signé C. Chauvy.</p>
<p>France vers 1970.</p>
<p>&nbsp;</p>
<p><strong>Dimensions </strong></p>
<p><strong>cm</strong> Diam 35 x 68,5 – Abat-jour Diam 35 x 35,5</p>
<p><strong>inches</strong> Diam 13.78 x 26.97 – Abat-jour Diam 13.78 x 13.98</p>
