{"id":36086,"date":"2025-06-22T11:32:42","date_gmt":"2025-06-22T11:39:28","guid":{"rendered":"https:\/\/www.finsdesiecles-artdeco.com\/?post_type=product&#038;p=36086"},"modified":"2025-06-22T13:12:14","modified_gmt":"2025-06-22T13:12:14","slug":"chaises-en-hetre-courbe-par-stella-france-1950","status":"publish","type":"product","link":"https:\/\/www.finsdesiecles-artdeco.com\/fr\/product\/chaises-en-hetre-courbe-par-stella-france-1950\/","title":{"rendered":"Chaises en h\u00eatre courb\u00e9 par Stella &#8211; France 1950"},"content":{"rendered":"<p>Chaises en h\u00eatre courb\u00e9 par Stella &#8211; France 1950<\/p>\n<p><strong>Dimensions<\/strong><\/p>\n<p><strong>cm<\/strong> 43 x 54 x 79 \u2013 44 (assise)<\/p>\n<p><strong>inches<\/strong> 16.93 x 21.26 x 31.10 \u2013 17.32 (assise)<\/p>\n","protected":false},"excerpt":{"rendered":"<p>Spectaculaires chaises en h\u00eatre courb\u00e9 et assise en contreplaqu\u00e9 thermoform\u00e9.<\/p>\n<p>Fabricant: Stella (etiquette)<\/p>\n<p>France d\u00e9but des ann\u00e9es 50<\/p>\n<h3><strong>Prix par unit\u00e9<\/strong><\/h3>\n<p>Disponibles 3 unit\u00e9s<\/p>\n<p>&nbsp;<\/p>\n<p><strong>Dimensions<\/strong><\/p>\n<p><strong>cm<\/strong> 43 x 54 x 79 \u2013 44 (assise)<\/p>\n<p><strong>inches<\/strong> 16.93 x 21.26 x 31.10 \u2013 17.32 (assise)<\/p>\n","protected":false},"featured_media":36057,"template":"","meta":{"_editorskit_title_hidden":false,"_editorskit_reading_time":0,"_editorskit_is_block_options_detached":false,"_editorskit_block_options_position":"{}","inline_featured_image":false},"product_brand":[],"product_cat":[250,279],"product_tag":[],"class_list":{"0":"post-36086","1":"product","2":"type-product","3":"status-publish","4":"has-post-thumbnail","6":"product_cat-sieges","7":"product_cat-chaises","9":"first","10":"instock","11":"shipping-taxable","12":"purchasable","13":"product-type-simple"},"_links":{"self":[{"href":"https:\/\/www.finsdesiecles-artdeco.com\/fr\/wp-json\/wp\/v2\/product\/36086","targetHints":{"allow":["GET"]}}],"collection":[{"href":"https:\/\/www.finsdesiecles-artdeco.com\/fr\/wp-json\/wp\/v2\/product"}],"about":[{"href":"https:\/\/www.finsdesiecles-artdeco.com\/fr\/wp-json\/wp\/v2\/types\/product"}],"wp:featuredmedia":[{"embeddable":true,"href":"https:\/\/www.finsdesiecles-artdeco.com\/fr\/wp-json\/wp\/v2\/media\/36057"}],"wp:attachment":[{"href":"https:\/\/www.finsdesiecles-artdeco.com\/fr\/wp-json\/wp\/v2\/media?parent=36086"}],"wp:term":[{"taxonomy":"product_brand","embeddable":true,"href":"https:\/\/www.finsdesiecles-artdeco.com\/fr\/wp-json\/wp\/v2\/product_brand?post=36086"},{"taxonomy":"product_cat","embeddable":true,"href":"https:\/\/www.finsdesiecles-artdeco.com\/fr\/wp-json\/wp\/v2\/product_cat?post=36086"},{"taxonomy":"product_tag","embeddable":true,"href":"https:\/\/www.finsdesiecles-artdeco.com\/fr\/wp-json\/wp\/v2\/product_tag?post=36086"}],"curies":[{"name":"wp","href":"https:\/\/api.w.org\/{rel}","templated":true}]}}

Chaises en hêtre courbé par Stella &#8211; France 1950

<p>Chaises en hêtre courbé par Stella &#8211; France 1950</p>
<p><strong>Dimensions</strong></p>
<p><strong>cm</strong> 43 x 54 x 79 – 44 (assise)</p>
<p><strong>inches</strong> 16.93 x 21.26 x 31.10 – 17.32 (assise)</p>

<p>Spectaculaires chaises en hêtre courbé et assise en contreplaqué thermoformé.</p>
<p>Fabricant: Stella (etiquette)</p>
<p>France début des années 50</p>
<h3><strong>Prix par unité</strong></h3>
<p>Disponibles 3 unités</p>
<p>&nbsp;</p>
<p><strong>Dimensions</strong></p>
<p><strong>cm</strong> 43 x 54 x 79 – 44 (assise)</p>
<p><strong>inches</strong> 16.93 x 21.26 x 31.10 – 17.32 (assise)</p>
