{"id":36691,"date":"2025-08-02T10:51:15","date_gmt":"2025-08-02T10:56:18","guid":{"rendered":"https:\/\/www.finsdesiecles-artdeco.com\/?post_type=product&#038;p=36691"},"modified":"2025-08-02T10:58:03","modified_gmt":"2025-08-02T10:58:03","slug":"meuble-bar-par-paolo-buffa-italie-1940","status":"publish","type":"product","link":"https:\/\/www.finsdesiecles-artdeco.com\/fr\/product\/meuble-bar-par-paolo-buffa-italie-1940\/","title":{"rendered":"Meuble bar par Paolo Buffa &#8211; Italie 1940"},"content":{"rendered":"<p>Meuble bar par Paolo Buffa &#8211; Italie 1940<\/p>\n<p><strong>Dimensions<\/strong><\/p>\n<p><strong>cm<\/strong>\u00a0137 x 45 x 135<\/p>\n<p><strong>inches<\/strong>\u00a053.94 x 17.72 x 53.15<\/p>\n","protected":false},"excerpt":{"rendered":"<p>Spectaculaire meuble bar en acajou massif, marqueterie en losanges d&rsquo;acajou et marqueterie de laiton. D\u00e9corations et pieds en laiton poli, int\u00e9rieur en citronnier et marqueterie d&rsquo;acajou, miroir d\u00e9cor\u00e9 de losanges, petit plateau de service en citronnier massif, lumi\u00e8re int\u00e8gr\u00e9e. Vernis au tampon.<br \/>\nTravail de Paolo Buffa<\/p>\n<p>Italie vers 1940<\/p>\n<p>&nbsp;<\/p>\n<p><strong>Dimensions<\/strong><\/p>\n<p><strong>cm<\/strong>\u00a0137 x 45 x 135<\/p>\n<p><strong>inches<\/strong>\u00a053.94 x 17.72 x 53.15<\/p>\n","protected":false},"featured_media":36696,"template":"","meta":{"_editorskit_title_hidden":false,"_editorskit_reading_time":0,"_editorskit_is_block_options_detached":false,"_editorskit_block_options_position":"{}","inline_featured_image":false},"product_brand":[],"product_cat":[276,318],"product_tag":[],"class_list":{"0":"post-36691","1":"product","2":"type-product","3":"status-publish","4":"has-post-thumbnail","6":"product_cat-auxiliaires","7":"product_cat-meubles-bar","9":"first","10":"instock","11":"shipping-taxable","12":"purchasable","13":"product-type-simple"},"_links":{"self":[{"href":"https:\/\/www.finsdesiecles-artdeco.com\/fr\/wp-json\/wp\/v2\/product\/36691","targetHints":{"allow":["GET"]}}],"collection":[{"href":"https:\/\/www.finsdesiecles-artdeco.com\/fr\/wp-json\/wp\/v2\/product"}],"about":[{"href":"https:\/\/www.finsdesiecles-artdeco.com\/fr\/wp-json\/wp\/v2\/types\/product"}],"wp:featuredmedia":[{"embeddable":true,"href":"https:\/\/www.finsdesiecles-artdeco.com\/fr\/wp-json\/wp\/v2\/media\/36696"}],"wp:attachment":[{"href":"https:\/\/www.finsdesiecles-artdeco.com\/fr\/wp-json\/wp\/v2\/media?parent=36691"}],"wp:term":[{"taxonomy":"product_brand","embeddable":true,"href":"https:\/\/www.finsdesiecles-artdeco.com\/fr\/wp-json\/wp\/v2\/product_brand?post=36691"},{"taxonomy":"product_cat","embeddable":true,"href":"https:\/\/www.finsdesiecles-artdeco.com\/fr\/wp-json\/wp\/v2\/product_cat?post=36691"},{"taxonomy":"product_tag","embeddable":true,"href":"https:\/\/www.finsdesiecles-artdeco.com\/fr\/wp-json\/wp\/v2\/product_tag?post=36691"}],"curies":[{"name":"wp","href":"https:\/\/api.w.org\/{rel}","templated":true}]}}

<p>Spectaculaire meuble bar en acajou massif, marqueterie en losanges d&rsquo;acajou et marqueterie de laiton. Décorations et pieds en laiton poli, intérieur en citronnier et marqueterie d&rsquo;acajou, miroir décoré de losanges, petit plateau de service en citronnier massif, lumière intègrée. Vernis au tampon.<br />
Travail de Paolo Buffa</p>
<p>Italie vers 1940</p>
<p>&nbsp;</p>
<p><strong>Dimensions</strong></p>
<p><strong>cm</strong> 137 x 45 x 135</p>
<p><strong>inches</strong> 53.94 x 17.72 x 53.15</p>
