{"id":36996,"date":"2025-08-13T11:35:20","date_gmt":"2025-08-13T11:47:44","guid":{"rendered":"https:\/\/www.finsdesiecles-artdeco.com\/?post_type=product&#038;p=36996"},"modified":"2025-08-13T12:08:21","modified_gmt":"2025-08-13T12:08:21","slug":"lampe-en-argent-massif-par-casa-bagues-barcelone-1960","status":"publish","type":"product","link":"https:\/\/www.finsdesiecles-artdeco.com\/fr\/product\/lampe-en-argent-massif-par-casa-bagues-barcelone-1960\/","title":{"rendered":"Lampe en argent massif par Casa Bagu\u00e9s &#8211; Barcelone 1960"},"content":{"rendered":"<p>Lampe en argent massif par Casa Bagu\u00e9s &#8211; Barcelone 1960<\/p>\n<p><strong>Dimensions\u00a0<\/strong><\/p>\n<p><strong>cm<\/strong>\u00a0Diam 50 x 60,5<\/p>\n<p><strong>inches<\/strong>\u00a0Diam 19.69 x 23.82<\/p>\n","protected":false},"excerpt":{"rendered":"<p>Grande lampe de table en argent massif, base et cabochons en \u00e9mail rouge, \u00e9lectricit\u00e9 et abat-jour refaits \u00e0 neuf. Tampons illisibles.<\/p>\n<p>Casa Bagu\u00e9s<\/p>\n<p>Espagne, Barcelone vers 1960<\/p>\n<p>&nbsp;<\/p>\n<p><strong>Dimensions\u00a0<\/strong><\/p>\n<p><strong>cm<\/strong>\u00a0Diam 50 x 60,5<\/p>\n<p><strong>inches<\/strong>\u00a0Diam 19.69 x 23.82<\/p>\n","protected":false},"featured_media":36999,"template":"","meta":{"_editorskit_title_hidden":false,"_editorskit_reading_time":0,"_editorskit_is_block_options_detached":false,"_editorskit_block_options_position":"{}","inline_featured_image":false},"product_brand":[],"product_cat":[333,264],"product_tag":[],"class_list":{"0":"post-36996","1":"product","2":"type-product","3":"status-publish","4":"has-post-thumbnail","6":"product_cat-lampes-de-table","7":"product_cat-luminaires","9":"first","10":"instock","11":"shipping-taxable","12":"purchasable","13":"product-type-simple"},"_links":{"self":[{"href":"https:\/\/www.finsdesiecles-artdeco.com\/fr\/wp-json\/wp\/v2\/product\/36996","targetHints":{"allow":["GET"]}}],"collection":[{"href":"https:\/\/www.finsdesiecles-artdeco.com\/fr\/wp-json\/wp\/v2\/product"}],"about":[{"href":"https:\/\/www.finsdesiecles-artdeco.com\/fr\/wp-json\/wp\/v2\/types\/product"}],"wp:featuredmedia":[{"embeddable":true,"href":"https:\/\/www.finsdesiecles-artdeco.com\/fr\/wp-json\/wp\/v2\/media\/36999"}],"wp:attachment":[{"href":"https:\/\/www.finsdesiecles-artdeco.com\/fr\/wp-json\/wp\/v2\/media?parent=36996"}],"wp:term":[{"taxonomy":"product_brand","embeddable":true,"href":"https:\/\/www.finsdesiecles-artdeco.com\/fr\/wp-json\/wp\/v2\/product_brand?post=36996"},{"taxonomy":"product_cat","embeddable":true,"href":"https:\/\/www.finsdesiecles-artdeco.com\/fr\/wp-json\/wp\/v2\/product_cat?post=36996"},{"taxonomy":"product_tag","embeddable":true,"href":"https:\/\/www.finsdesiecles-artdeco.com\/fr\/wp-json\/wp\/v2\/product_tag?post=36996"}],"curies":[{"name":"wp","href":"https:\/\/api.w.org\/{rel}","templated":true}]}}

Lampe en argent massif par Casa Bagués &#8211; Barcelone 1960

<p>Lampe en argent massif par Casa Bagués &#8211; Barcelone 1960</p>
<p><strong>Dimensions </strong></p>
<p><strong>cm</strong> Diam 50 x 60,5</p>
<p><strong>inches</strong> Diam 19.69 x 23.82</p>

<p>Grande lampe de table en argent massif, base et cabochons en émail rouge, électricité et abat-jour refaits à neuf. Tampons illisibles.</p>
<p>Casa Bagués</p>
<p>Espagne, Barcelone vers 1960</p>
<p>&nbsp;</p>
<p><strong>Dimensions </strong></p>
<p><strong>cm</strong> Diam 50 x 60,5</p>
<p><strong>inches</strong> Diam 19.69 x 23.82</p>
