{"id":37282,"date":"2025-09-03T10:09:02","date_gmt":"2025-09-03T10:15:13","guid":{"rendered":"https:\/\/www.finsdesiecles-artdeco.com\/?post_type=product&#038;p=37282"},"modified":"2025-09-03T10:15:13","modified_gmt":"2025-09-03T10:15:13","slug":"bureau-art-deco-france-1920","status":"publish","type":"product","link":"https:\/\/www.finsdesiecles-artdeco.com\/fr\/product\/bureau-art-deco-france-1920\/","title":{"rendered":"Bureau Art D\u00e9co &#8211; France 1920"},"content":{"rendered":"<p>Bureau Art D\u00e9co &#8211; France 1920<\/p>\n<p><strong>Dimensions<\/strong><\/p>\n<p><strong>cm<\/strong>\u00a0142 x 75 x 80<\/p>\n<p><strong>inches<\/strong>\u00a055.90 x 29.53 x 31.50<\/p>\n","protected":false},"excerpt":{"rendered":"<p>Bureau Art D\u00e9co en acajou massif teint\u00e9 et verni au tampon, int\u00e9rieur en ch\u00eane massif ouvrant sur 4 tiroirs ou 2 \u00e9tag\u00e8res, plaques et moulures d\u00e9coratives en bois dor\u00e9 originales, socle en laiton poli, plaques d&rsquo;entr\u00e9es de serrure au motif de lotus en laiton poli. Sous-main de couleur verte original sur le plateau.<\/p>\n<p>France vers 1920<\/p>\n<p>&nbsp;<\/p>\n<p><strong>Dimensions<\/strong><\/p>\n<p><strong>cm<\/strong>\u00a0142 x 75 x 80<\/p>\n<p><strong>inches<\/strong>\u00a055.90 x 29.53 x 31.50<\/p>\n","protected":false},"featured_media":37250,"template":"","meta":{"_editorskit_title_hidden":false,"_editorskit_reading_time":0,"_editorskit_is_block_options_detached":false,"_editorskit_block_options_position":"{}","inline_featured_image":false},"product_brand":[],"product_cat":[256,261],"product_tag":[],"class_list":{"0":"post-37282","1":"product","2":"type-product","3":"status-publish","4":"has-post-thumbnail","6":"product_cat-tables","7":"product_cat-bureaux","9":"first","10":"instock","11":"shipping-taxable","12":"purchasable","13":"product-type-simple"},"_links":{"self":[{"href":"https:\/\/www.finsdesiecles-artdeco.com\/fr\/wp-json\/wp\/v2\/product\/37282","targetHints":{"allow":["GET"]}}],"collection":[{"href":"https:\/\/www.finsdesiecles-artdeco.com\/fr\/wp-json\/wp\/v2\/product"}],"about":[{"href":"https:\/\/www.finsdesiecles-artdeco.com\/fr\/wp-json\/wp\/v2\/types\/product"}],"wp:featuredmedia":[{"embeddable":true,"href":"https:\/\/www.finsdesiecles-artdeco.com\/fr\/wp-json\/wp\/v2\/media\/37250"}],"wp:attachment":[{"href":"https:\/\/www.finsdesiecles-artdeco.com\/fr\/wp-json\/wp\/v2\/media?parent=37282"}],"wp:term":[{"taxonomy":"product_brand","embeddable":true,"href":"https:\/\/www.finsdesiecles-artdeco.com\/fr\/wp-json\/wp\/v2\/product_brand?post=37282"},{"taxonomy":"product_cat","embeddable":true,"href":"https:\/\/www.finsdesiecles-artdeco.com\/fr\/wp-json\/wp\/v2\/product_cat?post=37282"},{"taxonomy":"product_tag","embeddable":true,"href":"https:\/\/www.finsdesiecles-artdeco.com\/fr\/wp-json\/wp\/v2\/product_tag?post=37282"}],"curies":[{"name":"wp","href":"https:\/\/api.w.org\/{rel}","templated":true}]}}

Bureau Art Déco &#8211; France 1920

<p>Bureau Art Déco &#8211; France 1920</p>
<p><strong>Dimensions</strong></p>
<p><strong>cm</strong> 142 x 75 x 80</p>
<p><strong>inches</strong> 55.90 x 29.53 x 31.50</p>

<p>Bureau Art Déco en acajou massif teinté et verni au tampon, intérieur en chêne massif ouvrant sur 4 tiroirs ou 2 étagères, plaques et moulures décoratives en bois doré originales, socle en laiton poli, plaques d&rsquo;entrées de serrure au motif de lotus en laiton poli. Sous-main de couleur verte original sur le plateau.</p>
<p>France vers 1920</p>
<p>&nbsp;</p>
<p><strong>Dimensions</strong></p>
<p><strong>cm</strong> 142 x 75 x 80</p>
<p><strong>inches</strong> 55.90 x 29.53 x 31.50</p>
