{"id":37364,"date":"2025-09-09T12:13:01","date_gmt":"2025-09-09T12:18:31","guid":{"rendered":"https:\/\/www.finsdesiecles-artdeco.com\/?post_type=product&#038;p=37364"},"modified":"2025-09-09T12:18:32","modified_gmt":"2025-09-09T12:18:32","slug":"paire-de-chevets-espagne-1970","status":"publish","type":"product","link":"https:\/\/www.finsdesiecles-artdeco.com\/fr\/product\/paire-de-chevets-espagne-1970\/","title":{"rendered":"Paire de chevets &#8211; Espagne 1970"},"content":{"rendered":"<p>Paire de chevets &#8211; Espagne 1970<\/p>\n<p><strong>Dimensions<\/strong><\/p>\n<p><strong>cm<\/strong> 55,5 x 37 + 2 poign\u00e9es x 62,5 + 11,5 lampes<\/p>\n<p><strong>inches<\/strong> 21.85 x 14.57 + 0.79 poign\u00e9es x 24.60 + 4.53 lampes<\/p>\n","protected":false},"excerpt":{"rendered":"<p>Paire de chevets en bois massif et agglom\u00e8r\u00e9 laqu\u00e9 orange, poign\u00e9es et d\u00e9corations en m\u00e9tal nickel\u00e9, lampes en m\u00e9tal nickel\u00e9 et mati\u00e8re plastique.<\/p>\n<p>Espagne 1970<\/p>\n<p>&nbsp;<\/p>\n<p><strong>Dimensions<\/strong><\/p>\n<p><strong>cm<\/strong> 55,5 x 37 + 2 poign\u00e9es x 62,5 + 11,5 lampes<\/p>\n<p><strong>inches<\/strong> 21.85 x 14.57 + 0.79 poign\u00e9es x 24.60 + 4.53 lampes<\/p>\n","protected":false},"featured_media":37367,"template":"","meta":{"_editorskit_title_hidden":false,"_editorskit_reading_time":0,"_editorskit_is_block_options_detached":false,"_editorskit_block_options_position":"{}","inline_featured_image":false},"product_brand":[],"product_cat":[415,256,270,312],"product_tag":[],"class_list":{"0":"post-37364","1":"product","2":"type-product","3":"status-publish","4":"has-post-thumbnail","6":"product_cat-meubles-de-rangement","7":"product_cat-tables","8":"product_cat-chambres-a-coucher","9":"product_cat-tables-de-nuit","11":"first","12":"instock","13":"shipping-taxable","14":"purchasable","15":"product-type-simple"},"_links":{"self":[{"href":"https:\/\/www.finsdesiecles-artdeco.com\/fr\/wp-json\/wp\/v2\/product\/37364","targetHints":{"allow":["GET"]}}],"collection":[{"href":"https:\/\/www.finsdesiecles-artdeco.com\/fr\/wp-json\/wp\/v2\/product"}],"about":[{"href":"https:\/\/www.finsdesiecles-artdeco.com\/fr\/wp-json\/wp\/v2\/types\/product"}],"wp:featuredmedia":[{"embeddable":true,"href":"https:\/\/www.finsdesiecles-artdeco.com\/fr\/wp-json\/wp\/v2\/media\/37367"}],"wp:attachment":[{"href":"https:\/\/www.finsdesiecles-artdeco.com\/fr\/wp-json\/wp\/v2\/media?parent=37364"}],"wp:term":[{"taxonomy":"product_brand","embeddable":true,"href":"https:\/\/www.finsdesiecles-artdeco.com\/fr\/wp-json\/wp\/v2\/product_brand?post=37364"},{"taxonomy":"product_cat","embeddable":true,"href":"https:\/\/www.finsdesiecles-artdeco.com\/fr\/wp-json\/wp\/v2\/product_cat?post=37364"},{"taxonomy":"product_tag","embeddable":true,"href":"https:\/\/www.finsdesiecles-artdeco.com\/fr\/wp-json\/wp\/v2\/product_tag?post=37364"}],"curies":[{"name":"wp","href":"https:\/\/api.w.org\/{rel}","templated":true}]}}

<p>Paire de chevets &#8211; Espagne 1970</p>
<p><strong>Dimensions</strong></p>
<p><strong>cm</strong> 55,5 x 37 + 2 poignées x 62,5 + 11,5 lampes</p>
<p><strong>inches</strong> 21.85 x 14.57 + 0.79 poignées x 24.60 + 4.53 lampes</p>

<p>Paire de chevets en bois massif et agglomèré laqué orange, poignées et décorations en métal nickelé, lampes en métal nickelé et matière plastique.</p>
<p>Espagne 1970</p>
<p>&nbsp;</p>
<p><strong>Dimensions</strong></p>
<p><strong>cm</strong> 55,5 x 37 + 2 poignées x 62,5 + 11,5 lampes</p>
<p><strong>inches</strong> 21.85 x 14.57 + 0.79 poignées x 24.60 + 4.53 lampes</p>
