{"id":37418,"date":"2025-09-10T14:18:31","date_gmt":"2025-09-10T14:24:34","guid":{"rendered":"https:\/\/www.finsdesiecles-artdeco.com\/?post_type=product&#038;p=37418"},"modified":"2025-09-10T14:33:05","modified_gmt":"2025-09-10T14:33:05","slug":"paire-de-chevets-art-deco-barcelone-1930","status":"publish","type":"product","link":"https:\/\/www.finsdesiecles-artdeco.com\/fr\/product\/paire-de-chevets-art-deco-barcelone-1930\/","title":{"rendered":"Paire de chevets Art D\u00e9co &#8211; Barcelone 1930"},"content":{"rendered":"<p>Paire de chevets Art D\u00e9co &#8211; Barcelone 1930<\/p>\n<p><strong>Dimensions<\/strong><\/p>\n<p><strong>cm<\/strong> 56 x 34 + 3 (poign\u00e9es) x 61,5<\/p>\n<p><strong>inches<\/strong> 22.05 x 13.39 + 0.79 (poign\u00e9es) x 24.21<\/p>\n","protected":false},"excerpt":{"rendered":"<p>Paire de chevets Art D\u00e9co en acajou massif et placage d&rsquo;acajou teint\u00e9 et verni au tampon. Deux tiroirs et un espace de rangement int\u00e9rieur en bois clair. Poign\u00e9es en laiton nickel\u00e9.<\/p>\n<p>Espagne, Barcelone vers 1930<\/p>\n<p>&nbsp;<\/p>\n<p><strong>Dimensions<\/strong><\/p>\n<p><strong>cm<\/strong> 56 x 34 + 3 (poign\u00e9es) x 61,5<\/p>\n<p><strong>inches<\/strong> 22.05 x 13.39 + 0.79 (poign\u00e9es) x 24.21<\/p>\n","protected":false},"featured_media":37389,"template":"","meta":{"_editorskit_title_hidden":false,"_editorskit_reading_time":0,"_editorskit_is_block_options_detached":false,"_editorskit_block_options_position":"{}","inline_featured_image":false},"product_brand":[],"product_cat":[415,256,270,312],"product_tag":[],"class_list":{"0":"post-37418","1":"product","2":"type-product","3":"status-publish","4":"has-post-thumbnail","6":"product_cat-meubles-de-rangement","7":"product_cat-tables","8":"product_cat-chambres-a-coucher","9":"product_cat-tables-de-nuit","11":"first","12":"instock","13":"shipping-taxable","14":"purchasable","15":"product-type-simple"},"_links":{"self":[{"href":"https:\/\/www.finsdesiecles-artdeco.com\/fr\/wp-json\/wp\/v2\/product\/37418","targetHints":{"allow":["GET"]}}],"collection":[{"href":"https:\/\/www.finsdesiecles-artdeco.com\/fr\/wp-json\/wp\/v2\/product"}],"about":[{"href":"https:\/\/www.finsdesiecles-artdeco.com\/fr\/wp-json\/wp\/v2\/types\/product"}],"wp:featuredmedia":[{"embeddable":true,"href":"https:\/\/www.finsdesiecles-artdeco.com\/fr\/wp-json\/wp\/v2\/media\/37389"}],"wp:attachment":[{"href":"https:\/\/www.finsdesiecles-artdeco.com\/fr\/wp-json\/wp\/v2\/media?parent=37418"}],"wp:term":[{"taxonomy":"product_brand","embeddable":true,"href":"https:\/\/www.finsdesiecles-artdeco.com\/fr\/wp-json\/wp\/v2\/product_brand?post=37418"},{"taxonomy":"product_cat","embeddable":true,"href":"https:\/\/www.finsdesiecles-artdeco.com\/fr\/wp-json\/wp\/v2\/product_cat?post=37418"},{"taxonomy":"product_tag","embeddable":true,"href":"https:\/\/www.finsdesiecles-artdeco.com\/fr\/wp-json\/wp\/v2\/product_tag?post=37418"}],"curies":[{"name":"wp","href":"https:\/\/api.w.org\/{rel}","templated":true}]}}

Paire de chevets Art Déco &#8211; Barcelone 1930

<p>Paire de chevets Art Déco &#8211; Barcelone 1930</p>
<p><strong>Dimensions</strong></p>
<p><strong>cm</strong> 56 x 34 + 3 (poignées) x 61,5</p>
<p><strong>inches</strong> 22.05 x 13.39 + 0.79 (poignées) x 24.21</p>

<p>Paire de chevets Art Déco en acajou massif et placage d&rsquo;acajou teinté et verni au tampon. Deux tiroirs et un espace de rangement intérieur en bois clair. Poignées en laiton nickelé.</p>
<p>Espagne, Barcelone vers 1930</p>
<p>&nbsp;</p>
<p><strong>Dimensions</strong></p>
<p><strong>cm</strong> 56 x 34 + 3 (poignées) x 61,5</p>
<p><strong>inches</strong> 22.05 x 13.39 + 0.79 (poignées) x 24.21</p>
