{"id":37508,"date":"2025-09-18T11:34:07","date_gmt":"2025-09-18T11:38:41","guid":{"rendered":"https:\/\/www.finsdesiecles-artdeco.com\/?post_type=product&#038;p=37508"},"modified":"2025-09-18T11:38:41","modified_gmt":"2025-09-18T11:38:41","slug":"lampadaire-en-laiton-poli-france-1950","status":"publish","type":"product","link":"https:\/\/www.finsdesiecles-artdeco.com\/fr\/product\/lampadaire-en-laiton-poli-france-1950\/","title":{"rendered":"Lampadaire en laiton poli &#8211; France 1950"},"content":{"rendered":"<p>Lampadaire en laiton poli &#8211; France 1950<\/p>\n<p><strong>Dimensions<\/strong><\/p>\n<p><strong>cm<\/strong>\u00a0Diam 54 x 171,5<\/p>\n<p><strong>inches<\/strong>\u00a0Diam 21.26 x 67.52<\/p>\n","protected":false},"excerpt":{"rendered":"<p>Lampadaire en laiton poli et laque vert c\u00e9ladon, interrupteur et douille en bak\u00e9lite, abat-jour refait \u00e0 neuf vert et dor\u00e9.<\/p>\n<p>France vers 1950<\/p>\n<p>&nbsp;<\/p>\n<p><strong>Dimensions<\/strong><\/p>\n<p><strong>cm<\/strong>\u00a0Diam 54 x 171,5<\/p>\n<p><strong>inches<\/strong>\u00a0Diam 21.26 x 67.52<\/p>\n","protected":false},"featured_media":37485,"template":"","meta":{"_editorskit_title_hidden":false,"_editorskit_reading_time":0,"_editorskit_is_block_options_detached":false,"_editorskit_block_options_position":"{}","inline_featured_image":false},"product_brand":[],"product_cat":[330,264],"product_tag":[],"class_list":{"0":"post-37508","1":"product","2":"type-product","3":"status-publish","4":"has-post-thumbnail","6":"product_cat-lampadaires","7":"product_cat-luminaires","9":"first","10":"instock","11":"shipping-taxable","12":"purchasable","13":"product-type-simple"},"_links":{"self":[{"href":"https:\/\/www.finsdesiecles-artdeco.com\/fr\/wp-json\/wp\/v2\/product\/37508","targetHints":{"allow":["GET"]}}],"collection":[{"href":"https:\/\/www.finsdesiecles-artdeco.com\/fr\/wp-json\/wp\/v2\/product"}],"about":[{"href":"https:\/\/www.finsdesiecles-artdeco.com\/fr\/wp-json\/wp\/v2\/types\/product"}],"wp:featuredmedia":[{"embeddable":true,"href":"https:\/\/www.finsdesiecles-artdeco.com\/fr\/wp-json\/wp\/v2\/media\/37485"}],"wp:attachment":[{"href":"https:\/\/www.finsdesiecles-artdeco.com\/fr\/wp-json\/wp\/v2\/media?parent=37508"}],"wp:term":[{"taxonomy":"product_brand","embeddable":true,"href":"https:\/\/www.finsdesiecles-artdeco.com\/fr\/wp-json\/wp\/v2\/product_brand?post=37508"},{"taxonomy":"product_cat","embeddable":true,"href":"https:\/\/www.finsdesiecles-artdeco.com\/fr\/wp-json\/wp\/v2\/product_cat?post=37508"},{"taxonomy":"product_tag","embeddable":true,"href":"https:\/\/www.finsdesiecles-artdeco.com\/fr\/wp-json\/wp\/v2\/product_tag?post=37508"}],"curies":[{"name":"wp","href":"https:\/\/api.w.org\/{rel}","templated":true}]}}

<p>Lampadaire en laiton poli et laque vert céladon, interrupteur et douille en bakélite, abat-jour refait à neuf vert et doré.</p>
<p>France vers 1950</p>
<p>&nbsp;</p>
<p><strong>Dimensions</strong></p>
<p><strong>cm</strong> Diam 54 x 171,5</p>
<p><strong>inches</strong> Diam 21.26 x 67.52</p>
