{"id":37817,"date":"2025-10-01T11:28:18","date_gmt":"2025-10-01T11:35:16","guid":{"rendered":"https:\/\/www.finsdesiecles-artdeco.com\/?post_type=product&#038;p=37817"},"modified":"2025-10-01T11:35:17","modified_gmt":"2025-10-01T11:35:17","slug":"coiffeuse-art-deco-france-1930","status":"publish","type":"product","link":"https:\/\/www.finsdesiecles-artdeco.com\/fr\/product\/coiffeuse-art-deco-france-1930\/","title":{"rendered":"Coiffeuse Art D\u00e9co &#8211; France 1930"},"content":{"rendered":"<p>Coiffeuse Art D\u00e9co &#8211; France 1930<\/p>\n<p><strong>Dimensions<\/strong><\/p>\n<p><strong>Total\u00a0<\/strong><\/p>\n<p><strong>cm<\/strong> 145 x 35,5 (31 + 4,5 poign\u00e9es) x 152<\/p>\n<p><strong>inches<\/strong> 50.09 x 13.98 (12.21 + 1.77 poign\u00e9es) x 59.84<\/p>\n<p><strong>Blocs lat\u00e9raux<\/strong><\/p>\n<p><strong>cm<\/strong> 44,5 x 35,5 (31 + 4,5 poign\u00e9es) x 65<\/p>\n<p><strong>inches<\/strong> 17.52 x 13.98 (12.21 + 1.77 poign\u00e9es) x 25.59<\/p>\n<p><strong>Miroir<\/strong><\/p>\n<p><strong>cm<\/strong>\u00a056 x 3 x 152<\/p>\n<p><strong>inches<\/strong>\u00a022.05 x 1.18 x 59.84<\/p>\n","protected":false},"excerpt":{"rendered":"<p>Coiffeuse en fr\u00eane massif plaqu\u00e9 de bouleau, glace biseaut\u00e9e inclinable, poign\u00e9es en fr\u00eane et m\u00e9tal nickel\u00e9, tubes d\u00e9coratifs en m\u00e9tal nickel\u00e9. Finition cir\u00e9e satin\u00e9.<\/p>\n<p>France 1930.<\/p>\n<p>Armoire assortie.<\/p>\n<p>&nbsp;<\/p>\n<p><strong>Dimensions<\/strong><\/p>\n<p><strong>Total\u00a0<\/strong><\/p>\n<p><strong>cm<\/strong> 145 x 35,5 (31 + 4,5 poign\u00e9es) x 152<\/p>\n<p><strong>inches<\/strong> 50.09 x 13.98 (12.21 + 1.77 poign\u00e9es) x 59.84<\/p>\n<p><strong>Blocs lat\u00e9raux<\/strong><\/p>\n<p><strong>cm<\/strong> 44,5 x 35,5 (31 + 4,5 poign\u00e9es) x 65<\/p>\n<p><strong>inches<\/strong> 17.52 x 13.98 (12.21 + 1.77 poign\u00e9es) x 25.59<\/p>\n<p><strong>Miroir<\/strong><\/p>\n<p><strong>cm<\/strong>\u00a056 x 3 x 152<\/p>\n<p><strong>inches<\/strong>\u00a022.05 x 1.18 x 59.84<\/p>\n","protected":false},"featured_media":37788,"template":"","meta":{"_editorskit_title_hidden":false,"_editorskit_reading_time":0,"_editorskit_is_block_options_detached":false,"_editorskit_block_options_position":"{}","inline_featured_image":false},"product_brand":[],"product_cat":[448,276],"product_tag":[],"class_list":{"0":"post-37817","1":"product","2":"type-product","3":"status-publish","4":"has-post-thumbnail","6":"product_cat-coiffeuses","7":"product_cat-auxiliaires","9":"first","10":"instock","11":"shipping-taxable","12":"purchasable","13":"product-type-simple"},"_links":{"self":[{"href":"https:\/\/www.finsdesiecles-artdeco.com\/fr\/wp-json\/wp\/v2\/product\/37817","targetHints":{"allow":["GET"]}}],"collection":[{"href":"https:\/\/www.finsdesiecles-artdeco.com\/fr\/wp-json\/wp\/v2\/product"}],"about":[{"href":"https:\/\/www.finsdesiecles-artdeco.com\/fr\/wp-json\/wp\/v2\/types\/product"}],"wp:featuredmedia":[{"embeddable":true,"href":"https:\/\/www.finsdesiecles-artdeco.com\/fr\/wp-json\/wp\/v2\/media\/37788"}],"wp:attachment":[{"href":"https:\/\/www.finsdesiecles-artdeco.com\/fr\/wp-json\/wp\/v2\/media?parent=37817"}],"wp:term":[{"taxonomy":"product_brand","embeddable":true,"href":"https:\/\/www.finsdesiecles-artdeco.com\/fr\/wp-json\/wp\/v2\/product_brand?post=37817"},{"taxonomy":"product_cat","embeddable":true,"href":"https:\/\/www.finsdesiecles-artdeco.com\/fr\/wp-json\/wp\/v2\/product_cat?post=37817"},{"taxonomy":"product_tag","embeddable":true,"href":"https:\/\/www.finsdesiecles-artdeco.com\/fr\/wp-json\/wp\/v2\/product_tag?post=37817"}],"curies":[{"name":"wp","href":"https:\/\/api.w.org\/{rel}","templated":true}]}}

Coiffeuse Art Déco &#8211; France 1930

<p>Coiffeuse Art Déco &#8211; France 1930</p>
<p><strong>Dimensions</strong></p>
<p><strong>Total </strong></p>
<p><strong>cm</strong> 145 x 35,5 (31 + 4,5 poignées) x 152</p>
<p><strong>inches</strong> 50.09 x 13.98 (12.21 + 1.77 poignées) x 59.84</p>
<p><strong>Blocs latéraux</strong></p>
<p><strong>cm</strong> 44,5 x 35,5 (31 + 4,5 poignées) x 65</p>
<p><strong>inches</strong> 17.52 x 13.98 (12.21 + 1.77 poignées) x 25.59</p>
<p><strong>Miroir</strong></p>
<p><strong>cm</strong> 56 x 3 x 152</p>
<p><strong>inches</strong> 22.05 x 1.18 x 59.84</p>

<p>Coiffeuse en frêne massif plaqué de bouleau, glace biseautée inclinable, poignées en frêne et métal nickelé, tubes décoratifs en métal nickelé. Finition cirée satiné.</p>
<p>France 1930.</p>
<p>Armoire assortie.</p>
<p>&nbsp;</p>
<p><strong>Dimensions</strong></p>
<p><strong>Total </strong></p>
<p><strong>cm</strong> 145 x 35,5 (31 + 4,5 poignées) x 152</p>
<p><strong>inches</strong> 50.09 x 13.98 (12.21 + 1.77 poignées) x 59.84</p>
<p><strong>Blocs latéraux</strong></p>
<p><strong>cm</strong> 44,5 x 35,5 (31 + 4,5 poignées) x 65</p>
<p><strong>inches</strong> 17.52 x 13.98 (12.21 + 1.77 poignées) x 25.59</p>
<p><strong>Miroir</strong></p>
<p><strong>cm</strong> 56 x 3 x 152</p>
<p><strong>inches</strong> 22.05 x 1.18 x 59.84</p>
