{"id":37863,"date":"2025-10-01T14:17:59","date_gmt":"2025-10-01T14:24:48","guid":{"rendered":"https:\/\/www.finsdesiecles-artdeco.com\/?post_type=product&#038;p=37863"},"modified":"2025-10-01T14:24:48","modified_gmt":"2025-10-01T14:24:48","slug":"petite-console-en-teck-italie-1950","status":"publish","type":"product","link":"https:\/\/www.finsdesiecles-artdeco.com\/fr\/product\/petite-console-en-teck-italie-1950\/","title":{"rendered":"Petite console en teck &#8211; Italie 1950"},"content":{"rendered":"<p>Petite console en teck &#8211; Italie 1950<\/p>\n<p><strong>Dimensions:<\/strong><\/p>\n<p><strong>cm<\/strong> 90 x 33.5 x 80.5 (plateau) 90 (pieds)<\/p>\n<p><strong>inches<\/strong> 35.43 x 13.19 x 31.69 (plateau) \/ 35.43 (pieds)<\/p>\n","protected":false},"excerpt":{"rendered":"<p>Petite console en teck massif et placage de teck finition cir\u00e9e satin\u00e9, acier noirci et cache-vis en laiton. Enti\u00e8rement d\u00e9montable.<\/p>\n<p>Italie vers 1950<\/p>\n<p><strong>Dimensions <\/strong><\/p>\n<p><strong>cm<\/strong> 90 x 33,5 x 80,5 (plateau) 90 (pieds)<\/p>\n<p><strong>inches<\/strong> 35.43 x 13.19 x 31.69 (plateau) \/ 35.43 (pieds)<\/p>\n","protected":false},"featured_media":37860,"template":"","meta":{"_editorskit_title_hidden":false,"_editorskit_reading_time":0,"_editorskit_is_block_options_detached":false,"_editorskit_block_options_position":"{}","inline_featured_image":false},"product_brand":[],"product_cat":[256,324],"product_tag":[],"class_list":{"0":"post-37863","1":"product","2":"type-product","3":"status-publish","4":"has-post-thumbnail","6":"product_cat-tables","7":"product_cat-consoles","9":"first","10":"outofstock","11":"shipping-taxable","12":"product-type-simple"},"_links":{"self":[{"href":"https:\/\/www.finsdesiecles-artdeco.com\/fr\/wp-json\/wp\/v2\/product\/37863","targetHints":{"allow":["GET"]}}],"collection":[{"href":"https:\/\/www.finsdesiecles-artdeco.com\/fr\/wp-json\/wp\/v2\/product"}],"about":[{"href":"https:\/\/www.finsdesiecles-artdeco.com\/fr\/wp-json\/wp\/v2\/types\/product"}],"wp:featuredmedia":[{"embeddable":true,"href":"https:\/\/www.finsdesiecles-artdeco.com\/fr\/wp-json\/wp\/v2\/media\/37860"}],"wp:attachment":[{"href":"https:\/\/www.finsdesiecles-artdeco.com\/fr\/wp-json\/wp\/v2\/media?parent=37863"}],"wp:term":[{"taxonomy":"product_brand","embeddable":true,"href":"https:\/\/www.finsdesiecles-artdeco.com\/fr\/wp-json\/wp\/v2\/product_brand?post=37863"},{"taxonomy":"product_cat","embeddable":true,"href":"https:\/\/www.finsdesiecles-artdeco.com\/fr\/wp-json\/wp\/v2\/product_cat?post=37863"},{"taxonomy":"product_tag","embeddable":true,"href":"https:\/\/www.finsdesiecles-artdeco.com\/fr\/wp-json\/wp\/v2\/product_tag?post=37863"}],"curies":[{"name":"wp","href":"https:\/\/api.w.org\/{rel}","templated":true}]}}

<p>Petite console en teck massif et placage de teck finition cirée satiné, acier noirci et cache-vis en laiton. Entièrement démontable.</p>
<p>Italie vers 1950</p>
<p><strong>Dimensions </strong></p>
<p><strong>cm</strong> 90 x 33,5 x 80,5 (plateau) 90 (pieds)</p>
<p><strong>inches</strong> 35.43 x 13.19 x 31.69 (plateau) / 35.43 (pieds)</p>
