{"id":37882,"date":"2025-10-01T15:23:31","date_gmt":"2025-10-01T15:43:35","guid":{"rendered":"https:\/\/www.finsdesiecles-artdeco.com\/?post_type=product&#038;p=37882"},"modified":"2026-02-28T15:36:10","modified_gmt":"2026-02-28T15:36:10","slug":"petit-lustre-par-gaetano-sciolari-italie-1960","status":"publish","type":"product","link":"https:\/\/www.finsdesiecles-artdeco.com\/fr\/product\/petit-lustre-par-gaetano-sciolari-italie-1960\/","title":{"rendered":"Petit lustre par Gaetano Sciolari &#8211; Italie 1960"},"content":{"rendered":"<p>Petit lustre par Gaetano Sciolari &#8211; Italie 1960<\/p>\n<p><b>Dimensions<\/b><\/p>\n<p><b>cm:<\/b>\u00a0Diam 33 x 97<\/p>\n<p><b>inches:<\/b>\u00a0Diam 12.99 x 38.19<\/p>\n","protected":false},"excerpt":{"rendered":"<p>Lustre \u00e0 trois niveaux de tubes en m\u00e9tal chrom\u00e9 avec boules de verre, six points de lumi\u00e8re.<\/p>\n<p>Design: Gaetano Sciolari.<\/p>\n<p>Italie vers 1960<\/p>\n<p>&nbsp;<\/p>\n<p><b>Dimensions<\/b><\/p>\n<p><b>cm:<\/b>\u00a0Diam 33 x 97<\/p>\n<p><b>inches:<\/b>\u00a0Diam 12.99 x 38.19<\/p>\n","protected":false},"featured_media":37868,"template":"","meta":{"_editorskit_title_hidden":false,"_editorskit_reading_time":0,"_editorskit_is_block_options_detached":false,"_editorskit_block_options_position":"{}","inline_featured_image":false},"product_brand":[],"product_cat":[327,264],"product_tag":[],"class_list":{"0":"post-37882","1":"product","2":"type-product","3":"status-publish","4":"has-post-thumbnail","6":"product_cat-lustres","7":"product_cat-luminaires","9":"first","10":"instock","11":"shipping-taxable","12":"purchasable","13":"product-type-simple"},"_links":{"self":[{"href":"https:\/\/www.finsdesiecles-artdeco.com\/fr\/wp-json\/wp\/v2\/product\/37882","targetHints":{"allow":["GET"]}}],"collection":[{"href":"https:\/\/www.finsdesiecles-artdeco.com\/fr\/wp-json\/wp\/v2\/product"}],"about":[{"href":"https:\/\/www.finsdesiecles-artdeco.com\/fr\/wp-json\/wp\/v2\/types\/product"}],"wp:featuredmedia":[{"embeddable":true,"href":"https:\/\/www.finsdesiecles-artdeco.com\/fr\/wp-json\/wp\/v2\/media\/37868"}],"wp:attachment":[{"href":"https:\/\/www.finsdesiecles-artdeco.com\/fr\/wp-json\/wp\/v2\/media?parent=37882"}],"wp:term":[{"taxonomy":"product_brand","embeddable":true,"href":"https:\/\/www.finsdesiecles-artdeco.com\/fr\/wp-json\/wp\/v2\/product_brand?post=37882"},{"taxonomy":"product_cat","embeddable":true,"href":"https:\/\/www.finsdesiecles-artdeco.com\/fr\/wp-json\/wp\/v2\/product_cat?post=37882"},{"taxonomy":"product_tag","embeddable":true,"href":"https:\/\/www.finsdesiecles-artdeco.com\/fr\/wp-json\/wp\/v2\/product_tag?post=37882"}],"curies":[{"name":"wp","href":"https:\/\/api.w.org\/{rel}","templated":true}]}}

<p>Lustre à trois niveaux de tubes en métal chromé avec boules de verre, six points de lumière.</p>
<p>Design: Gaetano Sciolari.</p>
<p>Italie vers 1960</p>
<p>&nbsp;</p>
<p><b>Dimensions</b></p>
<p><b>cm:</b> Diam 33 x 97</p>
<p><b>inches:</b> Diam 12.99 x 38.19</p>
