{"id":38111,"date":"2025-10-14T14:01:50","date_gmt":"2025-10-14T14:28:08","guid":{"rendered":"https:\/\/www.finsdesiecles-artdeco.com\/?post_type=product&#038;p=38111"},"modified":"2025-10-14T14:28:08","modified_gmt":"2025-10-14T14:28:08","slug":"grand-porte-manteaux-italie-1950","status":"publish","type":"product","link":"https:\/\/www.finsdesiecles-artdeco.com\/fr\/product\/grand-porte-manteaux-italie-1950\/","title":{"rendered":"Grand porte-manteaux &#8211; Italie 1950"},"content":{"rendered":"<p>Grand porte-manteaux &#8211; Italie 1950<\/p>\n<p><strong>Dimensions<\/strong><\/p>\n<p><strong>cm<\/strong>\u00a0149 x 25 x 178,5<\/p>\n<p><strong>inches<\/strong>\u00a058.66 x 9.84 x 70.28<\/p>\n","protected":false},"excerpt":{"rendered":"<p>Grand porte-manteaux en acajou teint\u00e9 et cir\u00e9, pat\u00e8res et d\u00e9tails en laiton, tapisserie et garnissage refaits \u00e0 neuf en tissu bouclettes jaune-dor\u00e9. Tablette en verre sur le dessus.<\/p>\n<p>Italie vers 1950<\/p>\n<p>&nbsp;<\/p>\n<p><strong>Dimensions<\/strong><\/p>\n<p><strong>cm<\/strong>\u00a0149 x 25 x 178,5<\/p>\n<p><strong>inches<\/strong>\u00a058.66 x 9.84 x 70.28<\/p>\n","protected":false},"featured_media":38091,"template":"","meta":{"_editorskit_title_hidden":false,"_editorskit_reading_time":0,"_editorskit_is_block_options_detached":false,"_editorskit_block_options_position":"{}","inline_featured_image":false},"product_brand":[],"product_cat":[686],"product_tag":[],"class_list":{"0":"post-38111","1":"product","2":"type-product","3":"status-publish","4":"has-post-thumbnail","6":"product_cat-divers","8":"first","9":"instock","10":"shipping-taxable","11":"purchasable","12":"product-type-simple"},"_links":{"self":[{"href":"https:\/\/www.finsdesiecles-artdeco.com\/fr\/wp-json\/wp\/v2\/product\/38111","targetHints":{"allow":["GET"]}}],"collection":[{"href":"https:\/\/www.finsdesiecles-artdeco.com\/fr\/wp-json\/wp\/v2\/product"}],"about":[{"href":"https:\/\/www.finsdesiecles-artdeco.com\/fr\/wp-json\/wp\/v2\/types\/product"}],"wp:featuredmedia":[{"embeddable":true,"href":"https:\/\/www.finsdesiecles-artdeco.com\/fr\/wp-json\/wp\/v2\/media\/38091"}],"wp:attachment":[{"href":"https:\/\/www.finsdesiecles-artdeco.com\/fr\/wp-json\/wp\/v2\/media?parent=38111"}],"wp:term":[{"taxonomy":"product_brand","embeddable":true,"href":"https:\/\/www.finsdesiecles-artdeco.com\/fr\/wp-json\/wp\/v2\/product_brand?post=38111"},{"taxonomy":"product_cat","embeddable":true,"href":"https:\/\/www.finsdesiecles-artdeco.com\/fr\/wp-json\/wp\/v2\/product_cat?post=38111"},{"taxonomy":"product_tag","embeddable":true,"href":"https:\/\/www.finsdesiecles-artdeco.com\/fr\/wp-json\/wp\/v2\/product_tag?post=38111"}],"curies":[{"name":"wp","href":"https:\/\/api.w.org\/{rel}","templated":true}]}}

<p>Grand porte-manteaux en acajou teinté et ciré, patères et détails en laiton, tapisserie et garnissage refaits à neuf en tissu bouclettes jaune-doré. Tablette en verre sur le dessus.</p>
<p>Italie vers 1950</p>
<p>&nbsp;</p>
<p><strong>Dimensions</strong></p>
<p><strong>cm</strong> 149 x 25 x 178,5</p>
<p><strong>inches</strong> 58.66 x 9.84 x 70.28</p>
