{"id":38298,"date":"2025-10-23T11:46:11","date_gmt":"2025-10-23T11:51:18","guid":{"rendered":"https:\/\/www.finsdesiecles-artdeco.com\/?post_type=product&#038;p=38298"},"modified":"2025-10-23T11:51:18","modified_gmt":"2025-10-23T11:51:18","slug":"miroir-a-encadrement-miroite-espagne-1960","status":"publish","type":"product","link":"https:\/\/www.finsdesiecles-artdeco.com\/fr\/product\/miroir-a-encadrement-miroite-espagne-1960\/","title":{"rendered":"Miroir \u00e0 encadrement miroit\u00e9 &#8211; Espagne 1960"},"content":{"rendered":"<p>Miroir \u00e0 encadrement miroit\u00e9 &#8211; Espagne 1960<\/p>\n<p><strong>Dimensions<\/strong><\/p>\n<p><strong>cm<\/strong>\u00a0Diam 62 x 2<\/p>\n<p><strong>inches<\/strong>\u00a0Diam 24.41 x 0.79<\/p>\n","protected":false},"excerpt":{"rendered":"<p>Miroir \u00e0 encadrement en verre miroit\u00e9 orange, finitions nickel\u00e9es.<\/p>\n<p>Espagne vers 1960.<\/p>\n<p>&nbsp;<\/p>\n<p><strong>Dimensions<\/strong><\/p>\n<p><strong>cm<\/strong>\u00a0Diam 62 x 2<\/p>\n<p><strong>inches<\/strong>\u00a0Diam 24.41 x 0.79<\/p>\n","protected":false},"featured_media":38284,"template":"","meta":{"_editorskit_title_hidden":false,"_editorskit_reading_time":0,"_editorskit_is_block_options_detached":false,"_editorskit_block_options_position":"{}","inline_featured_image":false},"product_brand":[],"product_cat":[454,342],"product_tag":[],"class_list":{"0":"post-38298","1":"product","2":"type-product","3":"status-publish","4":"has-post-thumbnail","6":"product_cat-miroirs-fr","7":"product_cat-miroirs","9":"first","10":"instock","11":"shipping-taxable","12":"purchasable","13":"product-type-simple"},"_links":{"self":[{"href":"https:\/\/www.finsdesiecles-artdeco.com\/fr\/wp-json\/wp\/v2\/product\/38298","targetHints":{"allow":["GET"]}}],"collection":[{"href":"https:\/\/www.finsdesiecles-artdeco.com\/fr\/wp-json\/wp\/v2\/product"}],"about":[{"href":"https:\/\/www.finsdesiecles-artdeco.com\/fr\/wp-json\/wp\/v2\/types\/product"}],"wp:featuredmedia":[{"embeddable":true,"href":"https:\/\/www.finsdesiecles-artdeco.com\/fr\/wp-json\/wp\/v2\/media\/38284"}],"wp:attachment":[{"href":"https:\/\/www.finsdesiecles-artdeco.com\/fr\/wp-json\/wp\/v2\/media?parent=38298"}],"wp:term":[{"taxonomy":"product_brand","embeddable":true,"href":"https:\/\/www.finsdesiecles-artdeco.com\/fr\/wp-json\/wp\/v2\/product_brand?post=38298"},{"taxonomy":"product_cat","embeddable":true,"href":"https:\/\/www.finsdesiecles-artdeco.com\/fr\/wp-json\/wp\/v2\/product_cat?post=38298"},{"taxonomy":"product_tag","embeddable":true,"href":"https:\/\/www.finsdesiecles-artdeco.com\/fr\/wp-json\/wp\/v2\/product_tag?post=38298"}],"curies":[{"name":"wp","href":"https:\/\/api.w.org\/{rel}","templated":true}]}}

Miroir à encadrement miroité &#8211; Espagne 1960

<p>Miroir à encadrement miroité &#8211; Espagne 1960</p>
<p><strong>Dimensions</strong></p>
<p><strong>cm</strong> Diam 62 x 2</p>
<p><strong>inches</strong> Diam 24.41 x 0.79</p>

<p>Miroir à encadrement en verre miroité orange, finitions nickelées.</p>
<p>Espagne vers 1960.</p>
<p>&nbsp;</p>
<p><strong>Dimensions</strong></p>
<p><strong>cm</strong> Diam 62 x 2</p>
<p><strong>inches</strong> Diam 24.41 x 0.79</p>
