{"id":38328,"date":"2025-10-23T14:07:57","date_gmt":"2025-10-23T14:13:25","guid":{"rendered":"https:\/\/www.finsdesiecles-artdeco.com\/?post_type=product&#038;p=38328"},"modified":"2025-10-23T15:00:12","modified_gmt":"2025-10-23T15:00:12","slug":"lampe-de-bureau-quick-1500-par-alfred-muller-suisse-1930","status":"publish","type":"product","link":"https:\/\/www.finsdesiecles-artdeco.com\/fr\/product\/lampe-de-bureau-quick-1500-par-alfred-muller-suisse-1930\/","title":{"rendered":"Lampe de bureau Quick 1500 par Alfred M\u00fcller &#8211; Suisse 1930"},"content":{"rendered":"<p>Lampe de bureau Quick 1500 par Alfred M\u00fcller &#8211; Suisse 1930<\/p>\n<p><strong>Dimensions<\/strong><\/p>\n<p><strong>cm<\/strong>\u00a062\/36 x 32,5 x 58\/45<\/p>\n<p><strong>inches<\/strong>\u00a024.41\/14.17 x 12.80 x 22.83\/17.72<\/p>\n","protected":false},"excerpt":{"rendered":"<p>Lampe de bureau Art D\u00e9co doublement orientable et r\u00e9glable en hauteur en m\u00e9tal laqu\u00e9 noir et m\u00e9tal chrom\u00e9.<\/p>\n<p>Mod\u00e8le Quick 1500 de Alfred M\u00fcller &#8211; AMBA<\/p>\n<p>Suisse 1930<\/p>\n<p>&nbsp;<\/p>\n<p><strong>Dimensions<\/strong><\/p>\n<p><strong>cm<\/strong>\u00a062\/36 x 32,5 x 58\/45<\/p>\n<p><strong>inches<\/strong>\u00a024.41\/14.17 x 12.80 x 22.83\/17.72<\/p>\n","protected":false},"featured_media":38302,"template":"","meta":{"_editorskit_title_hidden":false,"_editorskit_reading_time":0,"_editorskit_is_block_options_detached":false,"_editorskit_block_options_position":"{}","inline_featured_image":false},"product_brand":[],"product_cat":[333,264],"product_tag":[],"class_list":{"0":"post-38328","1":"product","2":"type-product","3":"status-publish","4":"has-post-thumbnail","6":"product_cat-lampes-de-table","7":"product_cat-luminaires","9":"first","10":"instock","11":"shipping-taxable","12":"purchasable","13":"product-type-simple"},"_links":{"self":[{"href":"https:\/\/www.finsdesiecles-artdeco.com\/fr\/wp-json\/wp\/v2\/product\/38328","targetHints":{"allow":["GET"]}}],"collection":[{"href":"https:\/\/www.finsdesiecles-artdeco.com\/fr\/wp-json\/wp\/v2\/product"}],"about":[{"href":"https:\/\/www.finsdesiecles-artdeco.com\/fr\/wp-json\/wp\/v2\/types\/product"}],"wp:featuredmedia":[{"embeddable":true,"href":"https:\/\/www.finsdesiecles-artdeco.com\/fr\/wp-json\/wp\/v2\/media\/38302"}],"wp:attachment":[{"href":"https:\/\/www.finsdesiecles-artdeco.com\/fr\/wp-json\/wp\/v2\/media?parent=38328"}],"wp:term":[{"taxonomy":"product_brand","embeddable":true,"href":"https:\/\/www.finsdesiecles-artdeco.com\/fr\/wp-json\/wp\/v2\/product_brand?post=38328"},{"taxonomy":"product_cat","embeddable":true,"href":"https:\/\/www.finsdesiecles-artdeco.com\/fr\/wp-json\/wp\/v2\/product_cat?post=38328"},{"taxonomy":"product_tag","embeddable":true,"href":"https:\/\/www.finsdesiecles-artdeco.com\/fr\/wp-json\/wp\/v2\/product_tag?post=38328"}],"curies":[{"name":"wp","href":"https:\/\/api.w.org\/{rel}","templated":true}]}}

Lampe de bureau Quick 1500 par Alfred Müller &#8211; Suisse 1930

<p>Lampe de bureau Quick 1500 par Alfred Müller &#8211; Suisse 1930</p>
<p><strong>Dimensions</strong></p>
<p><strong>cm</strong> 62/36 x 32,5 x 58/45</p>
<p><strong>inches</strong> 24.41/14.17 x 12.80 x 22.83/17.72</p>

<p>Lampe de bureau Art Déco doublement orientable et réglable en hauteur en métal laqué noir et métal chromé.</p>
<p>Modèle Quick 1500 de Alfred Müller &#8211; AMBA</p>
<p>Suisse 1930</p>
<p>&nbsp;</p>
<p><strong>Dimensions</strong></p>
<p><strong>cm</strong> 62/36 x 32,5 x 58/45</p>
<p><strong>inches</strong> 24.41/14.17 x 12.80 x 22.83/17.72</p>
