{"id":3836,"date":"2017-02-08T19:13:11","date_gmt":"2017-02-08T19:13:11","guid":{"rendered":"https:\/\/www.finsdesiecles-artdeco.com\/?product=lampes-de-table"},"modified":"2022-11-03T11:10:19","modified_gmt":"2022-11-03T11:10:19","slug":"lampe-de-table-reedition-mazda","status":"publish","type":"product","link":"https:\/\/www.finsdesiecles-artdeco.com\/fr\/product\/lampe-de-table-reedition-mazda\/","title":{"rendered":"Lampe de table\u00a0r\u00e9\u00e9dition Mazda"},"content":{"rendered":"<p>Lampe de table r\u00e9\u00e9dition Mazda<\/p>\n<hr \/>\n<p><b>Dimensions<\/b><\/p>\n<ul>\n<li><b>cm:<\/b> Diam 25 x 78<\/li>\n<li><b>inches:<\/b> Diam 9.84 x 30.71<\/li>\n<\/ul>\n","protected":false},"excerpt":{"rendered":"<p>Grande lampe de table en bois laqu\u00e9 noir, m\u00e9tal chrom\u00e9 et opaline, r\u00e9\u00e9dition du mod\u00e8le Mazda.<\/p>\n<p>Allemagne fin 20\u00e8me.<\/p>\n<p><b>Dimensions<\/b><\/p>\n<ul>\n<li><b>cm:<\/b> Diam 25 x 78<\/li>\n<li><b>inches:<\/b> Diam 9.84 x 30.71<\/li>\n<\/ul>\n","protected":false},"featured_media":3830,"template":"","meta":{"_editorskit_title_hidden":false,"_editorskit_reading_time":0,"_editorskit_is_block_options_detached":false,"_editorskit_block_options_position":"{}","inline_featured_image":false},"product_brand":[],"product_cat":[264,333],"product_tag":[],"class_list":{"0":"post-3836","1":"product","2":"type-product","3":"status-publish","4":"has-post-thumbnail","6":"product_cat-luminaires","7":"product_cat-lampes-de-table","9":"first","10":"instock","11":"purchasable","12":"product-type-simple"},"_links":{"self":[{"href":"https:\/\/www.finsdesiecles-artdeco.com\/fr\/wp-json\/wp\/v2\/product\/3836","targetHints":{"allow":["GET"]}}],"collection":[{"href":"https:\/\/www.finsdesiecles-artdeco.com\/fr\/wp-json\/wp\/v2\/product"}],"about":[{"href":"https:\/\/www.finsdesiecles-artdeco.com\/fr\/wp-json\/wp\/v2\/types\/product"}],"wp:featuredmedia":[{"embeddable":true,"href":"https:\/\/www.finsdesiecles-artdeco.com\/fr\/wp-json\/wp\/v2\/media\/3830"}],"wp:attachment":[{"href":"https:\/\/www.finsdesiecles-artdeco.com\/fr\/wp-json\/wp\/v2\/media?parent=3836"}],"wp:term":[{"taxonomy":"product_brand","embeddable":true,"href":"https:\/\/www.finsdesiecles-artdeco.com\/fr\/wp-json\/wp\/v2\/product_brand?post=3836"},{"taxonomy":"product_cat","embeddable":true,"href":"https:\/\/www.finsdesiecles-artdeco.com\/fr\/wp-json\/wp\/v2\/product_cat?post=3836"},{"taxonomy":"product_tag","embeddable":true,"href":"https:\/\/www.finsdesiecles-artdeco.com\/fr\/wp-json\/wp\/v2\/product_tag?post=3836"}],"curies":[{"name":"wp","href":"https:\/\/api.w.org\/{rel}","templated":true}]}}

Lampe de table réédition Mazda

<p>Lampe de table réédition Mazda</p>
<hr />
<p><b>Dimensions</b></p>
<ul>
<li><b>cm:</b> Diam 25 x 78</li>
<li><b>inches:</b> Diam 9.84 x 30.71</li>
</ul>

<p>Grande lampe de table en bois laqué noir, métal chromé et opaline, réédition du modèle Mazda.</p>
<p>Allemagne fin 20ème.</p>
<p><b>Dimensions</b></p>
<ul>
<li><b>cm:</b> Diam 25 x 78</li>
<li><b>inches:</b> Diam 9.84 x 30.71</li>
</ul>
