{"id":38408,"date":"2025-10-25T14:43:54","date_gmt":"2025-10-25T14:48:07","guid":{"rendered":"https:\/\/www.finsdesiecles-artdeco.com\/?post_type=product&#038;p=38408"},"modified":"2025-10-25T14:56:55","modified_gmt":"2025-10-25T14:56:55","slug":"serie-de-fauteuils-bas-espagne-1960","status":"publish","type":"product","link":"https:\/\/www.finsdesiecles-artdeco.com\/fr\/product\/serie-de-fauteuils-bas-espagne-1960\/","title":{"rendered":"S\u00e9rie de fauteuils bas &#8211; Espagne 1960"},"content":{"rendered":"<p>S\u00e9rie de fauteuils bas &#8211; Espagne 1960<\/p>\n<p><strong>Dimensions<\/strong><\/p>\n<p><strong>cm<\/strong> 61 x 61 x 76 \u2013 36 (assise)<\/p>\n<p><strong>inches<\/strong> 20.02 x 20.02 x 29.92 \u2013 14.17 (assise)<\/p>\n","protected":false},"excerpt":{"rendered":"<p>S\u00e9rie de fauteuils bas en ch\u00eane massif d\u00e9cap\u00e9 et assises paill\u00e9es, gros clous de finition en fer martel\u00e9.<\/p>\n<h3>Prix par unit\u00e9<\/h3>\n<p>Stock: 4 unit\u00e9s<\/p>\n<p>Espagne vers 1960<\/p>\n<p>&nbsp;<\/p>\n<p><strong>Dimensions<\/strong><\/p>\n<p><strong>cm<\/strong> 61 x 61 x 76 \u2013 36 (assise)<\/p>\n<p><strong>inches<\/strong> 20.02 x 20.02 x 29.92 \u2013 14.17 (assise)<\/p>\n","protected":false},"featured_media":38361,"template":"","meta":{"_editorskit_title_hidden":false,"_editorskit_reading_time":0,"_editorskit_is_block_options_detached":false,"_editorskit_block_options_position":"{}","inline_featured_image":false},"product_brand":[],"product_cat":[250,251],"product_tag":[],"class_list":{"0":"post-38408","1":"product","2":"type-product","3":"status-publish","4":"has-post-thumbnail","6":"product_cat-sieges","7":"product_cat-fauteuils","9":"first","10":"instock","11":"shipping-taxable","12":"purchasable","13":"product-type-simple"},"_links":{"self":[{"href":"https:\/\/www.finsdesiecles-artdeco.com\/fr\/wp-json\/wp\/v2\/product\/38408","targetHints":{"allow":["GET"]}}],"collection":[{"href":"https:\/\/www.finsdesiecles-artdeco.com\/fr\/wp-json\/wp\/v2\/product"}],"about":[{"href":"https:\/\/www.finsdesiecles-artdeco.com\/fr\/wp-json\/wp\/v2\/types\/product"}],"wp:featuredmedia":[{"embeddable":true,"href":"https:\/\/www.finsdesiecles-artdeco.com\/fr\/wp-json\/wp\/v2\/media\/38361"}],"wp:attachment":[{"href":"https:\/\/www.finsdesiecles-artdeco.com\/fr\/wp-json\/wp\/v2\/media?parent=38408"}],"wp:term":[{"taxonomy":"product_brand","embeddable":true,"href":"https:\/\/www.finsdesiecles-artdeco.com\/fr\/wp-json\/wp\/v2\/product_brand?post=38408"},{"taxonomy":"product_cat","embeddable":true,"href":"https:\/\/www.finsdesiecles-artdeco.com\/fr\/wp-json\/wp\/v2\/product_cat?post=38408"},{"taxonomy":"product_tag","embeddable":true,"href":"https:\/\/www.finsdesiecles-artdeco.com\/fr\/wp-json\/wp\/v2\/product_tag?post=38408"}],"curies":[{"name":"wp","href":"https:\/\/api.w.org\/{rel}","templated":true}]}}

Série de fauteuils bas &#8211; Espagne 1960

<p>Série de fauteuils bas &#8211; Espagne 1960</p>
<p><strong>Dimensions</strong></p>
<p><strong>cm</strong> 61 x 61 x 76 – 36 (assise)</p>
<p><strong>inches</strong> 20.02 x 20.02 x 29.92 – 14.17 (assise)</p>

<p>Série de fauteuils bas en chêne massif décapé et assises paillées, gros clous de finition en fer martelé.</p>
<h3>Prix par unité</h3>
<p>Stock: 4 unités</p>
<p>Espagne vers 1960</p>
<p>&nbsp;</p>
<p><strong>Dimensions</strong></p>
<p><strong>cm</strong> 61 x 61 x 76 – 36 (assise)</p>
<p><strong>inches</strong> 20.02 x 20.02 x 29.92 – 14.17 (assise)</p>
