{"id":3873,"date":"2017-04-12T17:35:55","date_gmt":"2017-04-12T17:35:55","guid":{"rendered":"https:\/\/www.finsdesiecles-artdeco.com\/?product=vases"},"modified":"2022-10-29T15:22:24","modified_gmt":"2022-10-29T15:22:24","slug":"vase-en-ceramique-par-regil","status":"publish","type":"product","link":"https:\/\/www.finsdesiecles-artdeco.com\/fr\/product\/vase-en-ceramique-par-regil\/","title":{"rendered":"Vase en c\u00e9ramique par R\u00e9gil"},"content":{"rendered":"<p>Vase en c\u00e9ramique par R\u00e9gil<\/p>\n<hr \/>\n<p><b>Dimensions<\/b><\/p>\n<ul>\n<li><b>cm:<\/b> 23 x 21 x 39<\/li>\n<li><b>inches:<\/b> 9.06 x 8.27 x 15.35<\/li>\n<\/ul>\n","protected":false},"excerpt":{"rendered":"<p>Spectaculaire vase en c\u00e9ramique verniss\u00e9e \u00e0 d\u00e9cor de coquillages et \u00e9toiles de mer.<\/p>\n<p>Signature R\u00e9gil.<\/p>\n<p>France ou Belgique vers\u00a01960.<\/p>\n<p><b>Dimensions<\/b><\/p>\n<ul>\n<li><b>cm:<\/b> 23 x 21 x 39<\/li>\n<li><b>inches:<\/b> 9.06 x 8.27 x 15.35<\/li>\n<\/ul>\n","protected":false},"featured_media":3863,"template":"","meta":{"_editorskit_title_hidden":false,"_editorskit_reading_time":0,"_editorskit_is_block_options_detached":false,"_editorskit_block_options_position":"{}","inline_featured_image":false},"product_brand":[],"product_cat":[267,462],"product_tag":[],"class_list":{"0":"post-3873","1":"product","2":"type-product","3":"status-publish","4":"has-post-thumbnail","6":"product_cat-objets-et-accessoires","7":"product_cat-ceramiques","9":"first","10":"instock","11":"purchasable","12":"product-type-simple"},"_links":{"self":[{"href":"https:\/\/www.finsdesiecles-artdeco.com\/fr\/wp-json\/wp\/v2\/product\/3873","targetHints":{"allow":["GET"]}}],"collection":[{"href":"https:\/\/www.finsdesiecles-artdeco.com\/fr\/wp-json\/wp\/v2\/product"}],"about":[{"href":"https:\/\/www.finsdesiecles-artdeco.com\/fr\/wp-json\/wp\/v2\/types\/product"}],"wp:featuredmedia":[{"embeddable":true,"href":"https:\/\/www.finsdesiecles-artdeco.com\/fr\/wp-json\/wp\/v2\/media\/3863"}],"wp:attachment":[{"href":"https:\/\/www.finsdesiecles-artdeco.com\/fr\/wp-json\/wp\/v2\/media?parent=3873"}],"wp:term":[{"taxonomy":"product_brand","embeddable":true,"href":"https:\/\/www.finsdesiecles-artdeco.com\/fr\/wp-json\/wp\/v2\/product_brand?post=3873"},{"taxonomy":"product_cat","embeddable":true,"href":"https:\/\/www.finsdesiecles-artdeco.com\/fr\/wp-json\/wp\/v2\/product_cat?post=3873"},{"taxonomy":"product_tag","embeddable":true,"href":"https:\/\/www.finsdesiecles-artdeco.com\/fr\/wp-json\/wp\/v2\/product_tag?post=3873"}],"curies":[{"name":"wp","href":"https:\/\/api.w.org\/{rel}","templated":true}]}}

Vase en céramique par Régil

<p>Vase en céramique par Régil</p>
<hr />
<p><b>Dimensions</b></p>
<ul>
<li><b>cm:</b> 23 x 21 x 39</li>
<li><b>inches:</b> 9.06 x 8.27 x 15.35</li>
</ul>

<p>Spectaculaire vase en céramique vernissée à décor de coquillages et étoiles de mer.</p>
<p>Signature Régil.</p>
<p>France ou Belgique vers 1960.</p>
<p><b>Dimensions</b></p>
<ul>
<li><b>cm:</b> 23 x 21 x 39</li>
<li><b>inches:</b> 9.06 x 8.27 x 15.35</li>
</ul>
