{"id":38771,"date":"2025-11-21T18:03:28","date_gmt":"2025-11-21T18:12:16","guid":{"rendered":"https:\/\/www.finsdesiecles-artdeco.com\/?post_type=product&#038;p=38771"},"modified":"2025-11-21T18:12:16","modified_gmt":"2025-11-21T18:12:16","slug":"coiffeuse-cubiste-art-deco-barcelone-1930","status":"publish","type":"product","link":"https:\/\/www.finsdesiecles-artdeco.com\/fr\/product\/coiffeuse-cubiste-art-deco-barcelone-1930\/","title":{"rendered":"Coiffeuse cubiste Art D\u00e9co &#8211; Barcelone 1930"},"content":{"rendered":"<p>Coiffeuse cubiste Art D\u00e9co &#8211; Barcelone 1930<\/p>\n<p><strong>Dimensions<\/strong><\/p>\n<p><strong>cm<\/strong> 125 x 38 (34,5 + 3,5 poign\u00e9es) x 156,5 (62 bas + 94,5 miroir)<\/p>\n<p><strong>inches<\/strong> 49.21 x 14.96 (13.58 + 1.38 poign\u00e9es) x 61.61 (24.41 bas+ 37.20 miroir)<\/p>\n<p><strong>Miroir<\/strong><\/p>\n<p><strong>cm<\/strong> Encadrement 94,5 x 94,5 Miroir Diam 78<\/p>\n<p><strong>inches<\/strong> Encadrement 37.20 x 37,20 Miroir Diam 30.71<\/p>\n","protected":false},"excerpt":{"rendered":"<p>Coiffeuse Art D\u00e9co cubiste en h\u00eatre massif plaqu\u00e9 de noyer, miroir biseaut\u00e9 original, poign\u00e9es teint\u00e9es noir, finition cir\u00e9e. D\u00e9montable.<\/p>\n<p>Espagne, Barcelone 1930<\/p>\n<p>&nbsp;<\/p>\n<p><strong>Dimensions<\/strong><\/p>\n<p><strong>cm<\/strong> 125 x 38 (34,5 + 3,5 poign\u00e9es) x 156,5 (62 bas + 94,5 miroir)<\/p>\n<p><strong>inches<\/strong> 49.21 x 14.96 (13.58 + 1.38 poign\u00e9es) x 61.61 (24.41 bas+ 37.20 miroir)<\/p>\n<p><strong>Miroir<\/strong><\/p>\n<p><strong>cm<\/strong> Encadrement 94,5 x 94,5 Miroir Diam 78<\/p>\n<p><strong>inches<\/strong> Encadrement 37.20 x 37,20 Miroir Diam 30.71<\/p>\n","protected":false},"featured_media":38738,"template":"","meta":{"_editorskit_title_hidden":false,"_editorskit_reading_time":0,"_editorskit_is_block_options_detached":false,"_editorskit_block_options_position":"{}","inline_featured_image":false},"product_brand":[],"product_cat":[448,276],"product_tag":[],"class_list":{"0":"post-38771","1":"product","2":"type-product","3":"status-publish","4":"has-post-thumbnail","6":"product_cat-coiffeuses","7":"product_cat-auxiliaires","9":"first","10":"instock","11":"shipping-taxable","12":"purchasable","13":"product-type-simple"},"_links":{"self":[{"href":"https:\/\/www.finsdesiecles-artdeco.com\/fr\/wp-json\/wp\/v2\/product\/38771","targetHints":{"allow":["GET"]}}],"collection":[{"href":"https:\/\/www.finsdesiecles-artdeco.com\/fr\/wp-json\/wp\/v2\/product"}],"about":[{"href":"https:\/\/www.finsdesiecles-artdeco.com\/fr\/wp-json\/wp\/v2\/types\/product"}],"wp:featuredmedia":[{"embeddable":true,"href":"https:\/\/www.finsdesiecles-artdeco.com\/fr\/wp-json\/wp\/v2\/media\/38738"}],"wp:attachment":[{"href":"https:\/\/www.finsdesiecles-artdeco.com\/fr\/wp-json\/wp\/v2\/media?parent=38771"}],"wp:term":[{"taxonomy":"product_brand","embeddable":true,"href":"https:\/\/www.finsdesiecles-artdeco.com\/fr\/wp-json\/wp\/v2\/product_brand?post=38771"},{"taxonomy":"product_cat","embeddable":true,"href":"https:\/\/www.finsdesiecles-artdeco.com\/fr\/wp-json\/wp\/v2\/product_cat?post=38771"},{"taxonomy":"product_tag","embeddable":true,"href":"https:\/\/www.finsdesiecles-artdeco.com\/fr\/wp-json\/wp\/v2\/product_tag?post=38771"}],"curies":[{"name":"wp","href":"https:\/\/api.w.org\/{rel}","templated":true}]}}

Coiffeuse cubiste Art Déco &#8211; Barcelone 1930

<p>Coiffeuse cubiste Art Déco &#8211; Barcelone 1930</p>
<p><strong>Dimensions</strong></p>
<p><strong>cm</strong> 125 x 38 (34,5 + 3,5 poignées) x 156,5 (62 bas + 94,5 miroir)</p>
<p><strong>inches</strong> 49.21 x 14.96 (13.58 + 1.38 poignées) x 61.61 (24.41 bas+ 37.20 miroir)</p>
<p><strong>Miroir</strong></p>
<p><strong>cm</strong> Encadrement 94,5 x 94,5 Miroir Diam 78</p>
<p><strong>inches</strong> Encadrement 37.20 x 37,20 Miroir Diam 30.71</p>

<p>Coiffeuse Art Déco cubiste en hêtre massif plaqué de noyer, miroir biseauté original, poignées teintées noir, finition cirée. Démontable.</p>
<p>Espagne, Barcelone 1930</p>
<p>&nbsp;</p>
<p><strong>Dimensions</strong></p>
<p><strong>cm</strong> 125 x 38 (34,5 + 3,5 poignées) x 156,5 (62 bas + 94,5 miroir)</p>
<p><strong>inches</strong> 49.21 x 14.96 (13.58 + 1.38 poignées) x 61.61 (24.41 bas+ 37.20 miroir)</p>
<p><strong>Miroir</strong></p>
<p><strong>cm</strong> Encadrement 94,5 x 94,5 Miroir Diam 78</p>
<p><strong>inches</strong> Encadrement 37.20 x 37,20 Miroir Diam 30.71</p>
