{"id":3883,"date":"2017-04-12T18:51:11","date_gmt":"2017-04-12T18:51:11","guid":{"rendered":"https:\/\/www.finsdesiecles-artdeco.com\/?product=fauteuils"},"modified":"2022-10-29T15:15:59","modified_gmt":"2022-10-29T15:15:59","slug":"serie-de-4-fauteuils-par-enrico-ciuti","status":"publish","type":"product","link":"https:\/\/www.finsdesiecles-artdeco.com\/fr\/product\/serie-de-4-fauteuils-par-enrico-ciuti\/","title":{"rendered":"S\u00e9rie de 4 fauteuils par Enrico Ciuti"},"content":{"rendered":"<p>S\u00e9rie de 4 fauteuils par Enrico Ciuti<\/p>\n<hr \/>\n<p><b>Dimensions<\/b><\/p>\n<ul>\n<li><b>cm:<\/b> 49 x 50 x 80 Assise 48<\/li>\n<li><b>inches:<\/b> 19.29 x 19.69 x 31.5 Assise 18.9<\/li>\n<\/ul>\n","protected":false},"excerpt":{"rendered":"<p>S\u00e9rie de 4 petits fauteuils en h\u00eatre courb\u00e9, teint\u00e9 et vernis. Garnissage et tapisserie en lin rose refaits \u00e0 neuf.<\/p>\n<p>Design Enrico Ciuti.<\/p>\n<p>Italie vers 1960<\/p>\n<p><b>Dimensions<\/b><\/p>\n<ul>\n<li><b>cm:<\/b> 49 x 50 x 80 Assise 48<\/li>\n<li><b>inches:<\/b> 19.29 x 19.69 x 31.5 Assise 18.9<\/li>\n<\/ul>\n","protected":false},"featured_media":3876,"template":"","meta":{"_editorskit_title_hidden":false,"_editorskit_reading_time":0,"_editorskit_is_block_options_detached":false,"_editorskit_block_options_position":"{}","inline_featured_image":false},"product_brand":[],"product_cat":[250,251],"product_tag":[],"class_list":{"0":"post-3883","1":"product","2":"type-product","3":"status-publish","4":"has-post-thumbnail","6":"product_cat-sieges","7":"product_cat-fauteuils","9":"first","10":"instock","11":"purchasable","12":"product-type-simple"},"_links":{"self":[{"href":"https:\/\/www.finsdesiecles-artdeco.com\/fr\/wp-json\/wp\/v2\/product\/3883","targetHints":{"allow":["GET"]}}],"collection":[{"href":"https:\/\/www.finsdesiecles-artdeco.com\/fr\/wp-json\/wp\/v2\/product"}],"about":[{"href":"https:\/\/www.finsdesiecles-artdeco.com\/fr\/wp-json\/wp\/v2\/types\/product"}],"wp:featuredmedia":[{"embeddable":true,"href":"https:\/\/www.finsdesiecles-artdeco.com\/fr\/wp-json\/wp\/v2\/media\/3876"}],"wp:attachment":[{"href":"https:\/\/www.finsdesiecles-artdeco.com\/fr\/wp-json\/wp\/v2\/media?parent=3883"}],"wp:term":[{"taxonomy":"product_brand","embeddable":true,"href":"https:\/\/www.finsdesiecles-artdeco.com\/fr\/wp-json\/wp\/v2\/product_brand?post=3883"},{"taxonomy":"product_cat","embeddable":true,"href":"https:\/\/www.finsdesiecles-artdeco.com\/fr\/wp-json\/wp\/v2\/product_cat?post=3883"},{"taxonomy":"product_tag","embeddable":true,"href":"https:\/\/www.finsdesiecles-artdeco.com\/fr\/wp-json\/wp\/v2\/product_tag?post=3883"}],"curies":[{"name":"wp","href":"https:\/\/api.w.org\/{rel}","templated":true}]}}

Série de 4 fauteuils par Enrico Ciuti

<p>Série de 4 fauteuils par Enrico Ciuti</p>
<hr />
<p><b>Dimensions</b></p>
<ul>
<li><b>cm:</b> 49 x 50 x 80 Assise 48</li>
<li><b>inches:</b> 19.29 x 19.69 x 31.5 Assise 18.9</li>
</ul>

<p>Série de 4 petits fauteuils en hêtre courbé, teinté et vernis. Garnissage et tapisserie en lin rose refaits à neuf.</p>
<p>Design Enrico Ciuti.</p>
<p>Italie vers 1960</p>
<p><b>Dimensions</b></p>
<ul>
<li><b>cm:</b> 49 x 50 x 80 Assise 48</li>
<li><b>inches:</b> 19.29 x 19.69 x 31.5 Assise 18.9</li>
</ul>
